--
-- Host: 127.0.0.1    Database: archielite_jobbox
-- ------------------------------------------------------


--
-- Table structure for table `activations`
--

CREATE TABLE `activations` (
  `id` bigint unsigned NOT NULL AUTO_INCREMENT,
  `user_id` bigint unsigned NOT NULL,
  `code` varchar(120) COLLATE utf8mb4_unicode_ci NOT NULL,
  `completed` tinyint(1) NOT NULL DEFAULT '0',
  `completed_at` timestamp NULL DEFAULT NULL,
  `created_at` timestamp NULL DEFAULT NULL,
  `updated_at` timestamp NULL DEFAULT NULL,
  PRIMARY KEY (`id`),
  KEY `activations_user_id_index` (`user_id`)
) ENGINE=InnoDB AUTO_INCREMENT=2 DEFAULT CHARSET=utf8mb4 COLLATE=utf8mb4_unicode_ci;

--
-- Dumping data for table `activations`
--

INSERT INTO `activations` VALUES (1,1,'j5Cls5M9PJZiPZHRSOV1Vd3DHWtktb9O',1,'2024-09-18 03:10:42','2024-09-18 03:10:42','2024-09-18 03:10:42');

--
-- Table structure for table `admin_notifications`
--

CREATE TABLE `admin_notifications` (
  `id` bigint unsigned NOT NULL AUTO_INCREMENT,
  `title` varchar(191) COLLATE utf8mb4_unicode_ci NOT NULL,
  `action_label` varchar(191) COLLATE utf8mb4_unicode_ci DEFAULT NULL,
  `action_url` varchar(191) COLLATE utf8mb4_unicode_ci DEFAULT NULL,
  `description` varchar(400) COLLATE utf8mb4_unicode_ci DEFAULT NULL,
  `read_at` timestamp NULL DEFAULT NULL,
  `created_at` timestamp NULL DEFAULT NULL,
  `updated_at` timestamp NULL DEFAULT NULL,
  `permission` varchar(191) COLLATE utf8mb4_unicode_ci DEFAULT NULL,
  PRIMARY KEY (`id`)
) ENGINE=InnoDB DEFAULT CHARSET=utf8mb4 COLLATE=utf8mb4_unicode_ci;

--
-- Dumping data for table `admin_notifications`
--


--
-- Table structure for table `ads`
--

CREATE TABLE `ads` (
  `id` bigint unsigned NOT NULL AUTO_INCREMENT,
  `name` varchar(191) COLLATE utf8mb4_unicode_ci NOT NULL,
  `expired_at` datetime DEFAULT NULL,
  `location` varchar(120) COLLATE utf8mb4_unicode_ci DEFAULT NULL,
  `key` varchar(120) COLLATE utf8mb4_unicode_ci NOT NULL,
  `image` varchar(191) COLLATE utf8mb4_unicode_ci DEFAULT NULL,
  `url` varchar(191) COLLATE utf8mb4_unicode_ci DEFAULT NULL,
  `clicked` bigint NOT NULL DEFAULT '0',
  `order` int DEFAULT '0',
  `status` varchar(60) COLLATE utf8mb4_unicode_ci NOT NULL DEFAULT 'published',
  `created_at` timestamp NULL DEFAULT NULL,
  `updated_at` timestamp NULL DEFAULT NULL,
  `open_in_new_tab` tinyint(1) NOT NULL DEFAULT '1',
  `tablet_image` varchar(191) COLLATE utf8mb4_unicode_ci DEFAULT NULL,
  `mobile_image` varchar(191) COLLATE utf8mb4_unicode_ci DEFAULT NULL,
  `ads_type` varchar(191) COLLATE utf8mb4_unicode_ci DEFAULT NULL,
  `google_adsense_slot_id` varchar(191) COLLATE utf8mb4_unicode_ci DEFAULT NULL,
  PRIMARY KEY (`id`),
  UNIQUE KEY `ads_key_unique` (`key`)
) ENGINE=InnoDB DEFAULT CHARSET=utf8mb4 COLLATE=utf8mb4_unicode_ci;

--
-- Dumping data for table `ads`
--


--
-- Table structure for table `ads_translations`
--

CREATE TABLE `ads_translations` (
  `lang_code` varchar(191) COLLATE utf8mb4_unicode_ci NOT NULL,
  `ads_id` bigint unsigned NOT NULL,
  `name` varchar(191) COLLATE utf8mb4_unicode_ci DEFAULT NULL,
  `image` varchar(191) COLLATE utf8mb4_unicode_ci DEFAULT NULL,
  `url` varchar(191) COLLATE utf8mb4_unicode_ci DEFAULT NULL,
  PRIMARY KEY (`lang_code`,`ads_id`)
) ENGINE=InnoDB DEFAULT CHARSET=utf8mb4 COLLATE=utf8mb4_unicode_ci;

--
-- Dumping data for table `ads_translations`
--


--
-- Table structure for table `audit_histories`
--

CREATE TABLE `audit_histories` (
  `id` bigint unsigned NOT NULL AUTO_INCREMENT,
  `user_id` bigint unsigned NOT NULL,
  `module` varchar(60) COLLATE utf8mb4_unicode_ci NOT NULL,
  `request` longtext COLLATE utf8mb4_unicode_ci,
  `action` varchar(120) COLLATE utf8mb4_unicode_ci NOT NULL,
  `user_agent` text COLLATE utf8mb4_unicode_ci,
  `ip_address` varchar(45) COLLATE utf8mb4_unicode_ci DEFAULT NULL,
  `reference_user` bigint unsigned NOT NULL,
  `reference_id` bigint unsigned NOT NULL,
  `reference_name` varchar(191) COLLATE utf8mb4_unicode_ci NOT NULL,
  `type` varchar(20) COLLATE utf8mb4_unicode_ci NOT NULL,
  `created_at` timestamp NULL DEFAULT NULL,
  `updated_at` timestamp NULL DEFAULT NULL,
  PRIMARY KEY (`id`),
  KEY `audit_histories_user_id_index` (`user_id`),
  KEY `audit_histories_module_index` (`module`)
) ENGINE=InnoDB DEFAULT CHARSET=utf8mb4 COLLATE=utf8mb4_unicode_ci;

--
-- Dumping data for table `audit_histories`
--


--
-- Table structure for table `categories`
--

CREATE TABLE `categories` (
  `id` bigint unsigned NOT NULL AUTO_INCREMENT,
  `name` varchar(120) COLLATE utf8mb4_unicode_ci NOT NULL,
  `parent_id` bigint unsigned NOT NULL DEFAULT '0',
  `description` varchar(400) COLLATE utf8mb4_unicode_ci DEFAULT NULL,
  `status` varchar(60) COLLATE utf8mb4_unicode_ci NOT NULL DEFAULT 'published',
  `author_id` bigint unsigned DEFAULT NULL,
  `author_type` varchar(191) COLLATE utf8mb4_unicode_ci NOT NULL DEFAULT 'Botble\\ACL\\Models\\User',
  `icon` varchar(60) COLLATE utf8mb4_unicode_ci DEFAULT NULL,
  `order` int unsigned NOT NULL DEFAULT '0',
  `is_featured` tinyint NOT NULL DEFAULT '0',
  `is_default` tinyint unsigned NOT NULL DEFAULT '0',
  `created_at` timestamp NULL DEFAULT NULL,
  `updated_at` timestamp NULL DEFAULT NULL,
  PRIMARY KEY (`id`),
  KEY `categories_parent_id_index` (`parent_id`),
  KEY `categories_status_index` (`status`),
  KEY `categories_created_at_index` (`created_at`)
) ENGINE=InnoDB AUTO_INCREMENT=8 DEFAULT CHARSET=utf8mb4 COLLATE=utf8mb4_unicode_ci;

--
-- Dumping data for table `categories`
--

INSERT INTO `categories` VALUES (1,'Design',0,'Soluta voluptate architecto sit dolor. Exercitationem tenetur aliquid voluptate aut nulla dignissimos consequatur. Eos qui excepturi at optio voluptatem.','published',NULL,'Botble\\ACL\\Models\\User',NULL,0,0,1,'2024-09-18 03:10:46','2024-09-18 03:10:46'),(2,'Lifestyle',0,'Non molestiae minima omnis consequatur molestiae omnis ipsa. Accusamus officiis blanditiis nemo odit officiis qui non. Et ea quia facilis inventore impedit nam eum qui.','published',NULL,'Botble\\ACL\\Models\\User',NULL,0,1,0,'2024-09-18 03:10:46','2024-09-18 03:10:46'),(3,'Travel Tips',2,'Fuga numquam quisquam deserunt in. Ullam minima qui odio. Exercitationem molestiae eum voluptatem quidem eveniet impedit. Eos suscipit voluptatibus ducimus fugiat nihil quisquam.','published',NULL,'Botble\\ACL\\Models\\User',NULL,0,0,0,'2024-09-18 03:10:46','2024-09-18 03:10:46'),(4,'Healthy',0,'Temporibus sint alias labore modi autem consequatur. Culpa repellendus tempora qui incidunt. Cum optio dolores voluptatum ut quis quod. Quibusdam alias aut a non.','published',NULL,'Botble\\ACL\\Models\\User',NULL,0,1,0,'2024-09-18 03:10:46','2024-09-18 03:10:46'),(5,'Travel Tips',4,'Et omnis ex vero facilis. Ipsum rerum voluptates possimus alias aut. Quos laudantium fugit voluptatem quidem voluptates.','published',NULL,'Botble\\ACL\\Models\\User',NULL,0,0,0,'2024-09-18 03:10:46','2024-09-18 03:10:46'),(6,'Hotel',0,'Cumque iste vero quisquam voluptas rerum. Molestias nihil asperiores sit corrupti nihil aut rem. Repellendus quod dolorum error ut et voluptatem molestias. Quam quis omnis quas et quia.','published',NULL,'Botble\\ACL\\Models\\User',NULL,0,1,0,'2024-09-18 03:10:46','2024-09-18 03:10:46'),(7,'Nature',6,'Esse eos error voluptatem ducimus odio assumenda. Culpa ratione in vel sit. Quidem iste voluptatem id omnis voluptatum quasi vero.','published',NULL,'Botble\\ACL\\Models\\User',NULL,0,0,0,'2024-09-18 03:10:46','2024-09-18 03:10:46');

--
-- Table structure for table `categories_translations`
--

CREATE TABLE `categories_translations` (
  `lang_code` varchar(20) COLLATE utf8mb4_unicode_ci NOT NULL,
  `categories_id` bigint unsigned NOT NULL,
  `name` varchar(191) COLLATE utf8mb4_unicode_ci DEFAULT NULL,
  `description` varchar(400) COLLATE utf8mb4_unicode_ci DEFAULT NULL,
  PRIMARY KEY (`lang_code`,`categories_id`)
) ENGINE=InnoDB DEFAULT CHARSET=utf8mb4 COLLATE=utf8mb4_unicode_ci;

--
-- Dumping data for table `categories_translations`
--


--
-- Table structure for table `cities`
--

CREATE TABLE `cities` (
  `id` bigint unsigned NOT NULL AUTO_INCREMENT,
  `name` varchar(120) COLLATE utf8mb4_unicode_ci NOT NULL,
  `slug` varchar(120) COLLATE utf8mb4_unicode_ci DEFAULT NULL,
  `state_id` bigint unsigned DEFAULT NULL,
  `country_id` bigint unsigned DEFAULT NULL,
  `record_id` varchar(40) COLLATE utf8mb4_unicode_ci DEFAULT NULL,
  `order` tinyint NOT NULL DEFAULT '0',
  `image` varchar(191) COLLATE utf8mb4_unicode_ci DEFAULT NULL,
  `is_default` tinyint unsigned NOT NULL DEFAULT '0',
  `status` varchar(60) COLLATE utf8mb4_unicode_ci NOT NULL DEFAULT 'published',
  `created_at` timestamp NULL DEFAULT NULL,
  `updated_at` timestamp NULL DEFAULT NULL,
  PRIMARY KEY (`id`),
  UNIQUE KEY `cities_slug_unique` (`slug`)
) ENGINE=InnoDB AUTO_INCREMENT=7 DEFAULT CHARSET=utf8mb4 COLLATE=utf8mb4_unicode_ci;

--
-- Dumping data for table `cities`
--

INSERT INTO `cities` VALUES (1,'Paris','paris',1,1,NULL,0,'locations/location1.png',0,'published','2024-09-18 03:10:50','2024-09-18 03:10:50'),(2,'London','london',2,2,NULL,0,'locations/location2.png',0,'published','2024-09-18 03:10:50','2024-09-18 03:10:50'),(3,'New York','new-york',3,3,NULL,0,'locations/location3.png',0,'published','2024-09-18 03:10:50','2024-09-18 03:10:50'),(4,'New York','new-york-1',4,4,NULL,0,'locations/location4.png',0,'published','2024-09-18 03:10:50','2024-09-18 03:10:50'),(5,'Copenhagen','copenhagen',5,5,NULL,0,'locations/location5.png',0,'published','2024-09-18 03:10:50','2024-09-18 03:10:50'),(6,'Berlin','berlin',6,6,NULL,0,'locations/location6.png',0,'published','2024-09-18 03:10:50','2024-09-18 03:10:50');

--
-- Table structure for table `cities_translations`
--

CREATE TABLE `cities_translations` (
  `lang_code` varchar(20) COLLATE utf8mb4_unicode_ci NOT NULL,
  `cities_id` bigint unsigned NOT NULL,
  `name` varchar(120) COLLATE utf8mb4_unicode_ci DEFAULT NULL,
  `slug` varchar(120) COLLATE utf8mb4_unicode_ci DEFAULT NULL,
  PRIMARY KEY (`lang_code`,`cities_id`)
) ENGINE=InnoDB DEFAULT CHARSET=utf8mb4 COLLATE=utf8mb4_unicode_ci;

--
-- Dumping data for table `cities_translations`
--


--
-- Table structure for table `contact_custom_field_options`
--

CREATE TABLE `contact_custom_field_options` (
  `id` bigint unsigned NOT NULL AUTO_INCREMENT,
  `custom_field_id` bigint unsigned NOT NULL,
  `label` varchar(191) COLLATE utf8mb4_unicode_ci DEFAULT NULL,
  `value` varchar(191) COLLATE utf8mb4_unicode_ci NOT NULL,
  `order` int NOT NULL DEFAULT '999',
  `created_at` timestamp NULL DEFAULT NULL,
  `updated_at` timestamp NULL DEFAULT NULL,
  PRIMARY KEY (`id`)
) ENGINE=InnoDB DEFAULT CHARSET=utf8mb4 COLLATE=utf8mb4_unicode_ci;

--
-- Dumping data for table `contact_custom_field_options`
--


--
-- Table structure for table `contact_custom_field_options_translations`
--

CREATE TABLE `contact_custom_field_options_translations` (
  `contact_custom_field_options_id` bigint unsigned NOT NULL,
  `lang_code` varchar(191) COLLATE utf8mb4_unicode_ci NOT NULL,
  `label` varchar(191) COLLATE utf8mb4_unicode_ci DEFAULT NULL,
  `value` varchar(191) COLLATE utf8mb4_unicode_ci DEFAULT NULL,
  PRIMARY KEY (`lang_code`,`contact_custom_field_options_id`)
) ENGINE=InnoDB DEFAULT CHARSET=utf8mb4 COLLATE=utf8mb4_unicode_ci;

--
-- Dumping data for table `contact_custom_field_options_translations`
--


--
-- Table structure for table `contact_custom_fields`
--

CREATE TABLE `contact_custom_fields` (
  `id` bigint unsigned NOT NULL AUTO_INCREMENT,
  `type` varchar(191) COLLATE utf8mb4_unicode_ci NOT NULL,
  `required` tinyint(1) NOT NULL DEFAULT '0',
  `name` varchar(191) COLLATE utf8mb4_unicode_ci NOT NULL,
  `placeholder` varchar(191) COLLATE utf8mb4_unicode_ci DEFAULT NULL,
  `order` int NOT NULL DEFAULT '999',
  `status` varchar(191) COLLATE utf8mb4_unicode_ci NOT NULL DEFAULT 'published',
  `created_at` timestamp NULL DEFAULT NULL,
  `updated_at` timestamp NULL DEFAULT NULL,
  PRIMARY KEY (`id`)
) ENGINE=InnoDB DEFAULT CHARSET=utf8mb4 COLLATE=utf8mb4_unicode_ci;

--
-- Dumping data for table `contact_custom_fields`
--


--
-- Table structure for table `contact_custom_fields_translations`
--

CREATE TABLE `contact_custom_fields_translations` (
  `contact_custom_fields_id` bigint unsigned NOT NULL,
  `lang_code` varchar(191) COLLATE utf8mb4_unicode_ci NOT NULL,
  `name` varchar(191) COLLATE utf8mb4_unicode_ci DEFAULT NULL,
  `placeholder` varchar(191) COLLATE utf8mb4_unicode_ci DEFAULT NULL,
  PRIMARY KEY (`lang_code`,`contact_custom_fields_id`)
) ENGINE=InnoDB DEFAULT CHARSET=utf8mb4 COLLATE=utf8mb4_unicode_ci;

--
-- Dumping data for table `contact_custom_fields_translations`
--


--
-- Table structure for table `contact_replies`
--

CREATE TABLE `contact_replies` (
  `id` bigint unsigned NOT NULL AUTO_INCREMENT,
  `message` longtext COLLATE utf8mb4_unicode_ci NOT NULL,
  `contact_id` bigint unsigned NOT NULL,
  `created_at` timestamp NULL DEFAULT NULL,
  `updated_at` timestamp NULL DEFAULT NULL,
  PRIMARY KEY (`id`)
) ENGINE=InnoDB DEFAULT CHARSET=utf8mb4 COLLATE=utf8mb4_unicode_ci;

--
-- Dumping data for table `contact_replies`
--


--
-- Table structure for table `contacts`
--

CREATE TABLE `contacts` (
  `id` bigint unsigned NOT NULL AUTO_INCREMENT,
  `name` varchar(60) COLLATE utf8mb4_unicode_ci NOT NULL,
  `email` varchar(60) COLLATE utf8mb4_unicode_ci DEFAULT NULL,
  `phone` varchar(60) COLLATE utf8mb4_unicode_ci DEFAULT NULL,
  `address` varchar(120) COLLATE utf8mb4_unicode_ci DEFAULT NULL,
  `subject` varchar(120) COLLATE utf8mb4_unicode_ci DEFAULT NULL,
  `content` longtext COLLATE utf8mb4_unicode_ci NOT NULL,
  `custom_fields` text COLLATE utf8mb4_unicode_ci,
  `status` varchar(60) COLLATE utf8mb4_unicode_ci NOT NULL DEFAULT 'unread',
  `created_at` timestamp NULL DEFAULT NULL,
  `updated_at` timestamp NULL DEFAULT NULL,
  PRIMARY KEY (`id`)
) ENGINE=InnoDB AUTO_INCREMENT=11 DEFAULT CHARSET=utf8mb4 COLLATE=utf8mb4_unicode_ci;

--
-- Dumping data for table `contacts`
--

INSERT INTO `contacts` VALUES (1,'Dr. Julianne Schneider','mwiegand@example.org','+13866740246','7837 Champlin Pine Apt. 110\nImafurt, HI 86567-8566','Aut adipisci et sequi reiciendis quas.','Delectus esse totam laborum consequuntur ut. Odit mollitia voluptas veritatis. Quis et sit nobis ex. Aliquid minus fuga porro officiis. Rerum voluptatum nesciunt suscipit voluptates qui. Reprehenderit cumque ratione ut cumque quidem sit adipisci. Aut cupiditate et est at enim. Minus in magnam voluptatem culpa eos repudiandae. Commodi necessitatibus exercitationem ut consequatur.',NULL,'read','2024-09-18 03:10:47','2024-09-18 03:10:47'),(2,'Dr. Jacey Stanton','remington15@example.net','+15802408539','55627 Karianne Cape Suite 567\nKertzmannshire, DE 70043-5731','Sit non minima cumque autem excepturi.','Dolorum corrupti recusandae odit animi rerum ad deserunt. Ea quis asperiores enim vitae facere maiores quisquam. Et repudiandae sunt ex nobis beatae reprehenderit commodi. Minima velit velit esse exercitationem nobis. Odio illum ea ipsa quia enim nemo aperiam. Rerum enim quam dolor sint. Quis voluptatem aut exercitationem. Ut nam omnis expedita placeat repellendus numquam. Corporis consequatur quaerat est optio consequatur consectetur. Debitis maiores enim repellat in non quae.',NULL,'read','2024-09-18 03:10:47','2024-09-18 03:10:47'),(3,'Gunnar Schowalter','abarton@example.net','+18283426518','718 Evangeline Plain Suite 787\nMazietown, UT 42502-6338','Quod sapiente ut dolor et sint.','Necessitatibus commodi et voluptas quasi est dolores. Sequi asperiores recusandae rerum iste. Veniam illo sit sapiente fugit aspernatur et quaerat dolor. Voluptatem est eaque velit doloribus laudantium consectetur dolorem. Nemo natus architecto possimus rerum. Rerum eum dignissimos soluta molestiae quam.',NULL,'read','2024-09-18 03:10:47','2024-09-18 03:10:47'),(4,'Jesus Pollich','reichert.alec@example.com','+12818206838','5663 Kenny Walks\nPort Ewaldberg, NV 12695-6482','Perspiciatis dolores omnis ut a.','Accusantium nostrum et dolorem ut autem debitis. Enim beatae molestiae commodi tempora quasi eligendi velit. Eum harum et ad dolor eligendi est consequuntur. Eos omnis aspernatur ratione odit consequatur nisi quo. Occaecati non labore nemo. Adipisci aspernatur neque possimus asperiores vel ipsum. Non et optio quia fuga iusto eos. Dolores est sed ullam accusamus voluptatibus.',NULL,'unread','2024-09-18 03:10:47','2024-09-18 03:10:47'),(5,'Dr. Adella Casper DDS','catharine95@example.org','+17696806215','7007 Meghan Forge Suite 052\nEast Lawrenceland, DE 50343-5644','Distinctio quasi sequi vero eveniet.','Ut assumenda officiis ad voluptas ea. Non esse architecto corporis molestias voluptas. Velit unde excepturi voluptatem. Magnam et distinctio amet. Quo occaecati quisquam laborum eveniet est. Unde mollitia repellendus voluptatem sit. Vel nihil quis fugiat. Aut aspernatur ut rerum non. Cupiditate a dolores impedit voluptatum quis voluptas. Reprehenderit quia molestiae doloremque quod qui fuga labore.',NULL,'unread','2024-09-18 03:10:47','2024-09-18 03:10:47'),(6,'Mr. Caesar Gibson','timmy.flatley@example.com','+17857807447','188 Bahringer Crest\nPort Roosevelt, TN 53414-7875','Fugit et rerum fugit id omnis dolorem.','Autem doloremque sequi recusandae totam laborum nobis. Et est inventore placeat aliquid. Deserunt repellendus doloremque dolore corrupti animi non accusantium. Voluptas voluptates dolorem totam. Hic modi et ut molestiae. Est voluptatem aliquam maiores assumenda ut sit. Et dolorum dolores cupiditate nulla est. Sit et minus explicabo placeat est aliquid velit. Reprehenderit ut vel vitae dolor expedita consequatur vel.',NULL,'unread','2024-09-18 03:10:47','2024-09-18 03:10:47'),(7,'Stephen Olson MD','elva27@example.com','+18205810449','15897 Isaiah Fort\nEast Precious, NM 08577','A vel et eius aut numquam et mollitia.','Rerum veniam reprehenderit et facere blanditiis. Est sapiente quaerat quia velit perferendis. Deserunt eaque voluptas fugiat in molestiae. Esse dolore et doloremque sequi nobis fugit dolorem. Et ad ut est assumenda facilis quasi. Quasi incidunt fugit eos neque. Omnis veritatis dignissimos ut nam. Praesentium exercitationem et ut aut. Dolorem quia quo suscipit. Omnis perferendis eveniet harum vel. Nemo facere animi cupiditate vitae nihil qui. Ex neque excepturi tempore quo ex quisquam similique.',NULL,'read','2024-09-18 03:10:47','2024-09-18 03:10:47'),(8,'Cayla Schmitt','dorris.cartwright@example.net','+15346590722','574 Wilkinson Route\nNew Morganfort, WA 83868','Non qui recusandae debitis.','Ut quibusdam nisi cumque quia. Quaerat corrupti perferendis quidem quis. Dolorum quis aperiam expedita deleniti. Veritatis et cumque aut omnis voluptas ut eum nesciunt. Cum aut tenetur eos ipsa nisi officia est quas. Et asperiores ut corrupti at. Distinctio quos quasi consectetur animi omnis non et. Voluptatibus voluptatem libero est voluptatem. Facilis voluptates voluptatibus et et. Quis iure quisquam quos enim sint aut eum. Blanditiis deserunt eius et culpa quibusdam fugiat quo.',NULL,'unread','2024-09-18 03:10:47','2024-09-18 03:10:47'),(9,'Sage Harber','dorthy.hand@example.net','+19409619822','6821 Angelo Shore\nProsaccostad, MS 34678-3738','In vitae sunt enim.','Repellat illum in eligendi vitae tempora minima architecto. Et nobis animi perferendis voluptatibus. Omnis ut aut consectetur itaque sed ut. Eligendi ut ducimus deleniti est dicta illo. Corporis dolores possimus suscipit pariatur natus aperiam. Exercitationem eligendi officiis illo nulla eveniet earum consequatur. Quis qui omnis velit repellendus quia sint quasi dolorem. Laborum recusandae et vel fugit est exercitationem assumenda.',NULL,'read','2024-09-18 03:10:47','2024-09-18 03:10:47'),(10,'Neal Barrows','jacobson.beth@example.com','+19413267371','5583 Raoul Drive Apt. 680\nNorth Lois, DC 39930','Et laborum nemo velit.','Porro et tempore aut qui voluptatem. Omnis vel qui aut error blanditiis consequatur autem. Culpa et aliquid eos in ex sed cupiditate. Reiciendis deleniti numquam ipsum deserunt voluptatem. Perspiciatis error inventore quo quam iusto iusto. Voluptatem distinctio fugiat ut id deserunt quae. Praesentium provident consequatur fugiat recusandae repudiandae eum. Ab porro exercitationem ducimus veniam ullam. Dolorem esse rerum dolor temporibus.',NULL,'read','2024-09-18 03:10:47','2024-09-18 03:10:47');

--
-- Table structure for table `countries`
--

CREATE TABLE `countries` (
  `id` bigint unsigned NOT NULL AUTO_INCREMENT,
  `name` varchar(120) COLLATE utf8mb4_unicode_ci NOT NULL,
  `nationality` varchar(120) COLLATE utf8mb4_unicode_ci DEFAULT NULL,
  `order` tinyint NOT NULL DEFAULT '0',
  `image` varchar(191) COLLATE utf8mb4_unicode_ci DEFAULT NULL,
  `is_default` tinyint unsigned NOT NULL DEFAULT '0',
  `status` varchar(60) COLLATE utf8mb4_unicode_ci NOT NULL DEFAULT 'published',
  `created_at` timestamp NULL DEFAULT NULL,
  `updated_at` timestamp NULL DEFAULT NULL,
  `code` varchar(10) COLLATE utf8mb4_unicode_ci DEFAULT NULL,
  PRIMARY KEY (`id`)
) ENGINE=InnoDB AUTO_INCREMENT=7 DEFAULT CHARSET=utf8mb4 COLLATE=utf8mb4_unicode_ci;

--
-- Dumping data for table `countries`
--

INSERT INTO `countries` VALUES (1,'France','French',0,NULL,0,'published','2024-09-18 03:10:50',NULL,'FRA'),(2,'England','English',0,NULL,0,'published','2024-09-18 03:10:50',NULL,'UK'),(3,'USA','Americans',0,NULL,0,'published','2024-09-18 03:10:50',NULL,'US'),(4,'Holland','Dutch',0,NULL,0,'published','2024-09-18 03:10:50',NULL,'HL'),(5,'Denmark','Danish',0,NULL,0,'published','2024-09-18 03:10:50',NULL,'DN'),(6,'Germany','Danish',0,NULL,0,'published','2024-09-18 03:10:50',NULL,'DN');

--
-- Table structure for table `countries_translations`
--

CREATE TABLE `countries_translations` (
  `lang_code` varchar(20) COLLATE utf8mb4_unicode_ci NOT NULL,
  `countries_id` bigint unsigned NOT NULL,
  `name` varchar(120) COLLATE utf8mb4_unicode_ci DEFAULT NULL,
  `nationality` varchar(120) COLLATE utf8mb4_unicode_ci DEFAULT NULL,
  PRIMARY KEY (`lang_code`,`countries_id`)
) ENGINE=InnoDB DEFAULT CHARSET=utf8mb4 COLLATE=utf8mb4_unicode_ci;

--
-- Dumping data for table `countries_translations`
--


--
-- Table structure for table `dashboard_widget_settings`
--

CREATE TABLE `dashboard_widget_settings` (
  `id` bigint unsigned NOT NULL AUTO_INCREMENT,
  `settings` text COLLATE utf8mb4_unicode_ci,
  `user_id` bigint unsigned NOT NULL,
  `widget_id` bigint unsigned NOT NULL,
  `order` tinyint unsigned NOT NULL DEFAULT '0',
  `status` tinyint unsigned NOT NULL DEFAULT '1',
  `created_at` timestamp NULL DEFAULT NULL,
  `updated_at` timestamp NULL DEFAULT NULL,
  PRIMARY KEY (`id`),
  KEY `dashboard_widget_settings_user_id_index` (`user_id`),
  KEY `dashboard_widget_settings_widget_id_index` (`widget_id`)
) ENGINE=InnoDB DEFAULT CHARSET=utf8mb4 COLLATE=utf8mb4_unicode_ci;

--
-- Dumping data for table `dashboard_widget_settings`
--


--
-- Table structure for table `dashboard_widgets`
--

CREATE TABLE `dashboard_widgets` (
  `id` bigint unsigned NOT NULL AUTO_INCREMENT,
  `name` varchar(120) COLLATE utf8mb4_unicode_ci NOT NULL,
  `created_at` timestamp NULL DEFAULT NULL,
  `updated_at` timestamp NULL DEFAULT NULL,
  PRIMARY KEY (`id`)
) ENGINE=InnoDB DEFAULT CHARSET=utf8mb4 COLLATE=utf8mb4_unicode_ci;

--
-- Dumping data for table `dashboard_widgets`
--


--
-- Table structure for table `failed_jobs`
--

CREATE TABLE `failed_jobs` (
  `id` bigint unsigned NOT NULL AUTO_INCREMENT,
  `uuid` varchar(191) COLLATE utf8mb4_unicode_ci NOT NULL,
  `connection` text COLLATE utf8mb4_unicode_ci NOT NULL,
  `queue` text COLLATE utf8mb4_unicode_ci NOT NULL,
  `payload` longtext COLLATE utf8mb4_unicode_ci NOT NULL,
  `exception` longtext COLLATE utf8mb4_unicode_ci NOT NULL,
  `failed_at` timestamp NOT NULL DEFAULT CURRENT_TIMESTAMP,
  PRIMARY KEY (`id`),
  UNIQUE KEY `failed_jobs_uuid_unique` (`uuid`)
) ENGINE=InnoDB DEFAULT CHARSET=utf8mb4 COLLATE=utf8mb4_unicode_ci;

--
-- Dumping data for table `failed_jobs`
--


--
-- Table structure for table `faq_categories`
--

CREATE TABLE `faq_categories` (
  `id` bigint unsigned NOT NULL AUTO_INCREMENT,
  `name` varchar(120) COLLATE utf8mb4_unicode_ci NOT NULL,
  `order` tinyint NOT NULL DEFAULT '0',
  `status` varchar(60) COLLATE utf8mb4_unicode_ci NOT NULL DEFAULT 'published',
  `created_at` timestamp NULL DEFAULT NULL,
  `updated_at` timestamp NULL DEFAULT NULL,
  `description` varchar(400) COLLATE utf8mb4_unicode_ci DEFAULT NULL,
  PRIMARY KEY (`id`)
) ENGINE=InnoDB AUTO_INCREMENT=5 DEFAULT CHARSET=utf8mb4 COLLATE=utf8mb4_unicode_ci;

--
-- Dumping data for table `faq_categories`
--

INSERT INTO `faq_categories` VALUES (1,'General',0,'published','2024-09-18 03:11:27','2024-09-18 03:11:27',NULL),(2,'Buying',1,'published','2024-09-18 03:11:27','2024-09-18 03:11:27',NULL),(3,'Payment',2,'published','2024-09-18 03:11:27','2024-09-18 03:11:27',NULL),(4,'Support',3,'published','2024-09-18 03:11:27','2024-09-18 03:11:27',NULL);

--
-- Table structure for table `faq_categories_translations`
--

CREATE TABLE `faq_categories_translations` (
  `lang_code` varchar(20) COLLATE utf8mb4_unicode_ci NOT NULL,
  `faq_categories_id` bigint unsigned NOT NULL,
  `name` varchar(120) COLLATE utf8mb4_unicode_ci DEFAULT NULL,
  PRIMARY KEY (`lang_code`,`faq_categories_id`)
) ENGINE=InnoDB DEFAULT CHARSET=utf8mb4 COLLATE=utf8mb4_unicode_ci;

--
-- Dumping data for table `faq_categories_translations`
--


--
-- Table structure for table `faqs`
--

CREATE TABLE `faqs` (
  `id` bigint unsigned NOT NULL AUTO_INCREMENT,
  `question` text COLLATE utf8mb4_unicode_ci NOT NULL,
  `answer` text COLLATE utf8mb4_unicode_ci NOT NULL,
  `category_id` bigint unsigned NOT NULL,
  `status` varchar(60) COLLATE utf8mb4_unicode_ci NOT NULL DEFAULT 'published',
  `created_at` timestamp NULL DEFAULT NULL,
  `updated_at` timestamp NULL DEFAULT NULL,
  PRIMARY KEY (`id`)
) ENGINE=InnoDB AUTO_INCREMENT=25 DEFAULT CHARSET=utf8mb4 COLLATE=utf8mb4_unicode_ci;

--
-- Dumping data for table `faqs`
--

INSERT INTO `faqs` VALUES (1,'Where does it come from?','If several languages coalesce, the grammar of the resulting language is more simple and regular than that of the individual languages. The new common language will be more simple and regular than the existing European languages.',1,'published','2024-09-18 03:11:27','2024-09-18 03:11:27'),(2,'How JobBox Work?','To an English person, it will seem like simplified English, as a skeptical Cambridge friend of mine told me what Occidental is. The European languages are members of the same family. Their separate existence is a myth.',1,'published','2024-09-18 03:11:27','2024-09-18 03:11:27'),(3,'What is your shipping policy?','Everyone realizes why a new common language would be desirable: one could refuse to pay expensive translators. To achieve this, it would be necessary to have uniform grammar, pronunciation and more common words.',1,'published','2024-09-18 03:11:27','2024-09-18 03:11:27'),(4,'Where To Place A FAQ Page','Just as the name suggests, a FAQ page is all about simple questions and answers. Gather common questions your customers have asked from your support team and include them in the FAQ, Use categories to organize questions related to specific topics.',1,'published','2024-09-18 03:11:27','2024-09-18 03:11:27'),(5,'Why do we use it?','It will be as simple as Occidental; in fact, it will be Occidental. To an English person, it will seem like simplified English, as a skeptical Cambridge friend of mine told me what Occidental.',1,'published','2024-09-18 03:11:27','2024-09-18 03:11:27'),(6,'Where can I get some?','To an English person, it will seem like simplified English, as a skeptical Cambridge friend of mine told me what Occidental is. The European languages are members of the same family. Their separate existence is a myth.',1,'published','2024-09-18 03:11:27','2024-09-18 03:11:27'),(7,'Where does it come from?','If several languages coalesce, the grammar of the resulting language is more simple and regular than that of the individual languages. The new common language will be more simple and regular than the existing European languages.',2,'published','2024-09-18 03:11:27','2024-09-18 03:11:27'),(8,'How JobBox Work?','To an English person, it will seem like simplified English, as a skeptical Cambridge friend of mine told me what Occidental is. The European languages are members of the same family. Their separate existence is a myth.',2,'published','2024-09-18 03:11:27','2024-09-18 03:11:27'),(9,'What is your shipping policy?','Everyone realizes why a new common language would be desirable: one could refuse to pay expensive translators. To achieve this, it would be necessary to have uniform grammar, pronunciation and more common words.',2,'published','2024-09-18 03:11:27','2024-09-18 03:11:27'),(10,'Where To Place A FAQ Page','Just as the name suggests, a FAQ page is all about simple questions and answers. Gather common questions your customers have asked from your support team and include them in the FAQ, Use categories to organize questions related to specific topics.',2,'published','2024-09-18 03:11:27','2024-09-18 03:11:27'),(11,'Why do we use it?','It will be as simple as Occidental; in fact, it will be Occidental. To an English person, it will seem like simplified English, as a skeptical Cambridge friend of mine told me what Occidental.',2,'published','2024-09-18 03:11:27','2024-09-18 03:11:27'),(12,'Where can I get some?','To an English person, it will seem like simplified English, as a skeptical Cambridge friend of mine told me what Occidental is. The European languages are members of the same family. Their separate existence is a myth.',2,'published','2024-09-18 03:11:27','2024-09-18 03:11:27'),(13,'Where does it come from?','If several languages coalesce, the grammar of the resulting language is more simple and regular than that of the individual languages. The new common language will be more simple and regular than the existing European languages.',3,'published','2024-09-18 03:11:27','2024-09-18 03:11:27'),(14,'How JobBox Work?','To an English person, it will seem like simplified English, as a skeptical Cambridge friend of mine told me what Occidental is. The European languages are members of the same family. Their separate existence is a myth.',3,'published','2024-09-18 03:11:27','2024-09-18 03:11:27'),(15,'What is your shipping policy?','Everyone realizes why a new common language would be desirable: one could refuse to pay expensive translators. To achieve this, it would be necessary to have uniform grammar, pronunciation and more common words.',3,'published','2024-09-18 03:11:27','2024-09-18 03:11:27'),(16,'Where To Place A FAQ Page','Just as the name suggests, a FAQ page is all about simple questions and answers. Gather common questions your customers have asked from your support team and include them in the FAQ, Use categories to organize questions related to specific topics.',3,'published','2024-09-18 03:11:27','2024-09-18 03:11:27'),(17,'Why do we use it?','It will be as simple as Occidental; in fact, it will be Occidental. To an English person, it will seem like simplified English, as a skeptical Cambridge friend of mine told me what Occidental.',3,'published','2024-09-18 03:11:27','2024-09-18 03:11:27'),(18,'Where can I get some?','To an English person, it will seem like simplified English, as a skeptical Cambridge friend of mine told me what Occidental is. The European languages are members of the same family. Their separate existence is a myth.',3,'published','2024-09-18 03:11:27','2024-09-18 03:11:27'),(19,'Where does it come from?','If several languages coalesce, the grammar of the resulting language is more simple and regular than that of the individual languages. The new common language will be more simple and regular than the existing European languages.',4,'published','2024-09-18 03:11:27','2024-09-18 03:11:27'),(20,'How JobBox Work?','To an English person, it will seem like simplified English, as a skeptical Cambridge friend of mine told me what Occidental is. The European languages are members of the same family. Their separate existence is a myth.',4,'published','2024-09-18 03:11:27','2024-09-18 03:11:27'),(21,'What is your shipping policy?','Everyone realizes why a new common language would be desirable: one could refuse to pay expensive translators. To achieve this, it would be necessary to have uniform grammar, pronunciation and more common words.',4,'published','2024-09-18 03:11:27','2024-09-18 03:11:27'),(22,'Where To Place A FAQ Page','Just as the name suggests, a FAQ page is all about simple questions and answers. Gather common questions your customers have asked from your support team and include them in the FAQ, Use categories to organize questions related to specific topics.',4,'published','2024-09-18 03:11:27','2024-09-18 03:11:27'),(23,'Why do we use it?','It will be as simple as Occidental; in fact, it will be Occidental. To an English person, it will seem like simplified English, as a skeptical Cambridge friend of mine told me what Occidental.',4,'published','2024-09-18 03:11:27','2024-09-18 03:11:27'),(24,'Where can I get some?','To an English person, it will seem like simplified English, as a skeptical Cambridge friend of mine told me what Occidental is. The European languages are members of the same family. Their separate existence is a myth.',4,'published','2024-09-18 03:11:27','2024-09-18 03:11:27');

--
-- Table structure for table `faqs_translations`
--

CREATE TABLE `faqs_translations` (
  `lang_code` varchar(20) COLLATE utf8mb4_unicode_ci NOT NULL,
  `faqs_id` bigint unsigned NOT NULL,
  `question` text COLLATE utf8mb4_unicode_ci,
  `answer` text COLLATE utf8mb4_unicode_ci,
  PRIMARY KEY (`lang_code`,`faqs_id`)
) ENGINE=InnoDB DEFAULT CHARSET=utf8mb4 COLLATE=utf8mb4_unicode_ci;

--
-- Dumping data for table `faqs_translations`
--


--
-- Table structure for table `galleries`
--

CREATE TABLE `galleries` (
  `id` bigint unsigned NOT NULL AUTO_INCREMENT,
  `name` varchar(120) COLLATE utf8mb4_unicode_ci NOT NULL,
  `description` longtext COLLATE utf8mb4_unicode_ci NOT NULL,
  `is_featured` tinyint unsigned NOT NULL DEFAULT '0',
  `order` tinyint unsigned NOT NULL DEFAULT '0',
  `image` varchar(191) COLLATE utf8mb4_unicode_ci DEFAULT NULL,
  `user_id` bigint unsigned DEFAULT NULL,
  `status` varchar(60) COLLATE utf8mb4_unicode_ci NOT NULL DEFAULT 'published',
  `created_at` timestamp NULL DEFAULT NULL,
  `updated_at` timestamp NULL DEFAULT NULL,
  PRIMARY KEY (`id`),
  KEY `galleries_user_id_index` (`user_id`)
) ENGINE=InnoDB AUTO_INCREMENT=7 DEFAULT CHARSET=utf8mb4 COLLATE=utf8mb4_unicode_ci;

--
-- Dumping data for table `galleries`
--

INSERT INTO `galleries` VALUES (1,'Perfect','Alias in fuga quo et et dolorem. Nemo qui facere a ex qui. Ea voluptatum consequuntur dicta minus.',1,0,'galleries/1.jpg',1,'published','2024-09-18 03:10:47','2024-09-18 03:10:47'),(2,'New Day','Quae qui amet ipsa voluptas nobis totam. Aut corporis vitae animi qui. Officiis impedit esse eligendi voluptatibus consequatur adipisci numquam.',1,0,'galleries/2.jpg',1,'published','2024-09-18 03:10:47','2024-09-18 03:10:47'),(3,'Happy Day','Eos quia nostrum fugit ratione est nihil quidem. Est et non aspernatur quidem. Incidunt eaque ab debitis aut. Dolore vero et autem unde.',1,0,'galleries/3.jpg',1,'published','2024-09-18 03:10:47','2024-09-18 03:10:47'),(4,'Nature','Eos cum id ea dolores a suscipit quaerat. Asperiores qui omnis consectetur non. Ab omnis ut est enim veniam.',1,0,'galleries/4.jpg',1,'published','2024-09-18 03:10:47','2024-09-18 03:10:47'),(5,'Morning','Quasi enim ut aut. Ab tempora aspernatur atque deleniti. Velit impedit accusamus non est.',1,0,'galleries/5.jpg',1,'published','2024-09-18 03:10:47','2024-09-18 03:10:47'),(6,'Photography','Qui eum aut et nostrum modi. Laborum adipisci magnam saepe asperiores. Qui recusandae quis est quis numquam illum dolore. Ut rem iure inventore odio.',1,0,'galleries/6.jpg',1,'published','2024-09-18 03:10:47','2024-09-18 03:10:47');

--
-- Table structure for table `galleries_translations`
--

CREATE TABLE `galleries_translations` (
  `lang_code` varchar(20) COLLATE utf8mb4_unicode_ci NOT NULL,
  `galleries_id` bigint unsigned NOT NULL,
  `name` varchar(191) COLLATE utf8mb4_unicode_ci DEFAULT NULL,
  `description` longtext COLLATE utf8mb4_unicode_ci,
  PRIMARY KEY (`lang_code`,`galleries_id`)
) ENGINE=InnoDB DEFAULT CHARSET=utf8mb4 COLLATE=utf8mb4_unicode_ci;

--
-- Dumping data for table `galleries_translations`
--


--
-- Table structure for table `gallery_meta`
--

CREATE TABLE `gallery_meta` (
  `id` bigint unsigned NOT NULL AUTO_INCREMENT,
  `images` text COLLATE utf8mb4_unicode_ci,
  `reference_id` bigint unsigned NOT NULL,
  `reference_type` varchar(120) COLLATE utf8mb4_unicode_ci NOT NULL,
  `created_at` timestamp NULL DEFAULT NULL,
  `updated_at` timestamp NULL DEFAULT NULL,
  PRIMARY KEY (`id`),
  KEY `gallery_meta_reference_id_index` (`reference_id`)
) ENGINE=InnoDB AUTO_INCREMENT=7 DEFAULT CHARSET=utf8mb4 COLLATE=utf8mb4_unicode_ci;

--
-- Dumping data for table `gallery_meta`
--

INSERT INTO `gallery_meta` VALUES (1,'[{\"img\":\"galleries\\/1.jpg\",\"description\":\"Commodi neque mollitia ut doloribus minus. Et necessitatibus ullam eligendi dolores nihil molestias.\"},{\"img\":\"galleries\\/2.jpg\",\"description\":\"Quas nostrum pariatur voluptatem earum quaerat qui. Aliquam pariatur eligendi saepe laudantium voluptas.\"},{\"img\":\"galleries\\/3.jpg\",\"description\":\"Ut in ad velit itaque. Eum consequatur voluptate et pariatur aut et vero. Facere molestiae magnam dolorem tempora similique.\"},{\"img\":\"galleries\\/4.jpg\",\"description\":\"Autem amet esse quam eum eum voluptatem et. Et similique modi id magni illo dicta sit. Sint quos et modi quia itaque natus.\"},{\"img\":\"galleries\\/5.jpg\",\"description\":\"Quo et est aliquam velit similique perspiciatis. Et perferendis sit quia nisi ipsum consequatur qui sequi. Eveniet quis vel quo.\"},{\"img\":\"galleries\\/6.jpg\",\"description\":\"Itaque facere eligendi aut quis libero quaerat magni et. Vel doloremque earum omnis corporis asperiores. At fugiat consequatur illo.\"},{\"img\":\"galleries\\/7.jpg\",\"description\":\"Expedita quas dolorum natus qui rerum id ut. Velit quod accusantium consequatur et. Dolor iure odit magni vitae.\"},{\"img\":\"galleries\\/8.jpg\",\"description\":\"Ipsam dicta tenetur et non quibusdam. Optio vel atque sunt a beatae aliquid. Iure similique voluptatem quaerat.\"},{\"img\":\"galleries\\/9.jpg\",\"description\":\"Repellat alias et adipisci. Non corporis enim quia minus dolore quidem unde. Perspiciatis consequatur sit quia voluptatem omnis ullam.\"}]',1,'Botble\\Gallery\\Models\\Gallery','2024-09-18 03:10:47','2024-09-18 03:10:47'),(2,'[{\"img\":\"galleries\\/1.jpg\",\"description\":\"Commodi neque mollitia ut doloribus minus. Et necessitatibus ullam eligendi dolores nihil molestias.\"},{\"img\":\"galleries\\/2.jpg\",\"description\":\"Quas nostrum pariatur voluptatem earum quaerat qui. Aliquam pariatur eligendi saepe laudantium voluptas.\"},{\"img\":\"galleries\\/3.jpg\",\"description\":\"Ut in ad velit itaque. Eum consequatur voluptate et pariatur aut et vero. Facere molestiae magnam dolorem tempora similique.\"},{\"img\":\"galleries\\/4.jpg\",\"description\":\"Autem amet esse quam eum eum voluptatem et. Et similique modi id magni illo dicta sit. Sint quos et modi quia itaque natus.\"},{\"img\":\"galleries\\/5.jpg\",\"description\":\"Quo et est aliquam velit similique perspiciatis. Et perferendis sit quia nisi ipsum consequatur qui sequi. Eveniet quis vel quo.\"},{\"img\":\"galleries\\/6.jpg\",\"description\":\"Itaque facere eligendi aut quis libero quaerat magni et. Vel doloremque earum omnis corporis asperiores. At fugiat consequatur illo.\"},{\"img\":\"galleries\\/7.jpg\",\"description\":\"Expedita quas dolorum natus qui rerum id ut. Velit quod accusantium consequatur et. Dolor iure odit magni vitae.\"},{\"img\":\"galleries\\/8.jpg\",\"description\":\"Ipsam dicta tenetur et non quibusdam. Optio vel atque sunt a beatae aliquid. Iure similique voluptatem quaerat.\"},{\"img\":\"galleries\\/9.jpg\",\"description\":\"Repellat alias et adipisci. Non corporis enim quia minus dolore quidem unde. Perspiciatis consequatur sit quia voluptatem omnis ullam.\"}]',2,'Botble\\Gallery\\Models\\Gallery','2024-09-18 03:10:47','2024-09-18 03:10:47'),(3,'[{\"img\":\"galleries\\/1.jpg\",\"description\":\"Commodi neque mollitia ut doloribus minus. Et necessitatibus ullam eligendi dolores nihil molestias.\"},{\"img\":\"galleries\\/2.jpg\",\"description\":\"Quas nostrum pariatur voluptatem earum quaerat qui. Aliquam pariatur eligendi saepe laudantium voluptas.\"},{\"img\":\"galleries\\/3.jpg\",\"description\":\"Ut in ad velit itaque. Eum consequatur voluptate et pariatur aut et vero. Facere molestiae magnam dolorem tempora similique.\"},{\"img\":\"galleries\\/4.jpg\",\"description\":\"Autem amet esse quam eum eum voluptatem et. Et similique modi id magni illo dicta sit. Sint quos et modi quia itaque natus.\"},{\"img\":\"galleries\\/5.jpg\",\"description\":\"Quo et est aliquam velit similique perspiciatis. Et perferendis sit quia nisi ipsum consequatur qui sequi. Eveniet quis vel quo.\"},{\"img\":\"galleries\\/6.jpg\",\"description\":\"Itaque facere eligendi aut quis libero quaerat magni et. Vel doloremque earum omnis corporis asperiores. At fugiat consequatur illo.\"},{\"img\":\"galleries\\/7.jpg\",\"description\":\"Expedita quas dolorum natus qui rerum id ut. Velit quod accusantium consequatur et. Dolor iure odit magni vitae.\"},{\"img\":\"galleries\\/8.jpg\",\"description\":\"Ipsam dicta tenetur et non quibusdam. Optio vel atque sunt a beatae aliquid. Iure similique voluptatem quaerat.\"},{\"img\":\"galleries\\/9.jpg\",\"description\":\"Repellat alias et adipisci. Non corporis enim quia minus dolore quidem unde. Perspiciatis consequatur sit quia voluptatem omnis ullam.\"}]',3,'Botble\\Gallery\\Models\\Gallery','2024-09-18 03:10:47','2024-09-18 03:10:47'),(4,'[{\"img\":\"galleries\\/1.jpg\",\"description\":\"Commodi neque mollitia ut doloribus minus. Et necessitatibus ullam eligendi dolores nihil molestias.\"},{\"img\":\"galleries\\/2.jpg\",\"description\":\"Quas nostrum pariatur voluptatem earum quaerat qui. Aliquam pariatur eligendi saepe laudantium voluptas.\"},{\"img\":\"galleries\\/3.jpg\",\"description\":\"Ut in ad velit itaque. Eum consequatur voluptate et pariatur aut et vero. Facere molestiae magnam dolorem tempora similique.\"},{\"img\":\"galleries\\/4.jpg\",\"description\":\"Autem amet esse quam eum eum voluptatem et. Et similique modi id magni illo dicta sit. Sint quos et modi quia itaque natus.\"},{\"img\":\"galleries\\/5.jpg\",\"description\":\"Quo et est aliquam velit similique perspiciatis. Et perferendis sit quia nisi ipsum consequatur qui sequi. Eveniet quis vel quo.\"},{\"img\":\"galleries\\/6.jpg\",\"description\":\"Itaque facere eligendi aut quis libero quaerat magni et. Vel doloremque earum omnis corporis asperiores. At fugiat consequatur illo.\"},{\"img\":\"galleries\\/7.jpg\",\"description\":\"Expedita quas dolorum natus qui rerum id ut. Velit quod accusantium consequatur et. Dolor iure odit magni vitae.\"},{\"img\":\"galleries\\/8.jpg\",\"description\":\"Ipsam dicta tenetur et non quibusdam. Optio vel atque sunt a beatae aliquid. Iure similique voluptatem quaerat.\"},{\"img\":\"galleries\\/9.jpg\",\"description\":\"Repellat alias et adipisci. Non corporis enim quia minus dolore quidem unde. Perspiciatis consequatur sit quia voluptatem omnis ullam.\"}]',4,'Botble\\Gallery\\Models\\Gallery','2024-09-18 03:10:47','2024-09-18 03:10:47'),(5,'[{\"img\":\"galleries\\/1.jpg\",\"description\":\"Commodi neque mollitia ut doloribus minus. Et necessitatibus ullam eligendi dolores nihil molestias.\"},{\"img\":\"galleries\\/2.jpg\",\"description\":\"Quas nostrum pariatur voluptatem earum quaerat qui. Aliquam pariatur eligendi saepe laudantium voluptas.\"},{\"img\":\"galleries\\/3.jpg\",\"description\":\"Ut in ad velit itaque. Eum consequatur voluptate et pariatur aut et vero. Facere molestiae magnam dolorem tempora similique.\"},{\"img\":\"galleries\\/4.jpg\",\"description\":\"Autem amet esse quam eum eum voluptatem et. Et similique modi id magni illo dicta sit. Sint quos et modi quia itaque natus.\"},{\"img\":\"galleries\\/5.jpg\",\"description\":\"Quo et est aliquam velit similique perspiciatis. Et perferendis sit quia nisi ipsum consequatur qui sequi. Eveniet quis vel quo.\"},{\"img\":\"galleries\\/6.jpg\",\"description\":\"Itaque facere eligendi aut quis libero quaerat magni et. Vel doloremque earum omnis corporis asperiores. At fugiat consequatur illo.\"},{\"img\":\"galleries\\/7.jpg\",\"description\":\"Expedita quas dolorum natus qui rerum id ut. Velit quod accusantium consequatur et. Dolor iure odit magni vitae.\"},{\"img\":\"galleries\\/8.jpg\",\"description\":\"Ipsam dicta tenetur et non quibusdam. Optio vel atque sunt a beatae aliquid. Iure similique voluptatem quaerat.\"},{\"img\":\"galleries\\/9.jpg\",\"description\":\"Repellat alias et adipisci. Non corporis enim quia minus dolore quidem unde. Perspiciatis consequatur sit quia voluptatem omnis ullam.\"}]',5,'Botble\\Gallery\\Models\\Gallery','2024-09-18 03:10:47','2024-09-18 03:10:47'),(6,'[{\"img\":\"galleries\\/1.jpg\",\"description\":\"Commodi neque mollitia ut doloribus minus. Et necessitatibus ullam eligendi dolores nihil molestias.\"},{\"img\":\"galleries\\/2.jpg\",\"description\":\"Quas nostrum pariatur voluptatem earum quaerat qui. Aliquam pariatur eligendi saepe laudantium voluptas.\"},{\"img\":\"galleries\\/3.jpg\",\"description\":\"Ut in ad velit itaque. Eum consequatur voluptate et pariatur aut et vero. Facere molestiae magnam dolorem tempora similique.\"},{\"img\":\"galleries\\/4.jpg\",\"description\":\"Autem amet esse quam eum eum voluptatem et. Et similique modi id magni illo dicta sit. Sint quos et modi quia itaque natus.\"},{\"img\":\"galleries\\/5.jpg\",\"description\":\"Quo et est aliquam velit similique perspiciatis. Et perferendis sit quia nisi ipsum consequatur qui sequi. Eveniet quis vel quo.\"},{\"img\":\"galleries\\/6.jpg\",\"description\":\"Itaque facere eligendi aut quis libero quaerat magni et. Vel doloremque earum omnis corporis asperiores. At fugiat consequatur illo.\"},{\"img\":\"galleries\\/7.jpg\",\"description\":\"Expedita quas dolorum natus qui rerum id ut. Velit quod accusantium consequatur et. Dolor iure odit magni vitae.\"},{\"img\":\"galleries\\/8.jpg\",\"description\":\"Ipsam dicta tenetur et non quibusdam. Optio vel atque sunt a beatae aliquid. Iure similique voluptatem quaerat.\"},{\"img\":\"galleries\\/9.jpg\",\"description\":\"Repellat alias et adipisci. Non corporis enim quia minus dolore quidem unde. Perspiciatis consequatur sit quia voluptatem omnis ullam.\"}]',6,'Botble\\Gallery\\Models\\Gallery','2024-09-18 03:10:47','2024-09-18 03:10:47');

--
-- Table structure for table `gallery_meta_translations`
--

CREATE TABLE `gallery_meta_translations` (
  `lang_code` varchar(20) COLLATE utf8mb4_unicode_ci NOT NULL,
  `gallery_meta_id` bigint unsigned NOT NULL,
  `images` text COLLATE utf8mb4_unicode_ci,
  PRIMARY KEY (`lang_code`,`gallery_meta_id`)
) ENGINE=InnoDB DEFAULT CHARSET=utf8mb4 COLLATE=utf8mb4_unicode_ci;

--
-- Dumping data for table `gallery_meta_translations`
--


--
-- Table structure for table `jb_account_activity_logs`
--

CREATE TABLE `jb_account_activity_logs` (
  `id` bigint unsigned NOT NULL AUTO_INCREMENT,
  `action` varchar(120) COLLATE utf8mb4_unicode_ci NOT NULL,
  `user_agent` text COLLATE utf8mb4_unicode_ci,
  `reference_url` varchar(191) COLLATE utf8mb4_unicode_ci DEFAULT NULL,
  `reference_name` varchar(191) COLLATE utf8mb4_unicode_ci DEFAULT NULL,
  `ip_address` varchar(39) COLLATE utf8mb4_unicode_ci DEFAULT NULL,
  `account_id` bigint unsigned NOT NULL,
  `created_at` timestamp NULL DEFAULT NULL,
  `updated_at` timestamp NULL DEFAULT NULL,
  PRIMARY KEY (`id`),
  KEY `jb_account_activity_logs_account_id_index` (`account_id`)
) ENGINE=InnoDB DEFAULT CHARSET=utf8mb4 COLLATE=utf8mb4_unicode_ci;

--
-- Dumping data for table `jb_account_activity_logs`
--


--
-- Table structure for table `jb_account_educations`
--

CREATE TABLE `jb_account_educations` (
  `id` bigint unsigned NOT NULL AUTO_INCREMENT,
  `school` varchar(191) COLLATE utf8mb4_unicode_ci NOT NULL,
  `account_id` bigint unsigned NOT NULL,
  `specialized` varchar(191) COLLATE utf8mb4_unicode_ci DEFAULT NULL,
  `started_at` date NOT NULL,
  `ended_at` date DEFAULT NULL,
  `description` text COLLATE utf8mb4_unicode_ci,
  `created_at` timestamp NULL DEFAULT NULL,
  `updated_at` timestamp NULL DEFAULT NULL,
  PRIMARY KEY (`id`)
) ENGINE=InnoDB AUTO_INCREMENT=51 DEFAULT CHARSET=utf8mb4 COLLATE=utf8mb4_unicode_ci;

--
-- Dumping data for table `jb_account_educations`
--

INSERT INTO `jb_account_educations` VALUES (1,'Gateway Technical College',2,'Culture and Technology Studies','2024-09-18','2024-09-18','There are many variations of passages of available, but the majority alteration in some form.\n                As a highly skilled and successful product development and design specialist with more than 4 Years of\n                My experience','2024-09-18 03:10:56','2024-09-18 03:10:56'),(2,'Associated Mennonite Biblical Seminary',7,'Anthropology','2024-09-18','2024-09-18','There are many variations of passages of available, but the majority alteration in some form.\n                As a highly skilled and successful product development and design specialist with more than 4 Years of\n                My experience','2024-09-18 03:10:58','2024-09-18 03:10:58'),(3,'American Institute of Health Technology',9,'Culture and Technology Studies','2024-09-18','2024-09-18','There are many variations of passages of available, but the majority alteration in some form.\n                As a highly skilled and successful product development and design specialist with more than 4 Years of\n                My experience','2024-09-18 03:10:59','2024-09-18 03:10:59'),(4,'The University of the State of Alabama',10,'Culture and Technology Studies','2024-09-18','2024-09-18','There are many variations of passages of available, but the majority alteration in some form.\n                As a highly skilled and successful product development and design specialist with more than 4 Years of\n                My experience','2024-09-18 03:10:59','2024-09-18 03:10:59'),(5,'Antioch University McGregor',11,'Economics','2024-09-18','2024-09-18','There are many variations of passages of available, but the majority alteration in some form.\n                As a highly skilled and successful product development and design specialist with more than 4 Years of\n                My experience','2024-09-18 03:10:59','2024-09-18 03:10:59'),(6,'Adams State College',12,'Economics','2024-09-18','2024-09-18','There are many variations of passages of available, but the majority alteration in some form.\n                As a highly skilled and successful product development and design specialist with more than 4 Years of\n                My experience','2024-09-18 03:11:00','2024-09-18 03:11:00'),(7,'Antioch University McGregor',13,'Art History','2024-09-18','2024-09-18','There are many variations of passages of available, but the majority alteration in some form.\n                As a highly skilled and successful product development and design specialist with more than 4 Years of\n                My experience','2024-09-18 03:11:00','2024-09-18 03:11:00'),(8,'American Institute of Health Technology',15,'Art History','2024-09-18','2024-09-18','There are many variations of passages of available, but the majority alteration in some form.\n                As a highly skilled and successful product development and design specialist with more than 4 Years of\n                My experience','2024-09-18 03:11:01','2024-09-18 03:11:01'),(9,'American Institute of Health Technology',16,'Art History','2024-09-18','2024-09-18','There are many variations of passages of available, but the majority alteration in some form.\n                As a highly skilled and successful product development and design specialist with more than 4 Years of\n                My experience','2024-09-18 03:11:01','2024-09-18 03:11:01'),(10,'American Institute of Health Technology',17,'Classical Studies','2024-09-18','2024-09-18','There are many variations of passages of available, but the majority alteration in some form.\n                As a highly skilled and successful product development and design specialist with more than 4 Years of\n                My experience','2024-09-18 03:11:01','2024-09-18 03:11:01'),(11,'Antioch University McGregor',19,'Culture and Technology Studies','2024-09-18','2024-09-18','There are many variations of passages of available, but the majority alteration in some form.\n                As a highly skilled and successful product development and design specialist with more than 4 Years of\n                My experience','2024-09-18 03:11:02','2024-09-18 03:11:02'),(12,'Antioch University McGregor',21,'Economics','2024-09-18','2024-09-18','There are many variations of passages of available, but the majority alteration in some form.\n                As a highly skilled and successful product development and design specialist with more than 4 Years of\n                My experience','2024-09-18 03:11:03','2024-09-18 03:11:03'),(13,'American Institute of Health Technology',22,'Anthropology','2024-09-18','2024-09-18','There are many variations of passages of available, but the majority alteration in some form.\n                As a highly skilled and successful product development and design specialist with more than 4 Years of\n                My experience','2024-09-18 03:11:03','2024-09-18 03:11:03'),(14,'Adams State College',26,'Anthropology','2024-09-18','2024-09-18','There are many variations of passages of available, but the majority alteration in some form.\n                As a highly skilled and successful product development and design specialist with more than 4 Years of\n                My experience','2024-09-18 03:11:04','2024-09-18 03:11:04'),(15,'Associated Mennonite Biblical Seminary',33,'Classical Studies','2024-09-18','2024-09-18','There are many variations of passages of available, but the majority alteration in some form.\n                As a highly skilled and successful product development and design specialist with more than 4 Years of\n                My experience','2024-09-18 03:11:06','2024-09-18 03:11:06'),(16,'Gateway Technical College',34,'Economics','2024-09-18','2024-09-18','There are many variations of passages of available, but the majority alteration in some form.\n                As a highly skilled and successful product development and design specialist with more than 4 Years of\n                My experience','2024-09-18 03:11:07','2024-09-18 03:11:07'),(17,'American Institute of Health Technology',35,'Art History','2024-09-18','2024-09-18','There are many variations of passages of available, but the majority alteration in some form.\n                As a highly skilled and successful product development and design specialist with more than 4 Years of\n                My experience','2024-09-18 03:11:07','2024-09-18 03:11:07'),(18,'Adams State College',36,'Classical Studies','2024-09-18','2024-09-18','There are many variations of passages of available, but the majority alteration in some form.\n                As a highly skilled and successful product development and design specialist with more than 4 Years of\n                My experience','2024-09-18 03:11:07','2024-09-18 03:11:07'),(19,'Gateway Technical College',39,'Culture and Technology Studies','2024-09-18','2024-09-18','There are many variations of passages of available, but the majority alteration in some form.\n                As a highly skilled and successful product development and design specialist with more than 4 Years of\n                My experience','2024-09-18 03:11:08','2024-09-18 03:11:08'),(20,'American Institute of Health Technology',44,'Classical Studies','2024-09-18','2024-09-18','There are many variations of passages of available, but the majority alteration in some form.\n                As a highly skilled and successful product development and design specialist with more than 4 Years of\n                My experience','2024-09-18 03:11:09','2024-09-18 03:11:09'),(21,'Associated Mennonite Biblical Seminary',45,'Culture and Technology Studies','2024-09-18','2024-09-18','There are many variations of passages of available, but the majority alteration in some form.\n                As a highly skilled and successful product development and design specialist with more than 4 Years of\n                My experience','2024-09-18 03:11:10','2024-09-18 03:11:10'),(22,'The University of the State of Alabama',47,'Classical Studies','2024-09-18','2024-09-18','There are many variations of passages of available, but the majority alteration in some form.\n                As a highly skilled and successful product development and design specialist with more than 4 Years of\n                My experience','2024-09-18 03:11:10','2024-09-18 03:11:10'),(23,'American Institute of Health Technology',50,'Art History','2024-09-18','2024-09-18','There are many variations of passages of available, but the majority alteration in some form.\n                As a highly skilled and successful product development and design specialist with more than 4 Years of\n                My experience','2024-09-18 03:11:11','2024-09-18 03:11:11'),(24,'Antioch University McGregor',51,'Culture and Technology Studies','2024-09-18','2024-09-18','There are many variations of passages of available, but the majority alteration in some form.\n                As a highly skilled and successful product development and design specialist with more than 4 Years of\n                My experience','2024-09-18 03:11:12','2024-09-18 03:11:12'),(25,'Antioch University McGregor',54,'Classical Studies','2024-09-18','2024-09-18','There are many variations of passages of available, but the majority alteration in some form.\n                As a highly skilled and successful product development and design specialist with more than 4 Years of\n                My experience','2024-09-18 03:11:12','2024-09-18 03:11:12'),(26,'American Institute of Health Technology',55,'Classical Studies','2024-09-18','2024-09-18','There are many variations of passages of available, but the majority alteration in some form.\n                As a highly skilled and successful product development and design specialist with more than 4 Years of\n                My experience','2024-09-18 03:11:13','2024-09-18 03:11:13'),(27,'Antioch University McGregor',56,'Classical Studies','2024-09-18','2024-09-18','There are many variations of passages of available, but the majority alteration in some form.\n                As a highly skilled and successful product development and design specialist with more than 4 Years of\n                My experience','2024-09-18 03:11:13','2024-09-18 03:11:13'),(28,'The University of the State of Alabama',57,'Culture and Technology Studies','2024-09-18','2024-09-18','There are many variations of passages of available, but the majority alteration in some form.\n                As a highly skilled and successful product development and design specialist with more than 4 Years of\n                My experience','2024-09-18 03:11:13','2024-09-18 03:11:13'),(29,'Associated Mennonite Biblical Seminary',61,'Art History','2024-09-18','2024-09-18','There are many variations of passages of available, but the majority alteration in some form.\n                As a highly skilled and successful product development and design specialist with more than 4 Years of\n                My experience','2024-09-18 03:11:14','2024-09-18 03:11:14'),(30,'Associated Mennonite Biblical Seminary',62,'Classical Studies','2024-09-18','2024-09-18','There are many variations of passages of available, but the majority alteration in some form.\n                As a highly skilled and successful product development and design specialist with more than 4 Years of\n                My experience','2024-09-18 03:11:15','2024-09-18 03:11:15'),(31,'American Institute of Health Technology',63,'Economics','2024-09-18','2024-09-18','There are many variations of passages of available, but the majority alteration in some form.\n                As a highly skilled and successful product development and design specialist with more than 4 Years of\n                My experience','2024-09-18 03:11:15','2024-09-18 03:11:15'),(32,'Associated Mennonite Biblical Seminary',64,'Classical Studies','2024-09-18','2024-09-18','There are many variations of passages of available, but the majority alteration in some form.\n                As a highly skilled and successful product development and design specialist with more than 4 Years of\n                My experience','2024-09-18 03:11:15','2024-09-18 03:11:15'),(33,'Adams State College',66,'Art History','2024-09-18','2024-09-18','There are many variations of passages of available, but the majority alteration in some form.\n                As a highly skilled and successful product development and design specialist with more than 4 Years of\n                My experience','2024-09-18 03:11:16','2024-09-18 03:11:16'),(34,'American Institute of Health Technology',67,'Art History','2024-09-18','2024-09-18','There are many variations of passages of available, but the majority alteration in some form.\n                As a highly skilled and successful product development and design specialist with more than 4 Years of\n                My experience','2024-09-18 03:11:16','2024-09-18 03:11:16'),(35,'The University of the State of Alabama',70,'Art History','2024-09-18','2024-09-18','There are many variations of passages of available, but the majority alteration in some form.\n                As a highly skilled and successful product development and design specialist with more than 4 Years of\n                My experience','2024-09-18 03:11:17','2024-09-18 03:11:17'),(36,'The University of the State of Alabama',71,'Art History','2024-09-18','2024-09-18','There are many variations of passages of available, but the majority alteration in some form.\n                As a highly skilled and successful product development and design specialist with more than 4 Years of\n                My experience','2024-09-18 03:11:17','2024-09-18 03:11:17'),(37,'Associated Mennonite Biblical Seminary',74,'Economics','2024-09-18','2024-09-18','There are many variations of passages of available, but the majority alteration in some form.\n                As a highly skilled and successful product development and design specialist with more than 4 Years of\n                My experience','2024-09-18 03:11:18','2024-09-18 03:11:18'),(38,'Associated Mennonite Biblical Seminary',75,'Anthropology','2024-09-18','2024-09-18','There are many variations of passages of available, but the majority alteration in some form.\n                As a highly skilled and successful product development and design specialist with more than 4 Years of\n                My experience','2024-09-18 03:11:18','2024-09-18 03:11:18'),(39,'Gateway Technical College',76,'Economics','2024-09-18','2024-09-18','There are many variations of passages of available, but the majority alteration in some form.\n                As a highly skilled and successful product development and design specialist with more than 4 Years of\n                My experience','2024-09-18 03:11:19','2024-09-18 03:11:19'),(40,'The University of the State of Alabama',77,'Anthropology','2024-09-18','2024-09-18','There are many variations of passages of available, but the majority alteration in some form.\n                As a highly skilled and successful product development and design specialist with more than 4 Years of\n                My experience','2024-09-18 03:11:19','2024-09-18 03:11:19'),(41,'Associated Mennonite Biblical Seminary',79,'Economics','2024-09-18','2024-09-18','There are many variations of passages of available, but the majority alteration in some form.\n                As a highly skilled and successful product development and design specialist with more than 4 Years of\n                My experience','2024-09-18 03:11:20','2024-09-18 03:11:20'),(42,'Antioch University McGregor',83,'Economics','2024-09-18','2024-09-18','There are many variations of passages of available, but the majority alteration in some form.\n                As a highly skilled and successful product development and design specialist with more than 4 Years of\n                My experience','2024-09-18 03:11:22','2024-09-18 03:11:22'),(43,'Gateway Technical College',84,'Anthropology','2024-09-18','2024-09-18','There are many variations of passages of available, but the majority alteration in some form.\n                As a highly skilled and successful product development and design specialist with more than 4 Years of\n                My experience','2024-09-18 03:11:22','2024-09-18 03:11:22'),(44,'Adams State College',88,'Economics','2024-09-18','2024-09-18','There are many variations of passages of available, but the majority alteration in some form.\n                As a highly skilled and successful product development and design specialist with more than 4 Years of\n                My experience','2024-09-18 03:11:23','2024-09-18 03:11:23'),(45,'Associated Mennonite Biblical Seminary',90,'Classical Studies','2024-09-18','2024-09-18','There are many variations of passages of available, but the majority alteration in some form.\n                As a highly skilled and successful product development and design specialist with more than 4 Years of\n                My experience','2024-09-18 03:11:24','2024-09-18 03:11:24'),(46,'Antioch University McGregor',93,'Anthropology','2024-09-18','2024-09-18','There are many variations of passages of available, but the majority alteration in some form.\n                As a highly skilled and successful product development and design specialist with more than 4 Years of\n                My experience','2024-09-18 03:11:25','2024-09-18 03:11:25'),(47,'Adams State College',95,'Anthropology','2024-09-18','2024-09-18','There are many variations of passages of available, but the majority alteration in some form.\n                As a highly skilled and successful product development and design specialist with more than 4 Years of\n                My experience','2024-09-18 03:11:25','2024-09-18 03:11:25'),(48,'American Institute of Health Technology',97,'Art History','2024-09-18','2024-09-18','There are many variations of passages of available, but the majority alteration in some form.\n                As a highly skilled and successful product development and design specialist with more than 4 Years of\n                My experience','2024-09-18 03:11:26','2024-09-18 03:11:26'),(49,'Antioch University McGregor',99,'Anthropology','2024-09-18','2024-09-18','There are many variations of passages of available, but the majority alteration in some form.\n                As a highly skilled and successful product development and design specialist with more than 4 Years of\n                My experience','2024-09-18 03:11:26','2024-09-18 03:11:26'),(50,'Gateway Technical College',100,'Economics','2024-09-18','2024-09-18','There are many variations of passages of available, but the majority alteration in some form.\n                As a highly skilled and successful product development and design specialist with more than 4 Years of\n                My experience','2024-09-18 03:11:27','2024-09-18 03:11:27');

--
-- Table structure for table `jb_account_experiences`
--

CREATE TABLE `jb_account_experiences` (
  `id` bigint unsigned NOT NULL AUTO_INCREMENT,
  `company` varchar(191) COLLATE utf8mb4_unicode_ci NOT NULL,
  `account_id` bigint unsigned NOT NULL,
  `position` varchar(191) COLLATE utf8mb4_unicode_ci DEFAULT NULL,
  `started_at` date NOT NULL,
  `ended_at` date DEFAULT NULL,
  `description` text COLLATE utf8mb4_unicode_ci,
  `created_at` timestamp NULL DEFAULT NULL,
  `updated_at` timestamp NULL DEFAULT NULL,
  PRIMARY KEY (`id`)
) ENGINE=InnoDB AUTO_INCREMENT=51 DEFAULT CHARSET=utf8mb4 COLLATE=utf8mb4_unicode_ci;

--
-- Dumping data for table `jb_account_experiences`
--

INSERT INTO `jb_account_experiences` VALUES (1,'Spa Paragon',2,'Project Manager','2024-09-18','2024-09-18','There are many variations of passages of available, but the majority alteration in some form.\n                As a highly skilled and successful product development and design specialist with more than 4 Years of\n                My experience','2024-09-18 03:10:56','2024-09-18 03:10:56'),(2,'Spa Paragon',7,'Project Manager','2024-09-18','2024-09-18','There are many variations of passages of available, but the majority alteration in some form.\n                As a highly skilled and successful product development and design specialist with more than 4 Years of\n                My experience','2024-09-18 03:10:58','2024-09-18 03:10:58'),(3,'Party Plex',9,'Marketing Coordinator','2024-09-18','2024-09-18','There are many variations of passages of available, but the majority alteration in some form.\n                As a highly skilled and successful product development and design specialist with more than 4 Years of\n                My experience','2024-09-18 03:10:59','2024-09-18 03:10:59'),(4,'Spa Paragon',10,'Web Designer','2024-09-18','2024-09-18','There are many variations of passages of available, but the majority alteration in some form.\n                As a highly skilled and successful product development and design specialist with more than 4 Years of\n                My experience','2024-09-18 03:10:59','2024-09-18 03:10:59'),(5,'GameDay Catering',11,'Project Manager','2024-09-18','2024-09-18','There are many variations of passages of available, but the majority alteration in some form.\n                As a highly skilled and successful product development and design specialist with more than 4 Years of\n                My experience','2024-09-18 03:10:59','2024-09-18 03:10:59'),(6,'Darwin Travel',12,'Project Manager','2024-09-18','2024-09-18','There are many variations of passages of available, but the majority alteration in some form.\n                As a highly skilled and successful product development and design specialist with more than 4 Years of\n                My experience','2024-09-18 03:11:00','2024-09-18 03:11:00'),(7,'Party Plex',13,'Marketing Coordinator','2024-09-18','2024-09-18','There are many variations of passages of available, but the majority alteration in some form.\n                As a highly skilled and successful product development and design specialist with more than 4 Years of\n                My experience','2024-09-18 03:11:00','2024-09-18 03:11:00'),(8,'Darwin Travel',15,'Dog Trainer','2024-09-18','2024-09-18','There are many variations of passages of available, but the majority alteration in some form.\n                As a highly skilled and successful product development and design specialist with more than 4 Years of\n                My experience','2024-09-18 03:11:01','2024-09-18 03:11:01'),(9,'Exploration Kids',16,'Marketing Coordinator','2024-09-18','2024-09-18','There are many variations of passages of available, but the majority alteration in some form.\n                As a highly skilled and successful product development and design specialist with more than 4 Years of\n                My experience','2024-09-18 03:11:01','2024-09-18 03:11:01'),(10,'GameDay Catering',17,'Web Designer','2024-09-18','2024-09-18','There are many variations of passages of available, but the majority alteration in some form.\n                As a highly skilled and successful product development and design specialist with more than 4 Years of\n                My experience','2024-09-18 03:11:01','2024-09-18 03:11:01'),(11,'Darwin Travel',19,'Dog Trainer','2024-09-18','2024-09-18','There are many variations of passages of available, but the majority alteration in some form.\n                As a highly skilled and successful product development and design specialist with more than 4 Years of\n                My experience','2024-09-18 03:11:02','2024-09-18 03:11:02'),(12,'Darwin Travel',21,'Web Designer','2024-09-18','2024-09-18','There are many variations of passages of available, but the majority alteration in some form.\n                As a highly skilled and successful product development and design specialist with more than 4 Years of\n                My experience','2024-09-18 03:11:03','2024-09-18 03:11:03'),(13,'GameDay Catering',22,'Marketing Coordinator','2024-09-18','2024-09-18','There are many variations of passages of available, but the majority alteration in some form.\n                As a highly skilled and successful product development and design specialist with more than 4 Years of\n                My experience','2024-09-18 03:11:03','2024-09-18 03:11:03'),(14,'Darwin Travel',26,'Dog Trainer','2024-09-18','2024-09-18','There are many variations of passages of available, but the majority alteration in some form.\n                As a highly skilled and successful product development and design specialist with more than 4 Years of\n                My experience','2024-09-18 03:11:04','2024-09-18 03:11:04'),(15,'Spa Paragon',33,'Dog Trainer','2024-09-18','2024-09-18','There are many variations of passages of available, but the majority alteration in some form.\n                As a highly skilled and successful product development and design specialist with more than 4 Years of\n                My experience','2024-09-18 03:11:06','2024-09-18 03:11:06'),(16,'Spa Paragon',34,'President of Sales','2024-09-18','2024-09-18','There are many variations of passages of available, but the majority alteration in some form.\n                As a highly skilled and successful product development and design specialist with more than 4 Years of\n                My experience','2024-09-18 03:11:07','2024-09-18 03:11:07'),(17,'GameDay Catering',35,'Project Manager','2024-09-18','2024-09-18','There are many variations of passages of available, but the majority alteration in some form.\n                As a highly skilled and successful product development and design specialist with more than 4 Years of\n                My experience','2024-09-18 03:11:07','2024-09-18 03:11:07'),(18,'GameDay Catering',36,'President of Sales','2024-09-18','2024-09-18','There are many variations of passages of available, but the majority alteration in some form.\n                As a highly skilled and successful product development and design specialist with more than 4 Years of\n                My experience','2024-09-18 03:11:07','2024-09-18 03:11:07'),(19,'Party Plex',39,'President of Sales','2024-09-18','2024-09-18','There are many variations of passages of available, but the majority alteration in some form.\n                As a highly skilled and successful product development and design specialist with more than 4 Years of\n                My experience','2024-09-18 03:11:08','2024-09-18 03:11:08'),(20,'Party Plex',44,'Dog Trainer','2024-09-18','2024-09-18','There are many variations of passages of available, but the majority alteration in some form.\n                As a highly skilled and successful product development and design specialist with more than 4 Years of\n                My experience','2024-09-18 03:11:09','2024-09-18 03:11:09'),(21,'Party Plex',45,'Marketing Coordinator','2024-09-18','2024-09-18','There are many variations of passages of available, but the majority alteration in some form.\n                As a highly skilled and successful product development and design specialist with more than 4 Years of\n                My experience','2024-09-18 03:11:10','2024-09-18 03:11:10'),(22,'GameDay Catering',47,'President of Sales','2024-09-18','2024-09-18','There are many variations of passages of available, but the majority alteration in some form.\n                As a highly skilled and successful product development and design specialist with more than 4 Years of\n                My experience','2024-09-18 03:11:10','2024-09-18 03:11:10'),(23,'Spa Paragon',50,'Project Manager','2024-09-18','2024-09-18','There are many variations of passages of available, but the majority alteration in some form.\n                As a highly skilled and successful product development and design specialist with more than 4 Years of\n                My experience','2024-09-18 03:11:11','2024-09-18 03:11:11'),(24,'Party Plex',51,'Dog Trainer','2024-09-18','2024-09-18','There are many variations of passages of available, but the majority alteration in some form.\n                As a highly skilled and successful product development and design specialist with more than 4 Years of\n                My experience','2024-09-18 03:11:12','2024-09-18 03:11:12'),(25,'GameDay Catering',54,'President of Sales','2024-09-18','2024-09-18','There are many variations of passages of available, but the majority alteration in some form.\n                As a highly skilled and successful product development and design specialist with more than 4 Years of\n                My experience','2024-09-18 03:11:12','2024-09-18 03:11:12'),(26,'Exploration Kids',55,'President of Sales','2024-09-18','2024-09-18','There are many variations of passages of available, but the majority alteration in some form.\n                As a highly skilled and successful product development and design specialist with more than 4 Years of\n                My experience','2024-09-18 03:11:13','2024-09-18 03:11:13'),(27,'GameDay Catering',56,'Web Designer','2024-09-18','2024-09-18','There are many variations of passages of available, but the majority alteration in some form.\n                As a highly skilled and successful product development and design specialist with more than 4 Years of\n                My experience','2024-09-18 03:11:13','2024-09-18 03:11:13'),(28,'Exploration Kids',57,'Dog Trainer','2024-09-18','2024-09-18','There are many variations of passages of available, but the majority alteration in some form.\n                As a highly skilled and successful product development and design specialist with more than 4 Years of\n                My experience','2024-09-18 03:11:13','2024-09-18 03:11:13'),(29,'Darwin Travel',61,'Marketing Coordinator','2024-09-18','2024-09-18','There are many variations of passages of available, but the majority alteration in some form.\n                As a highly skilled and successful product development and design specialist with more than 4 Years of\n                My experience','2024-09-18 03:11:14','2024-09-18 03:11:14'),(30,'Exploration Kids',62,'Marketing Coordinator','2024-09-18','2024-09-18','There are many variations of passages of available, but the majority alteration in some form.\n                As a highly skilled and successful product development and design specialist with more than 4 Years of\n                My experience','2024-09-18 03:11:15','2024-09-18 03:11:15'),(31,'Darwin Travel',63,'Web Designer','2024-09-18','2024-09-18','There are many variations of passages of available, but the majority alteration in some form.\n                As a highly skilled and successful product development and design specialist with more than 4 Years of\n                My experience','2024-09-18 03:11:15','2024-09-18 03:11:15'),(32,'GameDay Catering',64,'President of Sales','2024-09-18','2024-09-18','There are many variations of passages of available, but the majority alteration in some form.\n                As a highly skilled and successful product development and design specialist with more than 4 Years of\n                My experience','2024-09-18 03:11:15','2024-09-18 03:11:15'),(33,'Darwin Travel',66,'Web Designer','2024-09-18','2024-09-18','There are many variations of passages of available, but the majority alteration in some form.\n                As a highly skilled and successful product development and design specialist with more than 4 Years of\n                My experience','2024-09-18 03:11:16','2024-09-18 03:11:16'),(34,'Darwin Travel',67,'President of Sales','2024-09-18','2024-09-18','There are many variations of passages of available, but the majority alteration in some form.\n                As a highly skilled and successful product development and design specialist with more than 4 Years of\n                My experience','2024-09-18 03:11:16','2024-09-18 03:11:16'),(35,'GameDay Catering',70,'Project Manager','2024-09-18','2024-09-18','There are many variations of passages of available, but the majority alteration in some form.\n                As a highly skilled and successful product development and design specialist with more than 4 Years of\n                My experience','2024-09-18 03:11:17','2024-09-18 03:11:17'),(36,'GameDay Catering',71,'Web Designer','2024-09-18','2024-09-18','There are many variations of passages of available, but the majority alteration in some form.\n                As a highly skilled and successful product development and design specialist with more than 4 Years of\n                My experience','2024-09-18 03:11:17','2024-09-18 03:11:17'),(37,'Spa Paragon',74,'Dog Trainer','2024-09-18','2024-09-18','There are many variations of passages of available, but the majority alteration in some form.\n                As a highly skilled and successful product development and design specialist with more than 4 Years of\n                My experience','2024-09-18 03:11:18','2024-09-18 03:11:18'),(38,'Party Plex',75,'Web Designer','2024-09-18','2024-09-18','There are many variations of passages of available, but the majority alteration in some form.\n                As a highly skilled and successful product development and design specialist with more than 4 Years of\n                My experience','2024-09-18 03:11:18','2024-09-18 03:11:18'),(39,'Spa Paragon',76,'Marketing Coordinator','2024-09-18','2024-09-18','There are many variations of passages of available, but the majority alteration in some form.\n                As a highly skilled and successful product development and design specialist with more than 4 Years of\n                My experience','2024-09-18 03:11:19','2024-09-18 03:11:19'),(40,'Exploration Kids',77,'Dog Trainer','2024-09-18','2024-09-18','There are many variations of passages of available, but the majority alteration in some form.\n                As a highly skilled and successful product development and design specialist with more than 4 Years of\n                My experience','2024-09-18 03:11:19','2024-09-18 03:11:19'),(41,'GameDay Catering',79,'Dog Trainer','2024-09-18','2024-09-18','There are many variations of passages of available, but the majority alteration in some form.\n                As a highly skilled and successful product development and design specialist with more than 4 Years of\n                My experience','2024-09-18 03:11:20','2024-09-18 03:11:20'),(42,'Exploration Kids',83,'Dog Trainer','2024-09-18','2024-09-18','There are many variations of passages of available, but the majority alteration in some form.\n                As a highly skilled and successful product development and design specialist with more than 4 Years of\n                My experience','2024-09-18 03:11:22','2024-09-18 03:11:22'),(43,'Darwin Travel',84,'Marketing Coordinator','2024-09-18','2024-09-18','There are many variations of passages of available, but the majority alteration in some form.\n                As a highly skilled and successful product development and design specialist with more than 4 Years of\n                My experience','2024-09-18 03:11:22','2024-09-18 03:11:22'),(44,'Exploration Kids',88,'Web Designer','2024-09-18','2024-09-18','There are many variations of passages of available, but the majority alteration in some form.\n                As a highly skilled and successful product development and design specialist with more than 4 Years of\n                My experience','2024-09-18 03:11:23','2024-09-18 03:11:23'),(45,'Exploration Kids',90,'Web Designer','2024-09-18','2024-09-18','There are many variations of passages of available, but the majority alteration in some form.\n                As a highly skilled and successful product development and design specialist with more than 4 Years of\n                My experience','2024-09-18 03:11:24','2024-09-18 03:11:24'),(46,'Spa Paragon',93,'Marketing Coordinator','2024-09-18','2024-09-18','There are many variations of passages of available, but the majority alteration in some form.\n                As a highly skilled and successful product development and design specialist with more than 4 Years of\n                My experience','2024-09-18 03:11:25','2024-09-18 03:11:25'),(47,'Exploration Kids',95,'Project Manager','2024-09-18','2024-09-18','There are many variations of passages of available, but the majority alteration in some form.\n                As a highly skilled and successful product development and design specialist with more than 4 Years of\n                My experience','2024-09-18 03:11:25','2024-09-18 03:11:25'),(48,'Exploration Kids',97,'Marketing Coordinator','2024-09-18','2024-09-18','There are many variations of passages of available, but the majority alteration in some form.\n                As a highly skilled and successful product development and design specialist with more than 4 Years of\n                My experience','2024-09-18 03:11:26','2024-09-18 03:11:26'),(49,'GameDay Catering',99,'Project Manager','2024-09-18','2024-09-18','There are many variations of passages of available, but the majority alteration in some form.\n                As a highly skilled and successful product development and design specialist with more than 4 Years of\n                My experience','2024-09-18 03:11:26','2024-09-18 03:11:26'),(50,'Party Plex',100,'Dog Trainer','2024-09-18','2024-09-18','There are many variations of passages of available, but the majority alteration in some form.\n                As a highly skilled and successful product development and design specialist with more than 4 Years of\n                My experience','2024-09-18 03:11:27','2024-09-18 03:11:27');

--
-- Table structure for table `jb_account_favorite_skills`
--

CREATE TABLE `jb_account_favorite_skills` (
  `skill_id` bigint unsigned NOT NULL,
  `account_id` bigint unsigned NOT NULL,
  PRIMARY KEY (`skill_id`,`account_id`)
) ENGINE=InnoDB DEFAULT CHARSET=utf8mb4 COLLATE=utf8mb4_unicode_ci;

--
-- Dumping data for table `jb_account_favorite_skills`
--


--
-- Table structure for table `jb_account_favorite_tags`
--

CREATE TABLE `jb_account_favorite_tags` (
  `tag_id` bigint unsigned NOT NULL,
  `account_id` bigint unsigned NOT NULL,
  PRIMARY KEY (`tag_id`,`account_id`)
) ENGINE=InnoDB DEFAULT CHARSET=utf8mb4 COLLATE=utf8mb4_unicode_ci;

--
-- Dumping data for table `jb_account_favorite_tags`
--


--
-- Table structure for table `jb_account_languages`
--

CREATE TABLE `jb_account_languages` (
  `id` bigint unsigned NOT NULL AUTO_INCREMENT,
  `account_id` bigint unsigned NOT NULL,
  `language_level_id` bigint unsigned NOT NULL,
  `language` varchar(10) COLLATE utf8mb4_unicode_ci NOT NULL,
  `is_native` tinyint(1) NOT NULL DEFAULT '0',
  `created_at` timestamp NULL DEFAULT NULL,
  `updated_at` timestamp NULL DEFAULT NULL,
  PRIMARY KEY (`id`)
) ENGINE=InnoDB DEFAULT CHARSET=utf8mb4 COLLATE=utf8mb4_unicode_ci;

--
-- Dumping data for table `jb_account_languages`
--


--
-- Table structure for table `jb_account_packages`
--

CREATE TABLE `jb_account_packages` (
  `id` bigint unsigned NOT NULL AUTO_INCREMENT,
  `account_id` bigint unsigned NOT NULL,
  `package_id` bigint unsigned NOT NULL,
  `created_at` timestamp NULL DEFAULT NULL,
  `updated_at` timestamp NULL DEFAULT NULL,
  PRIMARY KEY (`id`)
) ENGINE=InnoDB DEFAULT CHARSET=utf8mb4 COLLATE=utf8mb4_unicode_ci;

--
-- Dumping data for table `jb_account_packages`
--


--
-- Table structure for table `jb_account_password_resets`
--

CREATE TABLE `jb_account_password_resets` (
  `email` varchar(191) COLLATE utf8mb4_unicode_ci NOT NULL,
  `token` varchar(191) COLLATE utf8mb4_unicode_ci NOT NULL,
  `created_at` timestamp NULL DEFAULT NULL,
  KEY `jb_account_password_resets_email_index` (`email`),
  KEY `jb_account_password_resets_token_index` (`token`)
) ENGINE=InnoDB DEFAULT CHARSET=utf8mb4 COLLATE=utf8mb4_unicode_ci;

--
-- Dumping data for table `jb_account_password_resets`
--


--
-- Table structure for table `jb_accounts`
--

CREATE TABLE `jb_accounts` (
  `id` bigint unsigned NOT NULL AUTO_INCREMENT,
  `unique_id` varchar(191) COLLATE utf8mb4_unicode_ci DEFAULT NULL,
  `first_name` varchar(120) COLLATE utf8mb4_unicode_ci NOT NULL,
  `last_name` varchar(120) COLLATE utf8mb4_unicode_ci NOT NULL,
  `description` text COLLATE utf8mb4_unicode_ci,
  `gender` varchar(20) COLLATE utf8mb4_unicode_ci DEFAULT NULL,
  `email` varchar(191) COLLATE utf8mb4_unicode_ci NOT NULL,
  `password` varchar(191) COLLATE utf8mb4_unicode_ci NOT NULL,
  `avatar_id` bigint unsigned DEFAULT NULL,
  `dob` date DEFAULT NULL,
  `phone` varchar(25) COLLATE utf8mb4_unicode_ci DEFAULT NULL,
  `confirmed_at` datetime DEFAULT NULL,
  `email_verify_token` varchar(120) COLLATE utf8mb4_unicode_ci DEFAULT NULL,
  `type` varchar(30) COLLATE utf8mb4_unicode_ci NOT NULL DEFAULT 'job-seeker',
  `credits` int unsigned DEFAULT NULL,
  `resume` varchar(200) COLLATE utf8mb4_unicode_ci DEFAULT NULL,
  `address` varchar(250) COLLATE utf8mb4_unicode_ci DEFAULT NULL,
  `bio` mediumtext COLLATE utf8mb4_unicode_ci,
  `is_public_profile` tinyint unsigned NOT NULL DEFAULT '0',
  `hide_cv` tinyint(1) NOT NULL DEFAULT '0',
  `views` bigint unsigned NOT NULL DEFAULT '0',
  `is_featured` tinyint NOT NULL DEFAULT '0',
  `remember_token` varchar(100) COLLATE utf8mb4_unicode_ci DEFAULT NULL,
  `created_at` timestamp NULL DEFAULT NULL,
  `updated_at` timestamp NULL DEFAULT NULL,
  `available_for_hiring` tinyint(1) NOT NULL DEFAULT '1',
  `country_id` bigint unsigned DEFAULT '1',
  `state_id` bigint unsigned DEFAULT NULL,
  `city_id` bigint unsigned DEFAULT NULL,
  `cover_letter` varchar(200) COLLATE utf8mb4_unicode_ci DEFAULT NULL,
  PRIMARY KEY (`id`),
  UNIQUE KEY `jb_accounts_email_unique` (`email`),
  UNIQUE KEY `jb_accounts_unique_id_unique` (`unique_id`)
) ENGINE=InnoDB AUTO_INCREMENT=101 DEFAULT CHARSET=utf8mb4 COLLATE=utf8mb4_unicode_ci;

--
-- Dumping data for table `jb_accounts`
--

INSERT INTO `jb_accounts` VALUES (1,NULL,'Gene','Schmeler','Software Developer',NULL,'employer@archielite.com','$2y$12$nhL55W/2YmK8F7mOuJMEM.MixNWTuOlAMdIlLhjXj33HkzzA7kykG',186,'1972-10-22','+16073248012','2024-09-18 10:10:56',NULL,'employer',NULL,NULL,'15558 Lang Course\nGayton, WA 85634','The Queen turned crimson with fury, and, after waiting till she shook the house, \"Let us both go to on the look-out for serpents night and day! Why, I wouldn\'t say anything about it, you know.\' \'I.',1,0,4262,1,NULL,'2024-09-18 03:10:56','2024-09-18 03:10:56',0,1,NULL,NULL,NULL),(2,NULL,'Aubrey','Erdman','Creative Designer',NULL,'job_seeker@archielite.com','$2y$12$wwJUaB3fbt6XFlFWjBn9MOuUa3HtMy6S915dXfSUYJQ5ZCywxtTE.',185,'1973-07-17','+18063334718','2024-09-18 10:10:56',NULL,'job-seeker',NULL,'resume/01.pdf','681 Lempi Burg Suite 882\nTristinfort, UT 13770-9548','Like a tea-tray in the wind, and the Dormouse said--\' the Hatter said, turning to the game, the Queen till she heard a little house in it about four feet high. \'I wish the creatures wouldn\'t be in.',1,0,4544,1,NULL,'2024-09-18 03:10:56','2024-09-18 03:10:56',0,1,NULL,NULL,NULL),(3,NULL,'Sarah','Harding','Creative Designer',NULL,'sarah_harding@archielite.com','$2y$12$jSJR.PCLcMTrKjS6GAb1Se1MRhAWxh6wFOJwZIf/46mPHrQ5bMM/W',184,'1983-08-17','+19076920280','2024-09-18 10:10:57',NULL,'employer',NULL,NULL,'52490 Stracke Road\nPort Carrie, NY 01738','Mock Turtle yet?\' \'No,\' said the Pigeon; \'but if you\'ve seen them so often, of course had to be otherwise than what you had been wandering, when a cry of \'The trial\'s beginning!\' was heard in the.',1,0,808,0,NULL,'2024-09-18 03:10:57','2024-09-18 03:10:57',0,1,NULL,NULL,NULL),(4,NULL,'Steven','Jobs','Creative Designer',NULL,'steven_jobs@archielite.com','$2y$12$6KnsBrkmMIOrgXXfqUOHWOiRBBYohKAfbRBeQ5wNk.E6339h4EYQO',185,'1982-01-28','+14458076071','2024-09-18 10:10:57',NULL,'employer',NULL,NULL,'11574 Hyatt Meadow\nEast Maverickbury, ID 62071','Alice began to repeat it, when a sharp hiss made her so savage when they met in the air, mixed up with the Dormouse. \'Write that down,\' the King had said that day. \'No, no!\' said the Hatter: \'let\'s.',1,0,4420,1,NULL,'2024-09-18 03:10:57','2024-09-18 03:10:57',0,1,NULL,NULL,NULL),(5,NULL,'William','Kent','Creative Designer',NULL,'william_kent@archielite.com','$2y$12$UHn578TfOMUxLtCUenV9PeQhlkZZL2hC5mgSX47KyU7MQyM8OA1X6',186,'2001-05-05','+18608276245','2024-09-18 10:10:57',NULL,'employer',NULL,NULL,'9312 Breitenberg Extensions\nAurelieborough, TN 86892','Alice went on saying to herself, and once she remembered how small she was quite tired of being all alone here!\' As she said these words her foot as far down the hall. After a time there were a Duck.',1,0,2096,1,NULL,'2024-09-18 03:10:57','2024-09-18 03:10:57',1,1,NULL,NULL,NULL),(6,NULL,'Linda','Satterfield','Caterpillar. Alice.',NULL,'loyce77@feil.com','$2y$12$KnMHlMA9VtEzhNw9zSeKo.0fZC8Hhcm6tySO2xgbnOmJ..EutIAXe',185,'1976-07-29','+13232521411','2024-09-18 10:10:58',NULL,'employer',NULL,NULL,'8921 Macejkovic Via\nSouth Darron, MD 04417-5981','Cat in a tone of great relief. \'Call the next verse.\' \'But about his toes?\' the Mock Turtle persisted. \'How COULD he turn them out with his knuckles. It was the White Rabbit, who said in an offended.',1,0,2447,0,NULL,'2024-09-18 03:10:58','2024-09-18 03:10:58',1,1,NULL,NULL,NULL),(7,NULL,'Celestine','Gaylord','The first question.',NULL,'norene.abshire@kovacek.com','$2y$12$NP5lsAnraxVtI4H20gq/YerfnE9nCTYybRaFAbNsVfr7H3/dKk.6e',184,'2023-10-02','+12293885728','2024-09-18 10:10:58',NULL,'job-seeker',NULL,'resume/01.pdf','163 Berniece Radial\nEast Nathanaelside, IA 15846-2278','But here, to Alice\'s side as she could, for the next witness was the Hatter. This piece of it in less than no time to be sure, she had succeeded in curving it down into its face to see what was.',1,0,4239,1,NULL,'2024-09-18 03:10:58','2024-09-18 03:10:58',1,1,NULL,NULL,NULL),(8,NULL,'Cole','Hamill','Alice herself, and.',NULL,'kschuppe@hotmail.com','$2y$12$TxThR8Mg3EsXbUhxps5ANeUWVbei05USoEf2gO/k8.E/tOJ8XBFBa',185,'2002-05-17','+16785485412','2024-09-18 10:10:58',NULL,'employer',NULL,NULL,'96013 Dach Parkways\nSchambergerburgh, VT 57368','March Hare meekly replied. \'Yes, but some crumbs must have been ill.\' \'So they were,\' said the Hatter. \'Nor I,\' said the Mock Turtle, and to wonder what they WILL do next! As for pulling me out of.',1,0,970,1,NULL,'2024-09-18 03:10:58','2024-09-18 03:10:58',1,1,NULL,NULL,NULL),(9,NULL,'Imani','Ullrich','Alice could hardly.',NULL,'domingo.douglas@hettinger.info','$2y$12$qLZju.Z5hawotm7xDoKC1OyhoLGm4qlIcXkPjPZlHAESOpIdtLm5C',184,'2019-10-03','+13128069847','2024-09-18 10:10:59',NULL,'job-seeker',NULL,'resume/01.pdf','824 Kris Neck Apt. 675\nNorth Devinshire, ID 67910','So she began: \'O Mouse, do you call it purring, not growling,\' said Alice. \'Then it ought to be two people! Why, there\'s hardly room to open them again, and did not get hold of its right paw round.',1,0,1831,1,NULL,'2024-09-18 03:10:59','2024-09-18 03:10:59',0,1,NULL,NULL,NULL),(10,NULL,'Isidro','Murphy','Mouse, sharply and.',NULL,'kuhic.jameson@gmail.com','$2y$12$uG.sfe9h0XcSXsLidPV18eCrFdZRR/t4eDVxs9ICS1hEukUmj3lXO',184,'1983-03-02','+16236207271','2024-09-18 10:10:59',NULL,'job-seeker',NULL,'resume/01.pdf','4659 Irwin Throughway Suite 897\nFeilchester, IA 34023','Alice; \'all I know all the players, except the King, \'or I\'ll have you executed.\' The miserable Hatter dropped his teacup instead of onions.\' Seven flung down his face, as long as it was in the way.',1,0,1845,0,NULL,'2024-09-18 03:10:59','2024-09-18 03:10:59',1,1,NULL,NULL,NULL),(11,NULL,'Teagan','Parker','I\'m a deal faster.',NULL,'grimes.gino@durgan.net','$2y$12$h/4JMj6IkNX.d4TTcRZi7uf4VShE3AWjiYrcwP/HHK8KGjm6c5QG6',185,'2022-08-31','+16034475405','2024-09-18 10:10:59',NULL,'job-seeker',NULL,'resume/01.pdf','7943 Schowalter Inlet Apt. 244\nLake Johann, OH 72274','She is such a thing. After a time she saw in my own tears! That WILL be a book of rules for shutting people up like a sky-rocket!\' \'So you did, old fellow!\' said the Gryphon, \'that they WOULD go.',1,0,1268,0,NULL,'2024-09-18 03:10:59','2024-09-18 03:10:59',1,1,NULL,NULL,NULL),(12,NULL,'Drake','Doyle','Let me think: was.',NULL,'alisha52@hotmail.com','$2y$12$P3m9fngGDJgjjBT6A/qK5.CvgixKbhP8Jx99wA/NLgQpadhsu3Lnu',186,'1997-07-13','+18153819669','2024-09-18 10:11:00',NULL,'job-seeker',NULL,'resume/01.pdf','49020 Barton Causeway\nSouth Treva, MI 04631-1412','Hatter. \'He won\'t stand beating. Now, if you don\'t even know what to do, so Alice went on \'And how many miles I\'ve fallen by this time, as it could go, and broke off a bit afraid of interrupting.',1,0,4430,1,NULL,'2024-09-18 03:11:00','2024-09-18 03:11:00',1,1,NULL,NULL,NULL),(13,NULL,'Leta','Klocko','Alice: \'--where\'s.',NULL,'schamberger.bruce@yahoo.com','$2y$12$ojKzALrFIhpmPbcVx5cUFeac2ur3US8iwbuokz0QWwMyXGC2wLQXq',184,'1981-02-06','+19289291655','2024-09-18 10:11:00',NULL,'job-seeker',NULL,'resume/01.pdf','2372 Hessel Canyon\nCandidaton, NH 28367-2464','Alice. \'Nothing,\' said Alice. \'Of course twinkling begins with an M?\' said Alice. \'Of course you don\'t!\' the Hatter went on, \'if you only walk long enough.\' Alice felt dreadfully puzzled. The.',1,0,1206,1,NULL,'2024-09-18 03:11:00','2024-09-18 03:11:00',1,1,NULL,NULL,NULL),(14,NULL,'Ronny','Beahan','Alice, \'when one.',NULL,'zarmstrong@hotmail.com','$2y$12$hGvPzIZrcNGsHZowwCll4uYk282WE7jpcvN7uaiI4IqRdKPOQnSFq',186,'1974-09-16','+16319827902','2024-09-18 10:11:00',NULL,'employer',NULL,NULL,'4445 Bins Plaza\nNorth Gustavestad, MA 79905','I know!\' exclaimed Alice, who had meanwhile been examining the roses. \'Off with her arms round it as to prevent its undoing itself,) she carried it out into the sky all the players, except the.',1,0,1314,1,NULL,'2024-09-18 03:11:00','2024-09-18 03:11:00',0,1,NULL,NULL,NULL),(15,NULL,'Marilou','O\'Keefe','Alice, and tried.',NULL,'ella.boyer@hotmail.com','$2y$12$wc6WJvxZDgKeC3b98kzwsuue/Gu2pCfmJAS0ed4dsLSI7WSYciosW',186,'1991-11-15','+12409965707','2024-09-18 10:11:01',NULL,'job-seeker',NULL,'resume/01.pdf','8804 Julio Prairie Suite 111\nHirthemouth, UT 01721','Alice and all of you, and listen to her. The Cat seemed to be ashamed of yourself,\' said Alice, (she had kept a piece of evidence we\'ve heard yet,\' said the Mock Turtle went on. \'Or would you tell.',1,0,1586,0,NULL,'2024-09-18 03:11:01','2024-09-18 03:11:01',1,1,NULL,NULL,NULL),(16,NULL,'Alessandro','Collins','Pray how did you.',NULL,'powlowski.fern@yundt.com','$2y$12$VyvdDh7hXNkzctJmSsJuNOwFzsLFpz0nQWg2QiS1q.DOtextQb3kW',186,'1996-10-15','+13258580463','2024-09-18 10:11:01',NULL,'job-seeker',NULL,'resume/01.pdf','128 Shanahan Causeway Suite 981\nWest Cynthia, MO 80780','Caterpillar took the hookah out of its little eyes, but it puzzled her a good deal: this fireplace is narrow, to be sure; but I grow at a reasonable pace,\' said the Hatter. \'Does YOUR watch tell you.',1,0,1570,0,NULL,'2024-09-18 03:11:01','2024-09-18 03:11:01',1,1,NULL,NULL,NULL),(17,NULL,'Murl','McCullough','EVER happen in a.',NULL,'esther.medhurst@sporer.com','$2y$12$Hun4GHjFJJ5qBllL2BU0KOxvhS.qbczumwRdoehdDm3vbb5vVC2Dy',186,'1972-03-16','+13607340730','2024-09-18 10:11:01',NULL,'job-seeker',NULL,'resume/01.pdf','9078 Blanca Valleys\nMagalifort, ID 12205','I then? Tell me that first, and then, \'we went to work shaking him and punching him in the sun. (IF you don\'t even know what they\'re like.\' \'I believe so,\' Alice replied thoughtfully. \'They have.',1,0,3408,1,NULL,'2024-09-18 03:11:01','2024-09-18 03:11:01',0,1,NULL,NULL,NULL),(18,NULL,'Idella','Dickens','Please, Ma\'am, is.',NULL,'durgan.jaclyn@hotmail.com','$2y$12$bJlUn/58ZB3t3ZR9i7YIJuO33Lkuz2P24NYEc/ENeU9MHkIYjMHLO',186,'1981-05-31','+14696219569','2024-09-18 10:11:02',NULL,'employer',NULL,NULL,'54347 Willie Tunnel\nLake Ilastad, KS 56395','Gryphon went on, very much of a muchness?\' \'Really, now you ask me,\' said Alice, (she had kept a piece of evidence we\'ve heard yet,\' said Alice; \'I daresay it\'s a French mouse, come over with.',1,0,4998,0,NULL,'2024-09-18 03:11:02','2024-09-18 03:11:02',0,1,NULL,NULL,NULL),(19,NULL,'Kaden','Fisher','Fish-Footman was.',NULL,'gia60@hotmail.com','$2y$12$UHuuLGnG18dLhMyDnh1W.ebGT8Hb8oCvJZiA4s3vpTMRDgL6GuA0W',185,'1991-05-23','+12054215423','2024-09-18 10:11:02',NULL,'job-seeker',NULL,'resume/01.pdf','9404 Casper Route\nNew Yadira, NY 93696-4901','Father William replied to his son, \'I feared it might tell her something about the right house, because the Duchess sneezed occasionally; and as the doubled-up soldiers were silent, and looked at.',1,0,4316,1,NULL,'2024-09-18 03:11:02','2024-09-18 03:11:02',0,1,NULL,NULL,NULL),(20,NULL,'Alejandra','Wolf','ALL PERSONS MORE.',NULL,'lolita.gleichner@gmail.com','$2y$12$HR5vZgA7VUi2MXw8.ojVYura0tu5GDa9.T4DzKSuD7Gb.zjQx67p.',185,'2006-05-02','+18206659735','2024-09-18 10:11:02',NULL,'employer',NULL,NULL,'763 Hane Neck\nJuneburgh, SD 09766','Duchess replied, in a large crowd collected round it: there were any tears. No, there were no arches left, and all her riper years, the simple and loving heart of her voice. Nobody moved. \'Who cares.',1,0,2425,0,NULL,'2024-09-18 03:11:02','2024-09-18 03:11:02',0,1,NULL,NULL,NULL),(21,NULL,'Betty','Emard','Miss, we\'re doing.',NULL,'kimberly.quigley@yahoo.com','$2y$12$82QV2HQg3uFhMEV61oyUjOvXCziu1tI1nc7.EAB/A8JgaHKBMNiQm',185,'1986-02-27','+15153484188','2024-09-18 10:11:03',NULL,'job-seeker',NULL,'resume/01.pdf','20352 Isobel Field Apt. 995\nGarnetbury, WA 73700-4919','Because he knows it teases.\' CHORUS. (In which the words have got in as well,\' the Hatter asked triumphantly. Alice did not like to go from here?\' \'That depends a good opportunity for making her.',1,0,2164,1,NULL,'2024-09-18 03:11:03','2024-09-18 03:11:03',0,1,NULL,NULL,NULL),(22,NULL,'Jaqueline','Strosin','There was exactly.',NULL,'zblock@hotmail.com','$2y$12$hOgH9AFh96NbTqeS9iyacuBoW3PC3QTIjWheJfZODiIZAsUHI7KSm',184,'1974-02-02','+17186004294','2024-09-18 10:11:03',NULL,'job-seeker',NULL,'resume/01.pdf','5098 Senger Locks\nNew Jaylen, TX 77964','Grammar, \'A mouse--of a mouse--to a mouse--a mouse--O mouse!\') The Mouse only growled in reply. \'Idiot!\' said the King, looking round the neck of the court and got behind him, and very soon finished.',1,0,131,0,NULL,'2024-09-18 03:11:03','2024-09-18 03:11:03',0,1,NULL,NULL,NULL),(23,NULL,'Romaine','Kessler','I\'ll have you got.',NULL,'mcclure.ashlynn@spinka.com','$2y$12$JoWXk0quqqCbGNbkBVXgE.TGGb5WKeT/MtK8bMLGhidK6LGee5PBO',186,'1981-07-27','+19062811684','2024-09-18 10:11:03',NULL,'employer',NULL,NULL,'9550 Kiehn Canyon\nAlethastad, ND 15903','I should like it put more simply--\"Never imagine yourself not to her, one on each side to guard him; and near the King said, with a teacup in one hand and a large dish of tarts upon it: they looked.',1,0,4984,1,NULL,'2024-09-18 03:11:03','2024-09-18 03:11:03',0,1,NULL,NULL,NULL),(24,NULL,'Derek','Gulgowski','Normans--\" How are.',NULL,'igoldner@yahoo.com','$2y$12$4PqJjXphyoOPrPc43VTYmObgd6TrOdtdp9JGledO.TNiagIDpgAXK',184,'1992-06-14','+17658621904','2024-09-18 10:11:03',NULL,'employer',NULL,NULL,'5289 Koss Mission Suite 267\nLake Cale, FL 57306','Mock Turtle. Alice was too late to wish that! She went on in a day did you begin?\' The Hatter was the fan and gloves--that is, if I would talk on such a simple question,\' added the Dormouse, not.',1,0,4248,1,NULL,'2024-09-18 03:11:03','2024-09-18 03:11:03',1,1,NULL,NULL,NULL),(25,NULL,'Amir','Witting','I? Ah, THAT\'S the.',NULL,'connor75@yahoo.com','$2y$12$L0MnONmHMj9Qemw1w82cBeKCziOLwHtJsQEx1G2NBSFtwWpB4/A8C',184,'1974-07-24','+14428298982','2024-09-18 10:11:04',NULL,'employer',NULL,NULL,'6170 Mohr Mall\nBettymouth, MA 27867-8789','I shall ever see such a nice little dog near our house I should think very likely true.) Down, down, down. Would the fall was over. Alice was so small as this is May it won\'t be raving mad--at least.',1,0,2516,0,NULL,'2024-09-18 03:11:04','2024-09-18 03:11:04',0,1,NULL,NULL,NULL),(26,NULL,'Clarissa','Johnson','Who in the air: it.',NULL,'swisoky@hotmail.com','$2y$12$laYfjAaI30wsaJD6e2vdYuD/se5OgPuV8rhsBuHGZGJbUORHTrCbu',184,'1986-03-12','+13312886728','2024-09-18 10:11:04',NULL,'job-seeker',NULL,'resume/01.pdf','45767 Destany Wall\nCroninmouth, KS 82755-9475','Alice, \'when one wasn\'t always growing larger and smaller, and being ordered about by mice and rabbits. I almost wish I hadn\'t quite finished my tea when I got up and rubbed its eyes: then it.',1,0,1773,0,NULL,'2024-09-18 03:11:04','2024-09-18 03:11:04',1,1,NULL,NULL,NULL),(27,NULL,'Modesta','Wintheiser','OURS they had been.',NULL,'senger.rhianna@gmail.com','$2y$12$l/tWh4S92FN./7l/XHQABuppv4kKdvVO4nsQks.2bldHeSmrNqki.',184,'2017-04-11','+15164386850','2024-09-18 10:11:04',NULL,'employer',NULL,NULL,'114 Ritchie Trafficway Suite 935\nPort Willy, IN 36648-1932','After a time she found her head made her draw back in their mouths. So they began running when they liked, and left off writing on his spectacles and looked at poor Alice, \'to pretend to be full of.',1,0,1336,1,NULL,'2024-09-18 03:11:04','2024-09-18 03:11:04',0,1,NULL,NULL,NULL),(28,NULL,'Christopher','Davis','Dodo replied very.',NULL,'udach@yahoo.com','$2y$12$LMaQO5QUn5JpMzb9CRqtQOb2U/bWcptPL7aiDMYz1vihlkHdt4OiW',185,'1974-08-28','+15153711055','2024-09-18 10:11:05',NULL,'employer',NULL,NULL,'1975 Grimes Rest Suite 057\nRobelstad, MO 08012-4591','Number One,\' said Alice. \'Call it what you had been all the jurymen on to the door. \'Call the next witness!\' said the Mock Turtle, suddenly dropping his voice; and Alice joined the procession.',1,0,3457,0,NULL,'2024-09-18 03:11:05','2024-09-18 03:11:05',0,1,NULL,NULL,NULL),(29,NULL,'Paige','Bednar','Mouse in the same.',NULL,'bboehm@yost.info','$2y$12$9TGhF34bUqs7G6KD2XTkieUlMPK9ZJ8honc/s9X1MppjVqkg0zDVm',184,'2020-03-13','+18103647199','2024-09-18 10:11:05',NULL,'employer',NULL,NULL,'93905 Garland Union Suite 344\nEast Cara, ID 10701','After these came the guests, mostly Kings and Queens, and among them Alice recognised the White Rabbit, jumping up in her life, and had to stoop to save her neck from being run over; and the party.',1,0,1152,1,NULL,'2024-09-18 03:11:05','2024-09-18 03:11:05',1,1,NULL,NULL,NULL),(30,NULL,'Susie','Konopelski','There was a dead.',NULL,'letitia75@yahoo.com','$2y$12$rMOmg0.5EoWyO96.r/ggouvfqk1l2JIbyOXxvH7GULHxx7frJ0G7y',185,'1971-02-04','+13618709655','2024-09-18 10:11:05',NULL,'employer',NULL,NULL,'5169 Michele Glens\nGenovevatown, RI 70822','I THINK; or is it directed to?\' said the Pigeon; \'but if you\'ve seen them so often, you know.\' \'Not the same side of the Lobster Quadrille?\' the Gryphon went on to the croquet-ground. The other side.',1,0,1580,0,NULL,'2024-09-18 03:11:05','2024-09-18 03:11:05',0,1,NULL,NULL,NULL),(31,NULL,'Araceli','Jacobs','The Mock Turtle\'s.',NULL,'nlegros@yahoo.com','$2y$12$Kc245KZ1ryRxhJPO/ibAv.YLj.d47H/PtGkWQdRqnCB6oH2o7XrCq',184,'2000-04-21','+15738402706','2024-09-18 10:11:06',NULL,'employer',NULL,NULL,'128 Halvorson Vista Apt. 124\nRobertotown, OK 30632','Alice could hardly hear the very middle of one! There ought to speak, but for a long argument with the bones and the Dormouse followed him: the March Hare. \'It was a long sleep you\'ve had!\' \'Oh.',1,0,3946,0,NULL,'2024-09-18 03:11:06','2024-09-18 03:11:06',1,1,NULL,NULL,NULL),(32,NULL,'Brigitte','Kessler','The Footman seemed.',NULL,'ikuvalis@kiehn.com','$2y$12$6vhUA5PsaDzuKteM2vWyd.ZejXVs015UijsvTmxVrPHCdxqan3sQK',186,'1977-04-11','+17606592493','2024-09-18 10:11:06',NULL,'employer',NULL,NULL,'4517 Donna Centers Apt. 485\nNew Fatima, TN 23485-8837','In the very tones of the house, and wondering whether she ought to have any rules in particular; at least, if there are, nobody attends to them--and you\'ve no idea what a dear quiet thing,\' Alice.',1,0,1380,0,NULL,'2024-09-18 03:11:06','2024-09-18 03:11:06',0,1,NULL,NULL,NULL),(33,NULL,'Hobart','Kutch','Queen, and Alice.',NULL,'orrin.stracke@hotmail.com','$2y$12$pfYEoIMdx7cGQz7MyGzCw.j3xZCa325ahc2qutb/t1ZA5rUZyNfj.',186,'1978-07-21','+13257930194','2024-09-18 10:11:06',NULL,'job-seeker',NULL,'resume/01.pdf','263 Breitenberg Park\nHeavenstad, LA 63025-8806','Gryphon. \'I\'ve forgotten the words.\' So they sat down, and felt quite unhappy at the house, and the poor little juror (it was exactly three inches high). \'But I\'m not looking for eggs, I know THAT.',1,0,4815,0,NULL,'2024-09-18 03:11:06','2024-09-18 03:11:06',0,1,NULL,NULL,NULL),(34,NULL,'Jace','Pacocha','Alice; \'living at.',NULL,'tgislason@wolf.org','$2y$12$86fE5IL4lOYG.Hl.f2Cu5.m9uK1TL9Vc6OxfSKA53OEEb2EV//Sg6',186,'1999-12-16','+16012865864','2024-09-18 10:11:07',NULL,'job-seeker',NULL,'resume/01.pdf','66116 Murray Spur\nNelletown, MT 63714-2900','Oh dear! I shall ever see such a pleasant temper, and thought it would be the use of repeating all that stuff,\' the Mock Turtle went on, \'if you only walk long enough.\' Alice felt a little feeble.',1,0,3979,1,NULL,'2024-09-18 03:11:07','2024-09-18 03:11:07',0,1,NULL,NULL,NULL),(35,NULL,'Trever','Mills','RABBIT\' engraved.',NULL,'alisa55@spinka.net','$2y$12$ePsINqgb.ymNdB8P4lk1IOBdwzqL7RixC16k6r4wE/R0nL46q32cC',185,'1978-04-08','+13862276705','2024-09-18 10:11:07',NULL,'job-seeker',NULL,'resume/01.pdf','4254 Nikolaus Court\nNew Lucile, SD 35436','Mock Turtle yawned and shut his note-book hastily. \'Consider your verdict,\' he said in an undertone, \'important--unimportant--unimportant--important--\' as if it thought that she might as well to.',1,0,2342,0,NULL,'2024-09-18 03:11:07','2024-09-18 03:11:07',0,1,NULL,NULL,NULL),(36,NULL,'Kyler','Schowalter','What happened to.',NULL,'uwelch@gmail.com','$2y$12$c0Pv6bvjS8GzdtGuRZKzq.2Ad5NPYFUtCMM..B0QnKPaN9JAi1vE2',184,'2014-10-03','+19737740820','2024-09-18 10:11:07',NULL,'job-seeker',NULL,'resume/01.pdf','54152 Mandy Drive\nEast Trever, NY 97007','VERY wide, but she had grown so large a house, that she had read about them in books, and she thought it would be of any that do,\' Alice said to herself, \'after such a new idea to Alice, and she at.',1,0,2616,0,NULL,'2024-09-18 03:11:07','2024-09-18 03:11:07',1,1,NULL,NULL,NULL),(37,NULL,'Ena','Dietrich','Yet you balanced.',NULL,'harvey.chaim@gmail.com','$2y$12$IAxqgcsug3GCDfTF98xr0um2h/JJ5aFgb3RF/wiKqQGCMx6HhGpPK',184,'2003-01-18','+19043321737','2024-09-18 10:11:07',NULL,'employer',NULL,NULL,'80751 Alyce Mount Suite 885\nDannieberg, MA 82781','Cat; and this was her dream:-- First, she dreamed of little animals and birds waiting outside. The poor little thing howled so, that Alice said; but was dreadfully puzzled by the end of the.',1,0,702,0,NULL,'2024-09-18 03:11:07','2024-09-18 03:11:07',1,1,NULL,NULL,NULL),(38,NULL,'Emmy','McGlynn','At last the Dodo.',NULL,'katheryn.bergstrom@lindgren.org','$2y$12$xFFhDK/NpqNdsln16YgkZea.jZ1UX0z8QfLDSIlkgqcuB1B/u0Wm2',184,'2021-08-17','+15209377081','2024-09-18 10:11:08',NULL,'employer',NULL,NULL,'363 Devan Ways Apt. 392\nKaiamouth, NE 09285','Mystery,\' the Mock Turtle. \'Hold your tongue!\' added the Dormouse, without considering at all a pity. I said \"What for?\"\' \'She boxed the Queen\'s ears--\' the Rabbit angrily. \'Here! Come and help me.',1,0,1674,1,NULL,'2024-09-18 03:11:08','2024-09-18 03:11:08',1,1,NULL,NULL,NULL),(39,NULL,'Bethany','Walker','RABBIT\' engraved.',NULL,'hills.antonietta@gmail.com','$2y$12$ukbhvK7hZsGgPynv1nOD/u2akZWXvxws0nWVjiF0dsKYUncdBxDei',186,'2023-10-04','+17315387176','2024-09-18 10:11:08',NULL,'job-seeker',NULL,'resume/01.pdf','721 Willms Walk Apt. 919\nPort Cloydmouth, MS 11555-1276','What happened to me! When I used to say \'I once tasted--\' but checked herself hastily, and said nothing. \'Perhaps it doesn\'t mind.\' The table was a good deal worse off than before, as the March Hare.',1,0,3906,0,NULL,'2024-09-18 03:11:08','2024-09-18 03:11:08',0,1,NULL,NULL,NULL),(40,NULL,'Sigrid','Padberg','Alice, in a great.',NULL,'roslyn59@hotmail.com','$2y$12$uOHdOKYUHFCI.HEFkPnfmeMmEZ.nnWi6hUxeUqxw2b0UBRlPf387i',184,'2015-08-06','+14452821585','2024-09-18 10:11:08',NULL,'employer',NULL,NULL,'9465 Dandre Throughway Apt. 645\nWest Tavares, OH 42502-8126','He was an uncomfortably sharp chin. However, she did not dare to laugh; and, as the rest of my own. I\'m a deal faster than it does.\' \'Which would NOT be an old conger-eel, that used to read.',1,0,4864,1,NULL,'2024-09-18 03:11:08','2024-09-18 03:11:08',1,1,NULL,NULL,NULL),(41,NULL,'Rosalee','Mueller','Alice looked very.',NULL,'amir.balistreri@berge.biz','$2y$12$tVCgWgYtmI1rhROB.ZWElOh.wIrN5goC/OPbWAdZUkAYl4NUVMCZK',184,'1994-08-22','+15163274832','2024-09-18 10:11:09',NULL,'employer',NULL,NULL,'6408 Frieda Vista Suite 246\nSouth Kaylinstad, TX 19597-4109','Alice looked at her as hard as she picked up a little scream of laughter. \'Oh, hush!\' the Rabbit just under the door; so either way I\'ll get into her head. \'If I eat one of the tale was something.',1,0,2572,0,NULL,'2024-09-18 03:11:09','2024-09-18 03:11:09',0,1,NULL,NULL,NULL),(42,NULL,'Jeff','Bernhard','Down, down, down.',NULL,'katherine.kulas@yahoo.com','$2y$12$.QCZgYTewlHzH4IPLzawa.YoFzeSZB409R7Z6zM695lW8kNS7V2Ae',184,'2001-09-09','+18657824635','2024-09-18 10:11:09',NULL,'employer',NULL,NULL,'779 Murphy Common\nHaagburgh, LA 35045-3591','Gryphon. \'They can\'t have anything to put the hookah out of the house, and found herself in a large crowd collected round it: there was no \'One, two, three, and away,\' but they all cheered. Alice.',1,0,4606,1,NULL,'2024-09-18 03:11:09','2024-09-18 03:11:09',1,1,NULL,NULL,NULL),(43,NULL,'Shanon','Hane','The Queen turned.',NULL,'aglae.mayer@yahoo.com','$2y$12$XQIVMCVbw11Fj0lHnM8jr.h47Dkxk4owTnlTWXT1Syt6BwZlAV476',184,'1988-06-04','+18596053414','2024-09-18 10:11:09',NULL,'employer',NULL,NULL,'392 O\'Keefe Trace\nSouth Keagan, TX 04251','Hatter, \'when the Queen put on his spectacles. \'Where shall I begin, please your Majesty,\' said Alice in a very little use, as it didn\'t much matter which way I ought to be full of soup. \'There\'s.',1,0,3778,0,NULL,'2024-09-18 03:11:09','2024-09-18 03:11:09',0,1,NULL,NULL,NULL),(44,NULL,'Tavares','Braun','Mouse heard this.',NULL,'floy77@hotmail.com','$2y$12$okwBtcnKMt09gnaS44q8hOHiV0bcsdRvhbR24ySqCE2VUMBNLA9nK',185,'2009-03-15','+16189507506','2024-09-18 10:11:09',NULL,'job-seeker',NULL,'resume/01.pdf','771 Eladio Court\nPerrystad, MA 35663-4736','An obstacle that came between Him, and ourselves, and it. Don\'t let him know she liked them best, For this must ever be A secret, kept from all the arches are gone from this side of the baby?\' said.',1,0,350,1,NULL,'2024-09-18 03:11:09','2024-09-18 03:11:09',0,1,NULL,NULL,NULL),(45,NULL,'Jayne','Ebert','Alice. \'Nothing,\'.',NULL,'daryl39@yahoo.com','$2y$12$/pZblqaLayjOdbWnIbfEI.VQewLrbmeIdgWptQ7KIqBWdl2WORcTG',186,'1997-09-09','+12487919682','2024-09-18 10:11:10',NULL,'job-seeker',NULL,'resume/01.pdf','9942 Denesik Divide\nEast Rickeyton, TN 39863','I can remember feeling a little while, however, she again heard a little of her going, though she felt sure it would be the right distance--but then I wonder what they said. The executioner\'s.',1,0,4544,1,NULL,'2024-09-18 03:11:10','2024-09-18 03:11:10',0,1,NULL,NULL,NULL),(46,NULL,'Nelda','Armstrong','Footman, and began.',NULL,'vwiza@hotmail.com','$2y$12$TQNlGaWBrCCRreDjJqCeluyKLJP2gKF7yKnb1uPNnyX18EJT/izjK',186,'1980-07-08','+18563048011','2024-09-18 10:11:10',NULL,'employer',NULL,NULL,'32748 Stanton Rue\nMaximefurt, NE 81940','And mentioned me to introduce it.\' \'I don\'t know what a long silence after this, and after a minute or two, and the great wonder is, that there\'s any one of the words \'EAT ME\' were beautifully.',1,0,3506,1,NULL,'2024-09-18 03:11:10','2024-09-18 03:11:10',1,1,NULL,NULL,NULL),(47,NULL,'Westley','Hermiston','As there seemed to.',NULL,'predovic.grayson@yahoo.com','$2y$12$ZCfdW7kYGGJRwGsdTu0Xf.xtNd04c1wR94uVDzpw5OOtLVzEAadSK',184,'1996-03-08','+15016526515','2024-09-18 10:11:10',NULL,'job-seeker',NULL,'resume/01.pdf','838 Jakubowski Forest Suite 659\nEast Clarebury, WV 07238','TWO little shrieks, and more faintly came, carried on the glass table as before, \'and things are \"much of a well?\' \'Take some more of the trees behind him. \'--or next day, maybe,\' the Footman went.',1,0,4802,0,NULL,'2024-09-18 03:11:10','2024-09-18 03:11:10',1,1,NULL,NULL,NULL),(48,NULL,'Valentine','Nicolas','How she longed to.',NULL,'kieran.langosh@ondricka.com','$2y$12$4QGEO/MILUCmRyRqvRIp7ebjT9H5LZ9Hjdxq.9ecpcSW0lzDlj36u',184,'1992-02-10','+19104603357','2024-09-18 10:11:11',NULL,'employer',NULL,NULL,'4372 Ophelia Common\nFayland, HI 12063-6903','FIT--\" you never even introduced to a mouse, you know. So you see, as they all spoke at once, in a shrill, passionate voice. \'Would YOU like cats if you please! \"William the Conqueror, whose cause.',1,0,1498,0,NULL,'2024-09-18 03:11:11','2024-09-18 03:11:11',0,1,NULL,NULL,NULL),(49,NULL,'Yesenia','Altenwerth','Dodo, pointing to.',NULL,'trudie97@hintz.com','$2y$12$LO2ZynNjQlfICt2bH9wTN.T3g5TTYDSrGpQY3xApyQKH/XrrrtgEC',186,'1976-08-22','+12675789865','2024-09-18 10:11:11',NULL,'employer',NULL,NULL,'136 Elton Island\nHicklebury, TN 72558-5448','Two. Two began in a tone of great curiosity. \'It\'s a friend of mine--a Cheshire Cat,\' said Alice: \'three inches is such a curious plan!\' exclaimed Alice. \'That\'s the judge,\' she said to herself, and.',1,0,4742,0,NULL,'2024-09-18 03:11:11','2024-09-18 03:11:11',0,1,NULL,NULL,NULL),(50,NULL,'Lelah','Heathcote','Mock Turtle: \'nine.',NULL,'ularson@fisher.biz','$2y$12$gyVUUPEgQHGQc8mQbotHVO8i.0tI0Y4aZDS52/VMEbm7VPEVzs5wO',186,'2013-08-12','+17475643523','2024-09-18 10:11:11',NULL,'job-seeker',NULL,'resume/01.pdf','97772 Salma Gardens Apt. 222\nNew Ronnyborough, ND 97352','I learn music.\' \'Ah! that accounts for it,\' said Alice hastily; \'but I\'m not myself, you see.\' \'I don\'t even know what to beautify is, I suppose?\' \'Yes,\' said Alice as she could, for her to begin.\'.',1,0,2331,1,NULL,'2024-09-18 03:11:11','2024-09-18 03:11:11',0,1,NULL,NULL,NULL),(51,NULL,'Bud','Harris','Poor Alice! It was.',NULL,'hudson.lenora@gmail.com','$2y$12$v7MdJz/GExWYO8.QMzqptuS0Y9OqYNUecmImU0F/9dsRFfO206.Ze',185,'2012-12-02','+12539854365','2024-09-18 10:11:12',NULL,'job-seeker',NULL,'resume/01.pdf','39214 Claud Walk Apt. 501\nRosalindstad, KS 68775','And in she went. Once more she found herself in the last concert!\' on which the words \'DRINK ME,\' but nevertheless she uncorked it and put it more clearly,\' Alice replied thoughtfully. \'They have.',1,0,4864,0,NULL,'2024-09-18 03:11:12','2024-09-18 03:11:12',1,1,NULL,NULL,NULL),(52,NULL,'Antonietta','Wintheiser','She generally gave.',NULL,'hills.dejah@yahoo.com','$2y$12$8co/Ygd40AGqP486ibHtAOXlwUQU.r9yjTqYZbSdcbnhDG/ZfOzL6',185,'1990-02-05','+15623574904','2024-09-18 10:11:12',NULL,'employer',NULL,NULL,'80955 Henriette Courts\nAltatown, NY 78674','THAT\'S all wrong, I\'m certain! I must have been ill.\' \'So they were,\' said the King, going up to the Gryphon. \'I mean, what makes them bitter--and--and barley-sugar and such things that make.',1,0,4520,0,NULL,'2024-09-18 03:11:12','2024-09-18 03:11:12',0,1,NULL,NULL,NULL),(53,NULL,'Dana','Quitzon','EVER happen in a.',NULL,'obernier@blanda.biz','$2y$12$LPofsbfLuKO8BDTzwCwlv.2mXFmqYcTcEpbY9TZ7oWbU9WtbifiYq',184,'1999-06-27','+19348979351','2024-09-18 10:11:12',NULL,'employer',NULL,NULL,'6965 Ashly Wall\nWhitemouth, NJ 41971-7282','RABBIT\' engraved upon it. She went in without knocking, and hurried upstairs, in great fear lest she should meet the real Mary Ann, and be turned out of a muchness\"--did you ever saw. How she longed.',1,0,2303,1,NULL,'2024-09-18 03:11:12','2024-09-18 03:11:12',0,1,NULL,NULL,NULL),(54,NULL,'Giovanny','Hills','So she set to work.',NULL,'franecki.nicklaus@gmail.com','$2y$12$KqMYxKZqnBwMGTyOi0GED.Wv2DtOzK/aVTfAVQdtsuH1dTWekqcMm',184,'2000-03-14','+12814427020','2024-09-18 10:11:12',NULL,'job-seeker',NULL,'resume/01.pdf','82753 Grady Manor\nKreigerland, LA 11431','French lesson-book. The Mouse did not quite like the look of it in a low, timid voice, \'If you knew Time as well as I was thinking I should think you\'ll feel it a violent shake at the Hatter, and he.',1,0,2937,0,NULL,'2024-09-18 03:11:12','2024-09-18 03:11:12',0,1,NULL,NULL,NULL),(55,NULL,'Juliet','Bernhard','Alice in a voice.',NULL,'edmund.dickens@barrows.org','$2y$12$XX/f.oEKpmCxJDpWXWIva.Ke6TdIosd46o9BdlcAe7rGT.xwZUgUK',185,'1999-12-14','+13644976291','2024-09-18 10:11:13',NULL,'job-seeker',NULL,'resume/01.pdf','12514 Paris Burgs\nEast Sarina, AK 94725-6928','Alice could bear: she got back to the Duchess: \'what a clear way you go,\' said the March Hare had just begun to dream that she hardly knew what she was ever to get in?\' she repeated, aloud. \'I shall.',1,0,1853,1,NULL,'2024-09-18 03:11:13','2024-09-18 03:11:13',0,1,NULL,NULL,NULL),(56,NULL,'Maida','Kunde','March Hare said to.',NULL,'buckridge.leanne@bernier.com','$2y$12$cvDV5pkLbJdiuIalJOaH..cccoNwR.kLdyiONpV9F/JeAT4z2Zr.K',184,'2001-11-08','+13802166917','2024-09-18 10:11:13',NULL,'job-seeker',NULL,'resume/01.pdf','655 Drake Road Apt. 039\nNorth Antwanfurt, NE 02650-1851','He looked at Alice. \'It goes on, you know,\' the Hatter hurriedly left the court, without even looking round. \'I\'ll fetch the executioner went off like an arrow. The Cat\'s head began fading away the.',1,0,3898,0,NULL,'2024-09-18 03:11:13','2024-09-18 03:11:13',0,1,NULL,NULL,NULL),(57,NULL,'Adeline','Beer','GAVE HER ONE, THEY.',NULL,'wanda.lowe@yahoo.com','$2y$12$jElmTVuq5.URQQ35uxf0IOySV8spoqsVUZTHUjD23K3SR2ihzbE.2',185,'1981-10-06','+19373957658','2024-09-18 10:11:13',NULL,'job-seeker',NULL,'resume/01.pdf','79385 Metz Summit Apt. 943\nBernhardhaven, TX 60298-5814','So she tucked it away under her arm, that it was all finished, the Owl, as a boon, Was kindly permitted to pocket the spoon: While the Owl and the baby with some difficulty, as it could go, and.',1,0,1064,1,NULL,'2024-09-18 03:11:13','2024-09-18 03:11:13',0,1,NULL,NULL,NULL),(58,NULL,'Leonie','Parker','Alice had not gone.',NULL,'lambert72@champlin.com','$2y$12$wo/py20gLEdJ.aG14aKvn.S.m3dM691ew.2SmGqRh4s80N6EWq7ZO',186,'1993-02-10','+13012227329','2024-09-18 10:11:14',NULL,'employer',NULL,NULL,'783 Smith Ranch Suite 101\nCrooksside, MO 68385-6999','Gryphon as if she were saying lessons, and began whistling. \'Oh, there\'s no use speaking to a shriek, \'and just as well say,\' added the Dormouse, not choosing to notice this last remark that had.',1,0,4069,1,NULL,'2024-09-18 03:11:14','2024-09-18 03:11:14',1,1,NULL,NULL,NULL),(59,NULL,'Bryana','Sanford','White Rabbit read.',NULL,'gussie.kautzer@hotmail.com','$2y$12$lB4axcbSrR6OVteV5AoTj.LJxQSHAuNeYB7DFtJnA1vhr1gTln3zu',184,'1990-01-09','+14426518080','2024-09-18 10:11:14',NULL,'employer',NULL,NULL,'5882 Anabel Forest Apt. 950\nPort Romanmouth, SD 37150','Alice was not going to say,\' said the Mock Turtle. \'She can\'t explain it,\' said Alice, \'I\'ve often seen them at last, they must needs come wriggling down from the sky! Ugh, Serpent!\' \'But I\'m not.',1,0,2560,0,NULL,'2024-09-18 03:11:14','2024-09-18 03:11:14',1,1,NULL,NULL,NULL),(60,NULL,'Ursula','Gleason','White Rabbit; \'in.',NULL,'equigley@gmail.com','$2y$12$Vrrzw0l7CU4.RJYGoU4DReDw.NN3h.FWUXS6QHfAnU/7OwxkgV7o6',186,'1992-07-04','+14303771187','2024-09-18 10:11:14',NULL,'employer',NULL,NULL,'1443 Christ Circle Suite 381\nNorth Elmerville, NC 64880-2098','WILL do next! As for pulling me out of sight. Alice remained looking thoughtfully at the March Hare said to a lobster--\' (Alice began to repeat it, when a cry of \'The trial\'s beginning!\' was heard.',1,0,4153,0,NULL,'2024-09-18 03:11:14','2024-09-18 03:11:14',0,1,NULL,NULL,NULL),(61,NULL,'Allison','Welch','King, \'that only.',NULL,'mcrooks@gmail.com','$2y$12$NLeL5WyypAdVilbi0RHDqeqtD.8NKyKWYMGnBQRgRxx2PG5v9X8Sq',185,'1994-02-27','+19856582467','2024-09-18 10:11:14',NULL,'job-seeker',NULL,'resume/01.pdf','7842 Janis Center Apt. 465\nEzequielfort, VA 79077','Alice more boldly: \'you know you\'re growing too.\' \'Yes, but some crumbs must have got altered.\' \'It is a long sleep you\'ve had!\' \'Oh, I\'ve had such a dreadful time.\' So Alice got up this morning.',1,0,304,0,NULL,'2024-09-18 03:11:14','2024-09-18 03:11:14',0,1,NULL,NULL,NULL),(62,NULL,'Rhoda','Murphy','Alice noticed with.',NULL,'marvin.lorenza@howell.com','$2y$12$KHLULgzUc89rnLlVvsqPOeihiJ2bha4jsZ1yRkxnaZ8mkh46MX4ea',184,'1983-08-30','+14323190227','2024-09-18 10:11:15',NULL,'job-seeker',NULL,'resume/01.pdf','831 Sipes Villages Apt. 884\nNolanton, NJ 82907','Good-bye, feet!\' (for when she went down to them, they set to work at once without waiting for the Duchess sneezed occasionally; and as for the immediate adoption of more energetic remedies--\'.',1,0,1005,0,NULL,'2024-09-18 03:11:15','2024-09-18 03:11:15',0,1,NULL,NULL,NULL),(63,NULL,'Dawson','Gibson','How brave they\'ll.',NULL,'jhartmann@yahoo.com','$2y$12$gCn3aASlOTUY4dTzQD5xGe1gsNM/KFajpUZHc1iU.o4XnXtWG8Yne',186,'2004-11-24','+15418158389','2024-09-18 10:11:15',NULL,'job-seeker',NULL,'resume/01.pdf','94393 Okuneva Views\nSteuberborough, NJ 44654-7552','Shark, But, when the White Rabbit interrupted: \'UNimportant, your Majesty means, of course,\' said the Queen, tossing her head through the wood. \'It\'s the thing yourself, some winter day, I will just.',1,0,3072,1,NULL,'2024-09-18 03:11:15','2024-09-18 03:11:15',0,1,NULL,NULL,NULL),(64,NULL,'Zola','Stracke','The three soldiers.',NULL,'benton.stark@stehr.org','$2y$12$uXcdk0aRh9NweckwXqdfEOMdvbeWjsenl3UGeKDgVEU6evbFd.wlW',185,'1972-06-19','+14252963353','2024-09-18 10:11:15',NULL,'job-seeker',NULL,'resume/01.pdf','822 Clement Club\nDaughertychester, GA 88009-0880','Alice, and she ran across the garden, where Alice could think of anything to say, she simply bowed, and took the place of the Gryphon, and all sorts of little Alice and all sorts of little.',1,0,1153,0,NULL,'2024-09-18 03:11:15','2024-09-18 03:11:15',0,1,NULL,NULL,NULL),(65,NULL,'Noah','Huels','The executioner\'s.',NULL,'lola50@sporer.com','$2y$12$jVEtfCwsiL.kUrHFcEolNu/TuZvj26jVTYLL95iNqNF7ViXJb5KTa',185,'1984-07-24','+14756213290','2024-09-18 10:11:16',NULL,'employer',NULL,NULL,'212 Edythe Summit Suite 533\nRickyburgh, LA 87730','Alice, and, after folding his arms and frowning at the frontispiece if you hold it too long; and that makes them so shiny?\' Alice looked all round her at the flowers and the three gardeners.',1,0,2869,1,NULL,'2024-09-18 03:11:16','2024-09-18 03:11:16',1,1,NULL,NULL,NULL),(66,NULL,'Annie','Howell','Grief, they used.',NULL,'stoltenberg.tristian@yahoo.com','$2y$12$M13yXCRGv92DZS8s9mupIeyWLF08ijgqO48hkEtHuQoXlW.HateGW',184,'2003-07-15','+19492058846','2024-09-18 10:11:16',NULL,'job-seeker',NULL,'resume/01.pdf','815 Bella Divide Apt. 868\nWilliamsonshire, VT 94324','Alice could not remember ever having heard of such a dear little puppy it was!\' said Alice, seriously, \'I\'ll have nothing more to do next, when suddenly a footman because he taught us,\' said the.',1,0,127,1,NULL,'2024-09-18 03:11:16','2024-09-18 03:11:16',1,1,NULL,NULL,NULL),(67,NULL,'Israel','Champlin','I don\'t take this.',NULL,'walsh.madge@abshire.com','$2y$12$Ju2iakUNHnriuI5ib8VjLei64Sxnqeq1MbVcVP1LrOiWIxHzpVzO6',185,'1987-03-13','+13419500115','2024-09-18 10:11:16',NULL,'job-seeker',NULL,'resume/01.pdf','902 Jamarcus Spur\nLarsonbury, NJ 85088','Majesty,\' said Alice to herself. (Alice had no pictures or conversations?\' So she began nibbling at the mushroom for a moment like a serpent. She had just begun to repeat it, but her head struck.',1,0,3489,0,NULL,'2024-09-18 03:11:16','2024-09-18 03:11:16',1,1,NULL,NULL,NULL),(68,NULL,'Donnell','Gusikowski','She felt that she.',NULL,'domenick.ritchie@hotmail.com','$2y$12$br8qLnw/21nJJ8LB/YSqPu/3xoi/ALz/5bL4QoTTCnQtcx1Etc7SK',186,'2020-01-15','+19545425797','2024-09-18 10:11:17',NULL,'employer',NULL,NULL,'4357 Ferry Green\nBalistreribury, NM 92724-4540','The judge, by the officers of the month is it?\' \'Why,\' said the Mock Turtle replied in an offended tone, and she put it. She went on \'And how many hours a day did you begin?\' The Hatter was the.',1,0,2890,1,NULL,'2024-09-18 03:11:17','2024-09-18 03:11:17',0,1,NULL,NULL,NULL),(69,NULL,'Victoria','Legros','Queen till she was.',NULL,'camron.hickle@jacobi.biz','$2y$12$ggXSlzd/MVldvWMKQbEHYuBadBgqOuGNGldkVncxquhnfV6MVx9zC',186,'2007-07-14','+14634588479','2024-09-18 10:11:17',NULL,'employer',NULL,NULL,'30411 Ena Park\nSouth Otha, SC 91612-0922','Alice had no reason to be no chance of her childhood: and how she would manage it. \'They were learning to draw,\' the Dormouse indignantly. However, he consented to go after that savage Queen: so she.',1,0,2673,1,NULL,'2024-09-18 03:11:17','2024-09-18 03:11:17',0,1,NULL,NULL,NULL),(70,NULL,'Humberto','Conn','But, now that I\'m.',NULL,'mayer.lauretta@okuneva.biz','$2y$12$MM7FJZmyV2mgWxtMmPGJ1.B1SP8AslXfatUspy5jMt/T3N7i7x9Bq',186,'2017-04-25','+15635593374','2024-09-18 10:11:17',NULL,'job-seeker',NULL,'resume/01.pdf','88263 Willms Summit\nEast Eileenton, ND 70942','YET,\' she said this, she came upon a little startled when she caught it, and burning with curiosity, she ran off at once: one old Magpie began wrapping itself up and throw us, with the clock. For.',1,0,421,1,NULL,'2024-09-18 03:11:17','2024-09-18 03:11:17',0,1,NULL,NULL,NULL),(71,NULL,'Reyes','King','Queen, the royal.',NULL,'mitchell.greyson@gleichner.com','$2y$12$aRN/xzPj4wE4oUkNx88vF.5Fqub.0iXsQX3cS5CAjcAh0xbjVdJDK',185,'2010-03-31','+17437558381','2024-09-18 10:11:17',NULL,'job-seeker',NULL,'resume/01.pdf','28012 Sharon Light Apt. 611\nSouth Malcolm, CA 56920-2404','Take your choice!\' The Duchess took her choice, and was going a journey, I should say what you would seem to see that queer little toss of her skirt, upsetting all the things get used up.\' \'But what.',1,0,2776,1,NULL,'2024-09-18 03:11:17','2024-09-18 03:11:17',0,1,NULL,NULL,NULL),(72,NULL,'Noe','Yost','SOME change in my.',NULL,'hardy.christiansen@gmail.com','$2y$12$0rICCnB8gVFjn1w5TIpLIuBwHdObKnMRQmG1OuXGvxfPU2fMN6RIa',184,'2010-12-09','+16815624594','2024-09-18 10:11:18',NULL,'employer',NULL,NULL,'2542 Hallie Ridge\nAnastaciomouth, NV 67267-3157','I think I can do no more, whatever happens. What WILL become of me?\' Luckily for Alice, the little golden key was lying under the window, and one foot to the door, and the great hall, with the.',1,0,185,0,NULL,'2024-09-18 03:11:18','2024-09-18 03:11:18',1,1,NULL,NULL,NULL),(73,NULL,'June','Schmeler','Alice, a good deal.',NULL,'myrl89@gleichner.com','$2y$12$qX6Lc7bgZJtK05ijDJ1SSuFeSKbxfs/ObAbTCczO4EHAHd/gjXLEK',185,'1985-05-18','+12195166654','2024-09-18 10:11:18',NULL,'employer',NULL,NULL,'84109 Simone Field Suite 662\nThelmatown, WV 29987','See how eagerly the lobsters and the small ones choked and had just succeeded in curving it down \'important,\' and some \'unimportant.\' Alice could think of what work it would feel very uneasy: to be.',1,0,3005,0,NULL,'2024-09-18 03:11:18','2024-09-18 03:11:18',1,1,NULL,NULL,NULL),(74,NULL,'Mark','Hoeger','Hatter: \'but you.',NULL,'hvandervort@hotmail.com','$2y$12$bErhuSbgdUiDv9rbeiXMH.A/oLiQTpz6YPiFpByMQEVkAch4.OZrO',186,'2018-07-05','+18624510445','2024-09-18 10:11:18',NULL,'job-seeker',NULL,'resume/01.pdf','56253 Simonis Hill\nLake Callie, MN 57272','Tell her to speak with. Alice waited till she had brought herself down to nine inches high. CHAPTER VI. Pig and Pepper For a minute or two to think this a very decided tone: \'tell her something.',1,0,863,0,NULL,'2024-09-18 03:11:18','2024-09-18 03:11:18',0,1,NULL,NULL,NULL),(75,NULL,'Sydnee','Bosco','Alice in a tone of.',NULL,'zhammes@funk.com','$2y$12$hCqGZMLxzGv17EQd2.FG.OURXcWqycW3vN/5pYTCRy6SQWaJ0876W',184,'2000-07-24','+16787919879','2024-09-18 10:11:18',NULL,'job-seeker',NULL,'resume/01.pdf','289 Roberto Tunnel\nBotsfordview, NH 59303','Alice cautiously replied, not feeling at all this grand procession, came THE KING AND QUEEN OF HEARTS. Alice was rather glad there WAS no one else seemed inclined to say \"HOW DOTH THE LITTLE BUSY.',1,0,187,0,NULL,'2024-09-18 03:11:18','2024-09-18 03:11:18',1,1,NULL,NULL,NULL),(76,NULL,'Margarete','Ullrich','Alice thought she.',NULL,'shanie.medhurst@gmail.com','$2y$12$5JReKFbRuuuXdupHx.Wv0eI.OmXvwU7K/YNYXIUo1891lh3A50hSK',184,'1998-09-02','+16166074338','2024-09-18 10:11:19',NULL,'job-seeker',NULL,'resume/01.pdf','575 Hoeger Heights Suite 131\nLindgrenbury, ID 95939','Duchess, digging her sharp little chin into Alice\'s shoulder as he could think of anything else. CHAPTER V. Advice from a Caterpillar The Caterpillar and Alice looked at it uneasily, shaking it.',1,0,3055,1,NULL,'2024-09-18 03:11:19','2024-09-18 03:11:19',0,1,NULL,NULL,NULL),(77,NULL,'Rowland','Mayer','I\'m doubtful about.',NULL,'jamar.auer@yahoo.com','$2y$12$CGVcBnr20TeLtXI08cEa4uH5Wfobktu.VTd1/XSCeZopkWH2WooGq',185,'2005-03-01','+18439575359','2024-09-18 10:11:19',NULL,'job-seeker',NULL,'resume/01.pdf','67598 Swaniawski Fork\nNorth Martine, MA 07766-7713','Alice. One of the shepherd boy--and the sneeze of the Rabbit\'s voice; and the sounds will take care of the busy farm-yard--while the lowing of the trees behind him. \'--or next day, maybe,\' the.',1,0,4731,1,NULL,'2024-09-18 03:11:19','2024-09-18 03:11:19',1,1,NULL,NULL,NULL),(78,NULL,'Jewel','Weissnat','WOULD twist itself.',NULL,'vjenkins@medhurst.biz','$2y$12$k4HrgjmLcQJwjtvh9sPSv.Mz2cyJjjFPoypFUY2dbSNRF5obgLk0e',185,'2017-02-10','+12694333171','2024-09-18 10:11:19',NULL,'employer',NULL,NULL,'7567 Bernita Club\nKutchburgh, ND 78050-2456','Gryphon, and the baby with some curiosity. \'What a number of cucumber-frames there must be!\' thought Alice. One of the legs of the treat. When the sands are all dry, he is gay as a last resource.',1,0,240,1,NULL,'2024-09-18 03:11:19','2024-09-18 03:11:19',0,1,NULL,NULL,NULL),(79,NULL,'Irma','Erdman','BEST butter, you.',NULL,'rwill@kihn.com','$2y$12$YygIbLzA1MD/Yf87/jwHjeKTc1XPqvdGVubeYOhav1CAHuLxoWUyO',184,'2022-03-08','+12519380163','2024-09-18 10:11:20',NULL,'job-seeker',NULL,'resume/01.pdf','4426 Zulauf Grove\nLake Braxtonview, ND 58103','Dormouse. \'Don\'t talk nonsense,\' said Alice a little startled when she looked down, was an old Crab took the cauldron of soup off the mushroom, and raised herself to about two feet high: even then.',1,0,3456,0,NULL,'2024-09-18 03:11:20','2024-09-18 03:11:20',1,1,NULL,NULL,NULL),(80,NULL,'Jon','Cremin','Caterpillar, and.',NULL,'milo13@hotmail.com','$2y$12$ye4PEikM2fckJKpntVTtYORTv4WMteHSSlXfDQsKCVInvyiH5yQam',184,'1987-05-09','+19593264646','2024-09-18 10:11:20',NULL,'employer',NULL,NULL,'499 Funk Bypass Apt. 407\nRodrickmouth, NM 48808-7421','Hatter began, in a very curious thing, and she very good-naturedly began hunting about for them, but they were mine before. If I or she fell past it. \'Well!\' thought Alice \'without pictures or.',1,0,3340,1,NULL,'2024-09-18 03:11:20','2024-09-18 03:11:20',1,1,NULL,NULL,NULL),(81,NULL,'Esther','Rolfson','Alice thought this.',NULL,'jaden03@gmail.com','$2y$12$da/XI1Do7JL9Jco1VtH.nutLALXy4nehsIyQuuclZ.uqz5MUbpLR6',184,'1999-11-13','+17138415100','2024-09-18 10:11:20',NULL,'employer',NULL,NULL,'504 Bria Skyway\nSteuberport, KS 11812-6657','Alice coming. \'There\'s PLENTY of room!\' said Alice loudly. \'The idea of having the sentence first!\' \'Hold your tongue, Ma!\' said the King had said that day. \'That PROVES his guilt,\' said the King.',1,0,3576,1,NULL,'2024-09-18 03:11:20','2024-09-18 03:11:20',1,1,NULL,NULL,NULL),(82,NULL,'Mafalda','Hammes','Dinah my dear! Let.',NULL,'ima33@hotmail.com','$2y$12$6CJxNjzqvg3XWdIjT8AV/OFRYnO1G3is4igcLrMnxbYpUsYD8TC6O',186,'1977-04-09','+19252433079','2024-09-18 10:11:21',NULL,'employer',NULL,NULL,'6933 Stamm Hollow\nWest Miracle, WA 73270-4563','But they HAVE their tails in their mouths; and the poor little thing was snorting like a thunderstorm. \'A fine day, your Majesty!\' the Duchess said in a natural way again. \'I should like to go and.',1,0,4164,1,NULL,'2024-09-18 03:11:21','2024-09-18 03:11:21',1,1,NULL,NULL,NULL),(83,NULL,'Allie','Rolfson','So she tucked her.',NULL,'guiseppe.koch@hotmail.com','$2y$12$ry.2N4WZWK0JFOfOj7IFieAqWIPgssjDhbiOb1pzsKbZlrrK.rKi6',185,'1999-12-25','+15857257678','2024-09-18 10:11:22',NULL,'job-seeker',NULL,'resume/01.pdf','81841 Charity Well\nWest Clement, KY 92747-4177','Pigeon, but in a frightened tone. \'The Queen of Hearts were seated on their slates, when the race was over. However, when they arrived, with a pair of gloves and the party went back to the shore.',1,0,3658,0,NULL,'2024-09-18 03:11:22','2024-09-18 03:11:22',1,1,NULL,NULL,NULL),(84,NULL,'Aric','Goyette','King said, turning.',NULL,'clay05@gmail.com','$2y$12$fw23xQ4TaDT1n9VRPs0C3OykDL2EDkUYDDuaT/rJ4G6F66L7.DUBq',185,'2000-09-22','+15208306833','2024-09-18 10:11:22',NULL,'job-seeker',NULL,'resume/01.pdf','44804 Sage Ville\nCadenton, ID 18491','Alice. \'I\'ve read that in the other. In the very tones of the Mock Turtle yet?\' \'No,\' said Alice. \'Why, you don\'t like the three gardeners instantly jumped up, and began whistling. \'Oh, there\'s no.',1,0,2947,0,NULL,'2024-09-18 03:11:22','2024-09-18 03:11:22',1,1,NULL,NULL,NULL),(85,NULL,'Cristian','Abernathy','Queen, stamping on.',NULL,'ygrant@gmail.com','$2y$12$jfdxHxdcwfZYaP.vjaR46OoYAxt9p8ii1n3W.Od9iG.mGFm3F3tvC',184,'1987-12-26','+14404633696','2024-09-18 10:11:22',NULL,'employer',NULL,NULL,'36452 Marcel Extensions\nNew Jasperside, TN 96203-7887','March Hare. \'I didn\'t mean it!\' pleaded poor Alice. \'But you\'re so easily offended, you know!\' The Mouse did not at all comfortable, and it put more simply--\"Never imagine yourself not to be in a.',1,0,3835,1,NULL,'2024-09-18 03:11:22','2024-09-18 03:11:22',1,1,NULL,NULL,NULL),(86,NULL,'Frederic','Franecki','So she tucked it.',NULL,'noemie71@yahoo.com','$2y$12$KLlHidBtk0BMoXFkmrO/nOtcQKgUlvY6o1U.DlDl9CtsnEUNt3f8e',186,'1989-12-06','+19805151600','2024-09-18 10:11:23',NULL,'employer',NULL,NULL,'539 Karl Place\nLake Christ, CT 25892-8609','Alice thoughtfully: \'but then--I shouldn\'t be hungry for it, he was gone, and, by the Hatter, who turned pale and fidgeted. \'Give your evidence,\' said the King. The next witness was the Hatter. \'It.',1,0,2249,0,NULL,'2024-09-18 03:11:23','2024-09-18 03:11:23',0,1,NULL,NULL,NULL),(87,NULL,'Erwin','Gislason','There was exactly.',NULL,'sjohns@yahoo.com','$2y$12$cEoEr3I8vT2fs06N3Gm0juU8gkgAAx5yzOj728nDtEpIevWXDIvZa',185,'1970-11-24','+14055766157','2024-09-18 10:11:23',NULL,'employer',NULL,NULL,'5007 Logan Expressway\nPort Aidanton, WI 66252-6058','As a duck with its wings. \'Serpent!\' screamed the Pigeon. \'I\'m NOT a serpent, I tell you!\' said Alice. \'And be quick about it,\' added the Gryphon, and the Gryphon in an encouraging tone. Alice.',1,0,4777,0,NULL,'2024-09-18 03:11:23','2024-09-18 03:11:23',0,1,NULL,NULL,NULL),(88,NULL,'Erna','Bergstrom','Mock Turtle; \'but.',NULL,'dakota82@yahoo.com','$2y$12$F6D5kc35U5iQNd6GpZF1euCmHtpFYWgGh2W2nSrFJ6gWCLorgcw5S',186,'2016-08-07','+17406981734','2024-09-18 10:11:23',NULL,'job-seeker',NULL,'resume/01.pdf','525 Runolfsdottir Walks Apt. 883\nReillyside, ND 65927','Alice, every now and then Alice put down her flamingo, and began bowing to the confused clamour of the water, and seemed to be done, I wonder?\' Alice guessed who it was, even before she came upon a.',1,0,3294,1,NULL,'2024-09-18 03:11:23','2024-09-18 03:11:23',1,1,NULL,NULL,NULL),(89,NULL,'Stephen','Emmerich','I don\'t take this.',NULL,'randal.dubuque@considine.biz','$2y$12$PHpvmUmcClIHaHZEz2QZ8emeblkKM32reKV0Lgitk5mZqL2GOumai',185,'1986-01-16','+16156763527','2024-09-18 10:11:23',NULL,'employer',NULL,NULL,'12251 Jenkins Loaf Suite 947\nMonserratmouth, AL 41659','OURS they had any sense, they\'d take the roof was thatched with fur. It was high time to be trampled under its feet, \'I move that the pebbles were all talking together: she made her feel very queer.',1,0,4830,0,NULL,'2024-09-18 03:11:23','2024-09-18 03:11:23',1,1,NULL,NULL,NULL),(90,NULL,'Broderick','Flatley','So she began: \'O.',NULL,'xwunsch@yahoo.com','$2y$12$kagptoW9ikuEGAa60PSYUOjAtOqWMmrdb3P9QxLnBwGT8BaijECz.',186,'2021-12-19','+12064716644','2024-09-18 10:11:24',NULL,'job-seeker',NULL,'resume/01.pdf','327 Xander Pines Apt. 888\nMcGlynnmouth, IL 10388-6168','I\'m pleased, and wag my tail when I\'m pleased, and wag my tail when I\'m angry. Therefore I\'m mad.\' \'I call it purring, not growling,\' said Alice. \'Well, I shan\'t grow any more--As it is, I can\'t.',1,0,3296,0,NULL,'2024-09-18 03:11:24','2024-09-18 03:11:24',0,1,NULL,NULL,NULL),(91,NULL,'Tressa','Rippin','Knave, \'I didn\'t.',NULL,'keyon.homenick@upton.com','$2y$12$IHlRdTXR3Ul/I44.9tk6Nu6A3lQE62RqVGT6lNTEVz1vHeA5bm5La',186,'1974-05-15','+19384192901','2024-09-18 10:11:24',NULL,'employer',NULL,NULL,'961 Sunny Inlet Suite 980\nJacinthechester, OH 00461','And how odd the directions will look! ALICE\'S RIGHT FOOT, ESQ. HEARTHRUG, NEAR THE FENDER, (WITH ALICE\'S LOVE). Oh dear, what nonsense I\'m talking!\' Just then she had hoped) a fan and gloves. \'How.',1,0,3393,0,NULL,'2024-09-18 03:11:24','2024-09-18 03:11:24',1,1,NULL,NULL,NULL),(92,NULL,'Fae','Treutel','HERE.\' \'But then,\'.',NULL,'elise.mills@gaylord.com','$2y$12$mc4dCDiWOjX15XcAMXXdK./ln1jETC73gk7jnbjb/R5VWmow4ZrYe',185,'2017-07-16','+15017647961','2024-09-18 10:11:24',NULL,'employer',NULL,NULL,'101 Brandon Pass Suite 353\nLake Justice, MA 27160','Why, she\'ll eat a little anxiously. \'Yes,\' said Alice, looking down with her arms folded, quietly smoking a long way back, and barking hoarsely all the unjust things--\' when his eye chanced to fall.',1,0,2487,0,NULL,'2024-09-18 03:11:24','2024-09-18 03:11:24',0,1,NULL,NULL,NULL),(93,NULL,'Lenny','Jenkins','Alice, in a great.',NULL,'rodrick.wintheiser@marks.com','$2y$12$sVPUKX/xDuHantZG1Do4jOF91skcqio.KCMi.EObtITPmkhonEr5u',185,'1986-01-11','+16072622629','2024-09-18 10:11:25',NULL,'job-seeker',NULL,'resume/01.pdf','43093 Eleazar Valley Suite 479\nChristophemouth, WI 40471-6356','The Hatter was the only one who had been (Before she had gone through that day. \'No, no!\' said the King, with an M--\' \'Why with an air of great relief. \'Call the next witness!\' said the Pigeon; \'but.',1,0,743,0,NULL,'2024-09-18 03:11:25','2024-09-18 03:11:25',0,1,NULL,NULL,NULL),(94,NULL,'Chyna','Fadel','Alice. \'You are,\'.',NULL,'johns.alvis@yahoo.com','$2y$12$9VQfL5bPVxXPbbnoUo9KdeqRj3GghjtfAujiqHrGHWzPKh6tpfX9O',185,'2004-05-29','+17435993752','2024-09-18 10:11:25',NULL,'employer',NULL,NULL,'322 Quitzon Court Apt. 317\nEast Jarrellview, CO 33895-2140','GAVE HER ONE, THEY GAVE HIM TWO--\" why, that must be getting somewhere near the door and found that her idea of the room again, no wonder she felt a very good advice, (though she very soon found an.',1,0,3497,1,NULL,'2024-09-18 03:11:25','2024-09-18 03:11:25',0,1,NULL,NULL,NULL),(95,NULL,'Tanner','Gottlieb','I suppose it were.',NULL,'ryan84@heaney.biz','$2y$12$rKQ5AtPP8aj2ZpPSXIluS.4e8.6wTK09yqPBVWiEsTIr.54N2mT7K',186,'1983-06-09','+12162218882','2024-09-18 10:11:25',NULL,'job-seeker',NULL,'resume/01.pdf','65961 Boehm Parkway Suite 235\nEast Haylee, AL 41525','Alice again, in a confused way, \'Prizes! Prizes!\' Alice had no very clear notion how long ago anything had happened.) So she swallowed one of the Rabbit\'s little white kid gloves while she ran, as.',1,0,2991,0,NULL,'2024-09-18 03:11:25','2024-09-18 03:11:25',0,1,NULL,NULL,NULL),(96,NULL,'Miracle','Marquardt','Mock Turtle, who.',NULL,'pablo.tillman@lemke.info','$2y$12$yYZajfhTtg3XHmvxMKJ0yOoR28Mp1yB1zNr/jmfxgx5uEA0HBAf5m',186,'1975-01-27','+16208790507','2024-09-18 10:11:26',NULL,'employer',NULL,NULL,'8131 Kunze Villages Apt. 098\nLueilwitzfort, IL 17873-6940','WAS a narrow escape!\' said Alice, seriously, \'I\'ll have nothing more happened, she decided to remain where she was nine feet high, and was coming to, but it had finished this short speech, they all.',1,0,353,1,NULL,'2024-09-18 03:11:26','2024-09-18 03:11:26',0,1,NULL,NULL,NULL),(97,NULL,'Mossie','Kshlerin','When the pie was.',NULL,'cassandra85@hotmail.com','$2y$12$ui5RTmlnHTKWlAe9Xypr2.HaBUJl8vnrfcN66v9lX/j03bNKljNfu',186,'2015-03-25','+17576762363','2024-09-18 10:11:26',NULL,'job-seeker',NULL,'resume/01.pdf','7039 Jennings Place\nEast Tristin, WV 21298','The great question certainly was, what? Alice looked round, eager to see the Hatter said, tossing his head contemptuously. \'I dare say you\'re wondering why I don\'t care which happens!\' She ate a.',1,0,3136,0,NULL,'2024-09-18 03:11:26','2024-09-18 03:11:26',1,1,NULL,NULL,NULL),(98,NULL,'Santino','Wilkinson','Gryphon, and the.',NULL,'helmer07@reichel.com','$2y$12$4tjKhD4kS5D7LFEx/.EBFeGMSdS4fmrihaDmlIq4Q8gEhuHPvpFPi',185,'1990-06-15','+15206377874','2024-09-18 10:11:26',NULL,'employer',NULL,NULL,'59591 Reinger Roads Apt. 960\nVirgieport, MI 26387','So they couldn\'t see it?\' So she set the little golden key was too late to wish that! She went in without knocking, and hurried off at once to eat or drink under the circumstances. There was no more.',1,0,1248,1,NULL,'2024-09-18 03:11:26','2024-09-18 03:11:26',0,1,NULL,NULL,NULL),(99,NULL,'Marge','Wilkinson','I think you\'d take.',NULL,'helmer00@yahoo.com','$2y$12$CvFIOGtkB59X6n9opdDVp.sv6QuPSeSDPSumrMt6u2Dq0414gYD86',186,'1982-04-25','+17253537286','2024-09-18 10:11:26',NULL,'job-seeker',NULL,'resume/01.pdf','15847 Nash Views\nHollismouth, DC 02059','Alice noticed, had powdered hair that curled all over crumbs.\' \'You\'re wrong about the games now.\' CHAPTER X. The Lobster Quadrille The Mock Turtle in the wind, and was going to give the hedgehog a.',1,0,2137,1,NULL,'2024-09-18 03:11:26','2024-09-18 03:11:26',0,1,NULL,NULL,NULL),(100,NULL,'Nickolas','Hermiston','CAN I have to go.',NULL,'green78@leffler.info','$2y$12$9BAbdrt/GfV7aizDu1e45OFSyGWiprw0HIzinIrP4igwoiUuDdXyi',184,'1996-11-29','+17247857893','2024-09-18 10:11:27',NULL,'job-seeker',NULL,'resume/01.pdf','982 Ambrose Light\nSouth Adahton, NE 52023','I\'ve said as yet.\' \'A cheap sort of mixed flavour of cherry-tart, custard, pine-apple, roast turkey, toffee, and hot buttered toast,) she very seldom followed it), and handed back to the door, and.',1,0,2846,0,NULL,'2024-09-18 03:11:27','2024-09-18 03:11:27',1,1,NULL,NULL,NULL);

--
-- Table structure for table `jb_analytics`
--

CREATE TABLE `jb_analytics` (
  `id` bigint unsigned NOT NULL AUTO_INCREMENT,
  `job_id` bigint unsigned NOT NULL,
  `country` varchar(10) COLLATE utf8mb4_unicode_ci DEFAULT NULL,
  `country_full` varchar(50) COLLATE utf8mb4_unicode_ci DEFAULT NULL,
  `referer` varchar(300) COLLATE utf8mb4_unicode_ci DEFAULT NULL,
  `ip_address` varchar(300) COLLATE utf8mb4_unicode_ci NOT NULL,
  `created_at` timestamp NULL DEFAULT NULL,
  `updated_at` timestamp NULL DEFAULT NULL,
  PRIMARY KEY (`id`)
) ENGINE=InnoDB DEFAULT CHARSET=utf8mb4 COLLATE=utf8mb4_unicode_ci;

--
-- Dumping data for table `jb_analytics`
--


--
-- Table structure for table `jb_applications`
--

CREATE TABLE `jb_applications` (
  `id` bigint unsigned NOT NULL AUTO_INCREMENT,
  `first_name` varchar(120) COLLATE utf8mb4_unicode_ci DEFAULT NULL,
  `last_name` varchar(120) COLLATE utf8mb4_unicode_ci DEFAULT NULL,
  `phone` varchar(20) COLLATE utf8mb4_unicode_ci DEFAULT NULL,
  `email` varchar(60) COLLATE utf8mb4_unicode_ci NOT NULL,
  `message` text COLLATE utf8mb4_unicode_ci,
  `job_id` bigint unsigned NOT NULL,
  `resume` varchar(191) COLLATE utf8mb4_unicode_ci DEFAULT NULL,
  `cover_letter` varchar(191) COLLATE utf8mb4_unicode_ci DEFAULT NULL,
  `account_id` bigint unsigned DEFAULT NULL,
  `is_external_apply` tinyint(1) NOT NULL DEFAULT '0',
  `status` varchar(60) COLLATE utf8mb4_unicode_ci NOT NULL DEFAULT 'pending',
  `created_at` timestamp NULL DEFAULT NULL,
  `updated_at` timestamp NULL DEFAULT NULL,
  PRIMARY KEY (`id`)
) ENGINE=InnoDB AUTO_INCREMENT=21 DEFAULT CHARSET=utf8mb4 COLLATE=utf8mb4_unicode_ci;

--
-- Dumping data for table `jb_applications`
--

INSERT INTO `jb_applications` VALUES (1,'Trever','Mills','+13862276705','alisa55@spinka.net','I know I have done that?\' she thought. \'But everything\'s curious today. I think that will be When they take us up and straightening itself out again, and all would change to dull reality--the grass.',32,'resume/01.pdf','resume/01.pdf',35,1,'checked','2024-09-18 03:11:28','2024-09-18 03:11:28'),(2,'Clarissa','Johnson','+13312886728','swisoky@hotmail.com','WOULD twist itself round and swam slowly back to my right size again; and the roof of the Rabbit\'s voice; and Alice was not a regular rule: you invented it just grazed his nose, you know?\' \'It\'s the.',11,'resume/01.pdf','resume/01.pdf',26,1,'checked','2024-09-18 03:11:28','2024-09-18 03:11:28'),(3,'Aric','Goyette','+15208306833','clay05@gmail.com','I didn\'t know how to speak again. The rabbit-hole went straight on like a telescope.\' And so she set to work shaking him and punching him in the pictures of him), while the Mouse replied rather.',39,'resume/01.pdf','resume/01.pdf',84,0,'checked','2024-09-18 03:11:28','2024-09-18 03:11:28'),(4,'Bethany','Walker','+17315387176','hills.antonietta@gmail.com','Alice, thinking it was only the pepper that had fallen into the air. \'--as far out to the heads of the ground.\' So she was quite surprised to find my way into that lovely garden. I think I should be.',37,'resume/01.pdf','resume/01.pdf',39,1,'checked','2024-09-18 03:11:28','2024-09-18 03:11:28'),(5,'Mark','Hoeger','+18624510445','hvandervort@hotmail.com','Rabbit hastily interrupted. \'There\'s a great hurry. An enormous puppy was looking at the Mouse\'s tail; \'but why do you know the meaning of half those long words, and, what\'s more, I don\'t want YOU.',26,'resume/01.pdf','resume/01.pdf',74,1,'checked','2024-09-18 03:11:28','2024-09-18 03:11:28'),(6,'Mossie','Kshlerin','+17576762363','cassandra85@hotmail.com','Queen left off, quite out of their wits!\' So she began again: \'Ou est ma chatte?\' which was the first minute or two. \'They couldn\'t have wanted it much,\' said Alice; \'I must be the right size, that.',12,'resume/01.pdf','resume/01.pdf',97,1,'checked','2024-09-18 03:11:28','2024-09-18 03:11:28'),(7,'Celestine','Gaylord','+12293885728','norene.abshire@kovacek.com','Owl, as a drawing of a well--\' \'What did they live at the thought that it was out of the tail, and ending with the next moment she quite forgot how to speak first, \'why your cat grins like that?\'.',51,'resume/01.pdf','resume/01.pdf',7,1,'checked','2024-09-18 03:11:28','2024-09-18 03:11:28'),(8,'Zola','Stracke','+14252963353','benton.stark@stehr.org','He looked at the other, saying, in a moment. \'Let\'s go on with the tea,\' the Hatter said, turning to Alice as he spoke, \'we were trying--\' \'I see!\' said the Dormouse, after thinking a minute or two.',43,'resume/01.pdf','resume/01.pdf',64,1,'checked','2024-09-18 03:11:28','2024-09-18 03:11:28'),(9,'Kaden','Fisher','+12054215423','gia60@hotmail.com','I\'m sure _I_ shan\'t be beheaded!\' \'What for?\' said the Gryphon, \'you first form into a conversation. Alice replied, rather shyly, \'I--I hardly know, sir, just at present--at least I mean what I.',17,'resume/01.pdf','resume/01.pdf',19,0,'checked','2024-09-18 03:11:28','2024-09-18 03:11:28'),(10,'Juliet','Bernhard','+13644976291','edmund.dickens@barrows.org','They were indeed a queer-looking party that assembled on the top of his tail. \'As if it makes me grow smaller, I can guess that,\' she added in an undertone to the seaside once in her face, with such.',5,'resume/01.pdf','resume/01.pdf',55,1,'checked','2024-09-18 03:11:28','2024-09-18 03:11:28'),(11,'Leta','Klocko','+19289291655','schamberger.bruce@yahoo.com','I know is, something comes at me like that!\' said Alice in a loud, indignant voice, but she was shrinking rapidly; so she sat down with her head!\' Alice glanced rather anxiously at the picture.).',14,'resume/01.pdf','resume/01.pdf',13,1,'checked','2024-09-18 03:11:28','2024-09-18 03:11:28'),(12,'Broderick','Flatley','+12064716644','xwunsch@yahoo.com','I shall be punished for it now, I suppose, by being drowned in my size; and as it went, \'One side of WHAT? The other side of the Queen\'s hedgehog just now, only it ran away when it had come back in.',3,'resume/01.pdf','resume/01.pdf',90,0,'checked','2024-09-18 03:11:28','2024-09-18 03:11:28'),(13,'Aubrey','Erdman','+18063334718','job_seeker@archielite.com','If they had at the March Hare. \'Yes, please do!\' but the Rabbit began. Alice thought the poor little juror (it was exactly one a-piece all round. (It was this last remark, \'it\'s a vegetable. It.',42,'resume/01.pdf','resume/01.pdf',2,1,'checked','2024-09-18 03:11:28','2024-09-18 03:11:28'),(14,'Drake','Doyle','+18153819669','alisha52@hotmail.com','So she set to work very diligently to write with one of the hall: in fact she was quite silent for a minute, nurse! But I\'ve got to the cur, \"Such a trial, dear Sir, With no jury or judge, would be.',48,'resume/01.pdf','resume/01.pdf',12,0,'checked','2024-09-18 03:11:28','2024-09-18 03:11:28'),(15,'Irma','Erdman','+12519380163','rwill@kihn.com','Dinah!\' she said to Alice, flinging the baby at her side. She was close behind it when she looked down, was an uncomfortably sharp chin. However, she got to the general conclusion, that wherever you.',30,'resume/01.pdf','resume/01.pdf',79,1,'checked','2024-09-18 03:11:28','2024-09-18 03:11:28'),(16,'Marge','Wilkinson','+17253537286','helmer00@yahoo.com','Alice, \'as all the unjust things--\' when his eye chanced to fall upon Alice, as she had drunk half the bottle, saying to herself \'Now I can reach the key; and if I shall have to fly; and the Hatter.',23,'resume/01.pdf','resume/01.pdf',99,0,'checked','2024-09-18 03:11:28','2024-09-18 03:11:28'),(17,'Nickolas','Hermiston','+17247857893','green78@leffler.info','Mock Turtle, \'Drive on, old fellow! Don\'t be all day about it!\' and he wasn\'t one?\' Alice asked. The Hatter was the fan and gloves--that is, if I only wish it was,\' said the Caterpillar seemed to.',40,'resume/01.pdf','resume/01.pdf',100,1,'checked','2024-09-18 03:11:28','2024-09-18 03:11:28'),(18,'Bud','Harris','+12539854365','hudson.lenora@gmail.com','It\'s the most interesting, and perhaps as this before, never! And I declare it\'s too bad, that it was quite a large caterpillar, that was lying on the top of his teacup instead of onions.\' Seven.',45,'resume/01.pdf','resume/01.pdf',51,0,'checked','2024-09-18 03:11:28','2024-09-18 03:11:28'),(19,'Rhoda','Murphy','+14323190227','marvin.lorenza@howell.com','Hatter was out of sight; and an old Crab took the cauldron of soup off the cake. * * * * * * * * * * * * * * * * * * \'What a number of cucumber-frames there must be!\' thought Alice. One of the.',19,'resume/01.pdf','resume/01.pdf',62,1,'checked','2024-09-18 03:11:28','2024-09-18 03:11:28'),(20,'Allie','Rolfson','+15857257678','guiseppe.koch@hotmail.com','Cat again, sitting on the top of her little sister\'s dream. The long grass rustled at her as she fell past it. \'Well!\' thought Alice \'without pictures or conversations?\' So she swallowed one of the.',22,'resume/01.pdf','resume/01.pdf',83,1,'checked','2024-09-18 03:11:28','2024-09-18 03:11:28');

--
-- Table structure for table `jb_career_levels`
--

CREATE TABLE `jb_career_levels` (
  `id` bigint unsigned NOT NULL AUTO_INCREMENT,
  `name` varchar(120) COLLATE utf8mb4_unicode_ci NOT NULL,
  `order` tinyint NOT NULL DEFAULT '0',
  `is_default` tinyint unsigned NOT NULL DEFAULT '0',
  `status` varchar(60) COLLATE utf8mb4_unicode_ci NOT NULL DEFAULT 'published',
  `created_at` timestamp NULL DEFAULT NULL,
  `updated_at` timestamp NULL DEFAULT NULL,
  PRIMARY KEY (`id`)
) ENGINE=InnoDB AUTO_INCREMENT=6 DEFAULT CHARSET=utf8mb4 COLLATE=utf8mb4_unicode_ci;

--
-- Dumping data for table `jb_career_levels`
--

INSERT INTO `jb_career_levels` VALUES (1,'Department Head',0,0,'published','2024-09-18 03:10:50','2024-09-18 03:10:50'),(2,'Entry Level',0,0,'published','2024-09-18 03:10:50','2024-09-18 03:10:50'),(3,'Experienced Professional',0,0,'published','2024-09-18 03:10:50','2024-09-18 03:10:50'),(4,'GM / CEO / Country Head / President',0,0,'published','2024-09-18 03:10:50','2024-09-18 03:10:50'),(5,'Intern/Student',0,0,'published','2024-09-18 03:10:50','2024-09-18 03:10:50');

--
-- Table structure for table `jb_career_levels_translations`
--

CREATE TABLE `jb_career_levels_translations` (
  `lang_code` varchar(191) COLLATE utf8mb4_unicode_ci NOT NULL,
  `jb_career_levels_id` bigint unsigned NOT NULL,
  `name` varchar(191) COLLATE utf8mb4_unicode_ci DEFAULT NULL,
  PRIMARY KEY (`lang_code`,`jb_career_levels_id`)
) ENGINE=InnoDB DEFAULT CHARSET=utf8mb4 COLLATE=utf8mb4_unicode_ci;

--
-- Dumping data for table `jb_career_levels_translations`
--


--
-- Table structure for table `jb_categories`
--

CREATE TABLE `jb_categories` (
  `id` bigint unsigned NOT NULL AUTO_INCREMENT,
  `name` varchar(120) COLLATE utf8mb4_unicode_ci NOT NULL,
  `description` varchar(400) COLLATE utf8mb4_unicode_ci DEFAULT NULL,
  `order` tinyint NOT NULL DEFAULT '0',
  `is_default` tinyint unsigned NOT NULL DEFAULT '0',
  `is_featured` tinyint NOT NULL DEFAULT '0',
  `status` varchar(60) COLLATE utf8mb4_unicode_ci NOT NULL DEFAULT 'published',
  `created_at` timestamp NULL DEFAULT NULL,
  `updated_at` timestamp NULL DEFAULT NULL,
  `parent_id` bigint unsigned NOT NULL DEFAULT '0',
  PRIMARY KEY (`id`)
) ENGINE=InnoDB AUTO_INCREMENT=11 DEFAULT CHARSET=utf8mb4 COLLATE=utf8mb4_unicode_ci;

--
-- Dumping data for table `jb_categories`
--

INSERT INTO `jb_categories` VALUES (1,'Content Writer',NULL,0,0,1,'published','2024-09-18 03:10:52','2024-09-18 03:10:52',0),(2,'Market Research',NULL,1,0,1,'published','2024-09-18 03:10:52','2024-09-18 03:10:52',0),(3,'Marketing &amp; Sale',NULL,2,0,1,'published','2024-09-18 03:10:52','2024-09-18 03:10:52',0),(4,'Customer Help',NULL,3,0,1,'published','2024-09-18 03:10:52','2024-09-18 03:10:52',0),(5,'Finance',NULL,4,0,1,'published','2024-09-18 03:10:52','2024-09-18 03:10:52',0),(6,'Software',NULL,5,0,1,'published','2024-09-18 03:10:52','2024-09-18 03:10:52',0),(7,'Human Resource',NULL,6,0,1,'published','2024-09-18 03:10:52','2024-09-18 03:10:52',0),(8,'Management',NULL,7,0,1,'published','2024-09-18 03:10:52','2024-09-18 03:10:52',0),(9,'Retail &amp; Products',NULL,8,0,0,'published','2024-09-18 03:10:52','2024-09-18 03:10:52',0),(10,'Security Analyst',NULL,9,0,0,'published','2024-09-18 03:10:52','2024-09-18 03:10:52',0);

--
-- Table structure for table `jb_categories_translations`
--

CREATE TABLE `jb_categories_translations` (
  `lang_code` varchar(191) COLLATE utf8mb4_unicode_ci NOT NULL,
  `jb_categories_id` bigint unsigned NOT NULL,
  `name` varchar(191) COLLATE utf8mb4_unicode_ci DEFAULT NULL,
  `description` varchar(400) COLLATE utf8mb4_unicode_ci DEFAULT NULL,
  PRIMARY KEY (`lang_code`,`jb_categories_id`)
) ENGINE=InnoDB DEFAULT CHARSET=utf8mb4 COLLATE=utf8mb4_unicode_ci;

--
-- Dumping data for table `jb_categories_translations`
--


--
-- Table structure for table `jb_companies`
--

CREATE TABLE `jb_companies` (
  `id` bigint unsigned NOT NULL AUTO_INCREMENT,
  `unique_id` varchar(191) COLLATE utf8mb4_unicode_ci DEFAULT NULL,
  `name` varchar(120) COLLATE utf8mb4_unicode_ci DEFAULT NULL,
  `email` varchar(60) COLLATE utf8mb4_unicode_ci DEFAULT NULL,
  `description` varchar(400) COLLATE utf8mb4_unicode_ci DEFAULT NULL,
  `content` mediumtext COLLATE utf8mb4_unicode_ci,
  `website` varchar(120) COLLATE utf8mb4_unicode_ci DEFAULT NULL,
  `logo` varchar(120) COLLATE utf8mb4_unicode_ci DEFAULT NULL,
  `latitude` varchar(25) COLLATE utf8mb4_unicode_ci DEFAULT NULL,
  `longitude` varchar(25) COLLATE utf8mb4_unicode_ci DEFAULT NULL,
  `address` varchar(250) COLLATE utf8mb4_unicode_ci DEFAULT NULL,
  `country_id` bigint unsigned DEFAULT '1',
  `state_id` bigint unsigned DEFAULT NULL,
  `city_id` bigint unsigned DEFAULT NULL,
  `postal_code` varchar(30) COLLATE utf8mb4_unicode_ci DEFAULT NULL,
  `phone` varchar(30) COLLATE utf8mb4_unicode_ci DEFAULT NULL,
  `year_founded` int unsigned DEFAULT NULL,
  `ceo` varchar(120) COLLATE utf8mb4_unicode_ci DEFAULT NULL,
  `number_of_offices` int unsigned DEFAULT NULL,
  `number_of_employees` varchar(60) COLLATE utf8mb4_unicode_ci DEFAULT NULL,
  `annual_revenue` varchar(60) COLLATE utf8mb4_unicode_ci DEFAULT NULL,
  `cover_image` varchar(120) COLLATE utf8mb4_unicode_ci DEFAULT NULL,
  `facebook` varchar(191) COLLATE utf8mb4_unicode_ci DEFAULT NULL,
  `twitter` varchar(191) COLLATE utf8mb4_unicode_ci DEFAULT NULL,
  `linkedin` varchar(191) COLLATE utf8mb4_unicode_ci DEFAULT NULL,
  `instagram` varchar(191) COLLATE utf8mb4_unicode_ci DEFAULT NULL,
  `is_featured` tinyint NOT NULL DEFAULT '0',
  `status` varchar(60) COLLATE utf8mb4_unicode_ci NOT NULL DEFAULT 'published',
  `views` bigint unsigned NOT NULL DEFAULT '0',
  `created_at` timestamp NULL DEFAULT NULL,
  `updated_at` timestamp NULL DEFAULT NULL,
  `tax_id` varchar(60) COLLATE utf8mb4_unicode_ci DEFAULT NULL,
  PRIMARY KEY (`id`),
  UNIQUE KEY `jb_companies_unique_id_unique` (`unique_id`)
) ENGINE=InnoDB AUTO_INCREMENT=21 DEFAULT CHARSET=utf8mb4 COLLATE=utf8mb4_unicode_ci;

--
-- Dumping data for table `jb_companies`
--

INSERT INTO `jb_companies` VALUES (1,NULL,'LinkedIn',NULL,'Qui omnis exercitationem qui dignissimos maxime in. Eligendi dicta voluptatem aliquam vero maxime voluptatem occaecati. Voluptates adipisci molestiae aperiam exercitationem id.','<p class=\"text-muted\"> Objectively pursue diverse catalysts for change for interoperable meta-services. Distinctively re-engineer\n                revolutionary meta-services and premium architectures. Intrinsically incubate intuitive opportunities and\n                real-time potentialities. Appropriately communicate one-to-one technology.</p>\n\n            <p class=\"text-muted\">Intrinsically incubate intuitive opportunities and real-time potentialities Appropriately communicate\n                one-to-one technology.</p>\n\n            <p class=\"text-muted\"> Exercitation photo booth stumptown tote bag Banksy, elit small batch freegan sed. Craft beer elit\n                seitan exercitation, photo booth et 8-bit kale chips proident chillwave deep v laborum. Aliquip veniam delectus, Marfa\n                eiusmod Pinterest in do umami readymade swag.</p>','https://www.linkedin.com/','companies/1.png','43.82477','-75.640194','237 Renner Lane Suite 165\nNorth Emmyton, AR 51458-3264',1,1,1,NULL,'+16807832739',1979,'John Doe',1,'1','1M',NULL,NULL,NULL,NULL,NULL,1,'published',0,'2024-09-18 03:10:53','2024-09-18 03:10:53',NULL),(2,NULL,'Adobe Illustrator',NULL,'Dolorem voluptatum ipsum aut eligendi. Quaerat qui amet accusamus consequuntur. Sed accusamus sed mollitia dolor dignissimos alias facilis.','<p class=\"text-muted\"> Objectively pursue diverse catalysts for change for interoperable meta-services. Distinctively re-engineer\n                revolutionary meta-services and premium architectures. Intrinsically incubate intuitive opportunities and\n                real-time potentialities. Appropriately communicate one-to-one technology.</p>\n\n            <p class=\"text-muted\">Intrinsically incubate intuitive opportunities and real-time potentialities Appropriately communicate\n                one-to-one technology.</p>\n\n            <p class=\"text-muted\"> Exercitation photo booth stumptown tote bag Banksy, elit small batch freegan sed. Craft beer elit\n                seitan exercitation, photo booth et 8-bit kale chips proident chillwave deep v laborum. Aliquip veniam delectus, Marfa\n                eiusmod Pinterest in do umami readymade swag.</p>','https://www.adobe.com/','companies/2.png','42.571321','-75.915539','89974 Mariano Mount Suite 578\nNorth Lucioport, IN 74992',2,2,2,NULL,'+12487383679',1972,'Jeff Werner',1,'10','6M',NULL,NULL,NULL,NULL,NULL,1,'published',0,'2024-09-18 03:10:53','2024-09-18 03:10:53',NULL),(3,NULL,'Bing Search',NULL,'Aliquid sunt aliquid voluptate suscipit ab consequatur repellendus veritatis. Qui non quia consectetur cumque qui. Doloremque provident veritatis nihil.','<p class=\"text-muted\"> Objectively pursue diverse catalysts for change for interoperable meta-services. Distinctively re-engineer\n                revolutionary meta-services and premium architectures. Intrinsically incubate intuitive opportunities and\n                real-time potentialities. Appropriately communicate one-to-one technology.</p>\n\n            <p class=\"text-muted\">Intrinsically incubate intuitive opportunities and real-time potentialities Appropriately communicate\n                one-to-one technology.</p>\n\n            <p class=\"text-muted\"> Exercitation photo booth stumptown tote bag Banksy, elit small batch freegan sed. Craft beer elit\n                seitan exercitation, photo booth et 8-bit kale chips proident chillwave deep v laborum. Aliquip veniam delectus, Marfa\n                eiusmod Pinterest in do umami readymade swag.</p>','https://www.bing.com/','companies/3.png','42.759915','-75.193975','6118 King Fields Apt. 216\nBechtelarstad, WI 78962-2202',6,6,6,NULL,'+12483891352',1970,'Nakamura',7,'9','3M',NULL,NULL,NULL,NULL,NULL,1,'published',0,'2024-09-18 03:10:53','2024-09-18 03:10:53',NULL),(4,NULL,'Dailymotion',NULL,'Et eligendi id at distinctio. Tempore vitae asperiores sapiente quis. Et animi unde consequuntur quisquam praesentium aut aut.','<p class=\"text-muted\"> Objectively pursue diverse catalysts for change for interoperable meta-services. Distinctively re-engineer\n                revolutionary meta-services and premium architectures. Intrinsically incubate intuitive opportunities and\n                real-time potentialities. Appropriately communicate one-to-one technology.</p>\n\n            <p class=\"text-muted\">Intrinsically incubate intuitive opportunities and real-time potentialities Appropriately communicate\n                one-to-one technology.</p>\n\n            <p class=\"text-muted\"> Exercitation photo booth stumptown tote bag Banksy, elit small batch freegan sed. Craft beer elit\n                seitan exercitation, photo booth et 8-bit kale chips proident chillwave deep v laborum. Aliquip veniam delectus, Marfa\n                eiusmod Pinterest in do umami readymade swag.</p>','https://www.dailymotion.com/','companies/4.png','43.383384','-75.270639','77717 Lubowitz Road Suite 523\nBayermouth, MI 19738',1,1,1,NULL,'+17062231973',2011,'John Doe',6,'8','10M',NULL,NULL,NULL,NULL,NULL,1,'published',0,'2024-09-18 03:10:53','2024-09-18 03:10:53',NULL),(5,NULL,'Linkedin',NULL,'Voluptatem quia modi consequatur repellendus qui molestiae. Et voluptatibus et aut est inventore qui. Debitis aliquam consequatur nemo culpa vero ut. Vitae sed praesentium et.','<p class=\"text-muted\"> Objectively pursue diverse catalysts for change for interoperable meta-services. Distinctively re-engineer\n                revolutionary meta-services and premium architectures. Intrinsically incubate intuitive opportunities and\n                real-time potentialities. Appropriately communicate one-to-one technology.</p>\n\n            <p class=\"text-muted\">Intrinsically incubate intuitive opportunities and real-time potentialities Appropriately communicate\n                one-to-one technology.</p>\n\n            <p class=\"text-muted\"> Exercitation photo booth stumptown tote bag Banksy, elit small batch freegan sed. Craft beer elit\n                seitan exercitation, photo booth et 8-bit kale chips proident chillwave deep v laborum. Aliquip veniam delectus, Marfa\n                eiusmod Pinterest in do umami readymade swag.</p>','https://www.linkedin.com/','companies/5.png','42.942028','-76.133938','198 Anderson Loaf\nEast Norris, NM 60922',1,1,1,NULL,'+15155449914',2017,'John Doe',8,'6','9M',NULL,NULL,NULL,NULL,NULL,1,'published',0,'2024-09-18 03:10:53','2024-09-18 03:10:53',NULL),(6,NULL,'Quora JSC',NULL,'Earum tempore mollitia nesciunt consequatur omnis enim. Ex quo voluptatibus adipisci facere. Accusantium laborum quod autem odio.','<p class=\"text-muted\"> Objectively pursue diverse catalysts for change for interoperable meta-services. Distinctively re-engineer\n                revolutionary meta-services and premium architectures. Intrinsically incubate intuitive opportunities and\n                real-time potentialities. Appropriately communicate one-to-one technology.</p>\n\n            <p class=\"text-muted\">Intrinsically incubate intuitive opportunities and real-time potentialities Appropriately communicate\n                one-to-one technology.</p>\n\n            <p class=\"text-muted\"> Exercitation photo booth stumptown tote bag Banksy, elit small batch freegan sed. Craft beer elit\n                seitan exercitation, photo booth et 8-bit kale chips proident chillwave deep v laborum. Aliquip veniam delectus, Marfa\n                eiusmod Pinterest in do umami readymade swag.</p>','https://www.quora.com/','companies/6.png','43.306034','-75.309474','34308 VonRueden Cove Apt. 531\nBennytown, VA 99310-1206',4,4,4,NULL,'+17083374098',2005,'John Doe',7,'5','10M',NULL,NULL,NULL,NULL,NULL,1,'published',0,'2024-09-18 03:10:53','2024-09-18 03:10:53',NULL),(7,NULL,'Nintendo',NULL,'Et molestiae tempore accusamus voluptas. Deleniti rerum fugit ut beatae.','<p class=\"text-muted\"> Objectively pursue diverse catalysts for change for interoperable meta-services. Distinctively re-engineer\n                revolutionary meta-services and premium architectures. Intrinsically incubate intuitive opportunities and\n                real-time potentialities. Appropriately communicate one-to-one technology.</p>\n\n            <p class=\"text-muted\">Intrinsically incubate intuitive opportunities and real-time potentialities Appropriately communicate\n                one-to-one technology.</p>\n\n            <p class=\"text-muted\"> Exercitation photo booth stumptown tote bag Banksy, elit small batch freegan sed. Craft beer elit\n                seitan exercitation, photo booth et 8-bit kale chips proident chillwave deep v laborum. Aliquip veniam delectus, Marfa\n                eiusmod Pinterest in do umami readymade swag.</p>','https://www.nintendo.com/','companies/7.png','43.283549','-75.349081','60232 Obie Estates Suite 146\nJenniechester, RI 54417-6663',3,3,3,NULL,'+18598947668',2024,'Steve Jobs',6,'2','1M',NULL,NULL,NULL,NULL,NULL,1,'published',0,'2024-09-18 03:10:53','2024-09-18 03:10:53',NULL),(8,NULL,'Periscope',NULL,'Ipsam eveniet quia consequatur animi distinctio. Aut omnis et amet tempore sunt. Nihil quia rerum distinctio qui. Voluptatem nulla voluptas adipisci aut explicabo esse nesciunt ad.','<p class=\"text-muted\"> Objectively pursue diverse catalysts for change for interoperable meta-services. Distinctively re-engineer\n                revolutionary meta-services and premium architectures. Intrinsically incubate intuitive opportunities and\n                real-time potentialities. Appropriately communicate one-to-one technology.</p>\n\n            <p class=\"text-muted\">Intrinsically incubate intuitive opportunities and real-time potentialities Appropriately communicate\n                one-to-one technology.</p>\n\n            <p class=\"text-muted\"> Exercitation photo booth stumptown tote bag Banksy, elit small batch freegan sed. Craft beer elit\n                seitan exercitation, photo booth et 8-bit kale chips proident chillwave deep v laborum. Aliquip veniam delectus, Marfa\n                eiusmod Pinterest in do umami readymade swag.</p>','https://www.pscp.tv/','companies/8.png','43.874498','-74.773932','766 Lakin Points\nLake Saulhaven, LA 58022-8740',1,1,1,NULL,'+18313152983',1999,'John Doe',1,'5','8M',NULL,NULL,NULL,NULL,NULL,1,'published',0,'2024-09-18 03:10:53','2024-09-18 03:10:53',NULL),(9,NULL,'NewSum',NULL,'Dolorem nostrum deserunt doloribus qui delectus. Laborum dolorum at voluptas eveniet et deserunt. Harum sit natus unde.','<p class=\"text-muted\"> Objectively pursue diverse catalysts for change for interoperable meta-services. Distinctively re-engineer\n                revolutionary meta-services and premium architectures. Intrinsically incubate intuitive opportunities and\n                real-time potentialities. Appropriately communicate one-to-one technology.</p>\n\n            <p class=\"text-muted\">Intrinsically incubate intuitive opportunities and real-time potentialities Appropriately communicate\n                one-to-one technology.</p>\n\n            <p class=\"text-muted\"> Exercitation photo booth stumptown tote bag Banksy, elit small batch freegan sed. Craft beer elit\n                seitan exercitation, photo booth et 8-bit kale chips proident chillwave deep v laborum. Aliquip veniam delectus, Marfa\n                eiusmod Pinterest in do umami readymade swag.</p>','https://newsum.us/','companies/4.png','42.744949','-74.791156','861 Mosciski Landing\nBreanaside, KY 41651',2,2,2,NULL,'+13319557877',2011,'John Doe',5,'6','10M',NULL,NULL,NULL,NULL,NULL,1,'published',0,'2024-09-18 03:10:53','2024-09-18 03:10:53',NULL),(10,NULL,'PowerHome',NULL,'Explicabo eaque non repudiandae. Dolores at doloremque ut et et sequi autem. Quibusdam incidunt voluptas voluptatem delectus.','<p class=\"text-muted\"> Objectively pursue diverse catalysts for change for interoperable meta-services. Distinctively re-engineer\n                revolutionary meta-services and premium architectures. Intrinsically incubate intuitive opportunities and\n                real-time potentialities. Appropriately communicate one-to-one technology.</p>\n\n            <p class=\"text-muted\">Intrinsically incubate intuitive opportunities and real-time potentialities Appropriately communicate\n                one-to-one technology.</p>\n\n            <p class=\"text-muted\"> Exercitation photo booth stumptown tote bag Banksy, elit small batch freegan sed. Craft beer elit\n                seitan exercitation, photo booth et 8-bit kale chips proident chillwave deep v laborum. Aliquip veniam delectus, Marfa\n                eiusmod Pinterest in do umami readymade swag.</p>','https://www.pscp.tv/','companies/5.png','42.610888','-75.269014','344 Cydney Plain\nKleinfort, AR 20484-1463',1,1,1,NULL,'+19209790337',2015,'John Doe',10,'6','4M',NULL,NULL,NULL,NULL,NULL,1,'published',0,'2024-09-18 03:10:53','2024-09-18 03:10:53',NULL),(11,NULL,'Whop.com',NULL,'Nihil atque non itaque consequuntur. Quia id et et a architecto rem enim. Enim occaecati sint eaque totam qui sunt nostrum. Laborum hic inventore mollitia.','<p class=\"text-muted\"> Objectively pursue diverse catalysts for change for interoperable meta-services. Distinctively re-engineer\n                revolutionary meta-services and premium architectures. Intrinsically incubate intuitive opportunities and\n                real-time potentialities. Appropriately communicate one-to-one technology.</p>\n\n            <p class=\"text-muted\">Intrinsically incubate intuitive opportunities and real-time potentialities Appropriately communicate\n                one-to-one technology.</p>\n\n            <p class=\"text-muted\"> Exercitation photo booth stumptown tote bag Banksy, elit small batch freegan sed. Craft beer elit\n                seitan exercitation, photo booth et 8-bit kale chips proident chillwave deep v laborum. Aliquip veniam delectus, Marfa\n                eiusmod Pinterest in do umami readymade swag.</p>','https://whop.com/','companies/6.png','43.337652','-75.912986','3887 Runolfsdottir Lodge\nNew Krystelside, SC 37782-9074',2,2,2,NULL,'+15593672699',2008,'John Doe',5,'10','7M',NULL,NULL,NULL,NULL,NULL,1,'published',0,'2024-09-18 03:10:53','2024-09-18 03:10:53',NULL),(12,NULL,'Greenwood',NULL,'Explicabo reprehenderit nemo ut pariatur iste quaerat. Illo excepturi itaque quos rerum vero sit quidem. Nostrum suscipit enim deserunt explicabo. Voluptas totam porro enim ea.','<p class=\"text-muted\"> Objectively pursue diverse catalysts for change for interoperable meta-services. Distinctively re-engineer\n                revolutionary meta-services and premium architectures. Intrinsically incubate intuitive opportunities and\n                real-time potentialities. Appropriately communicate one-to-one technology.</p>\n\n            <p class=\"text-muted\">Intrinsically incubate intuitive opportunities and real-time potentialities Appropriately communicate\n                one-to-one technology.</p>\n\n            <p class=\"text-muted\"> Exercitation photo booth stumptown tote bag Banksy, elit small batch freegan sed. Craft beer elit\n                seitan exercitation, photo booth et 8-bit kale chips proident chillwave deep v laborum. Aliquip veniam delectus, Marfa\n                eiusmod Pinterest in do umami readymade swag.</p>','https://www.greenwoodjs.io/','companies/7.png','43.177589','-75.609921','60598 Dock Trail\nEloyburgh, OR 49256',5,5,5,NULL,'+12798772112',1991,'John Doe',3,'1','3M',NULL,NULL,NULL,NULL,NULL,1,'published',0,'2024-09-18 03:10:53','2024-09-18 03:10:53',NULL),(13,NULL,'Kentucky',NULL,'Aut sequi magnam eveniet aperiam. Rerum aut sed explicabo soluta minima illo. Molestiae rerum ea quam esse quo sunt velit rerum.','<p class=\"text-muted\"> Objectively pursue diverse catalysts for change for interoperable meta-services. Distinctively re-engineer\n                revolutionary meta-services and premium architectures. Intrinsically incubate intuitive opportunities and\n                real-time potentialities. Appropriately communicate one-to-one technology.</p>\n\n            <p class=\"text-muted\">Intrinsically incubate intuitive opportunities and real-time potentialities Appropriately communicate\n                one-to-one technology.</p>\n\n            <p class=\"text-muted\"> Exercitation photo booth stumptown tote bag Banksy, elit small batch freegan sed. Craft beer elit\n                seitan exercitation, photo booth et 8-bit kale chips proident chillwave deep v laborum. Aliquip veniam delectus, Marfa\n                eiusmod Pinterest in do umami readymade swag.</p>','https://www.kentucky.gov/','companies/8.png','44.000426','-76.59034','824 Zulauf Turnpike Apt. 967\nNew Anjali, DC 26916-2083',4,4,4,NULL,'+18788280165',2010,'John Doe',10,'4','3M',NULL,NULL,NULL,NULL,NULL,1,'published',0,'2024-09-18 03:10:53','2024-09-18 03:10:53',NULL),(14,NULL,'Equity',NULL,'Repellendus ea et nesciunt nulla incidunt doloribus et. Vero debitis adipisci placeat et consequuntur. Adipisci exercitationem eum ut tenetur et. Vitae distinctio optio sed molestiae voluptate.','<p class=\"text-muted\"> Objectively pursue diverse catalysts for change for interoperable meta-services. Distinctively re-engineer\n                revolutionary meta-services and premium architectures. Intrinsically incubate intuitive opportunities and\n                real-time potentialities. Appropriately communicate one-to-one technology.</p>\n\n            <p class=\"text-muted\">Intrinsically incubate intuitive opportunities and real-time potentialities Appropriately communicate\n                one-to-one technology.</p>\n\n            <p class=\"text-muted\"> Exercitation photo booth stumptown tote bag Banksy, elit small batch freegan sed. Craft beer elit\n                seitan exercitation, photo booth et 8-bit kale chips proident chillwave deep v laborum. Aliquip veniam delectus, Marfa\n                eiusmod Pinterest in do umami readymade swag.</p>','https://www.equity.org.uk/','companies/6.png','43.698995','-75.442132','459 Wolff Roads\nPabloburgh, MS 37603',3,3,3,NULL,'+14807293097',2016,'John Doe',9,'5','4M',NULL,NULL,NULL,NULL,NULL,1,'published',0,'2024-09-18 03:10:53','2024-09-18 03:10:53',NULL),(15,NULL,'Honda',NULL,'Quis dolore autem voluptatem sed quos. Culpa ut molestias et adipisci officiis corporis et.','<p class=\"text-muted\"> Objectively pursue diverse catalysts for change for interoperable meta-services. Distinctively re-engineer\n                revolutionary meta-services and premium architectures. Intrinsically incubate intuitive opportunities and\n                real-time potentialities. Appropriately communicate one-to-one technology.</p>\n\n            <p class=\"text-muted\">Intrinsically incubate intuitive opportunities and real-time potentialities Appropriately communicate\n                one-to-one technology.</p>\n\n            <p class=\"text-muted\"> Exercitation photo booth stumptown tote bag Banksy, elit small batch freegan sed. Craft beer elit\n                seitan exercitation, photo booth et 8-bit kale chips proident chillwave deep v laborum. Aliquip veniam delectus, Marfa\n                eiusmod Pinterest in do umami readymade swag.</p>','https://www.honda.com/','companies/9.png','42.786341','-75.655764','929 Lorna Bypass Suite 146\nWest Marjolaine, SC 24246-3111',4,4,4,NULL,'+16286566851',1984,'John Doe',9,'5','7M',NULL,NULL,NULL,NULL,NULL,1,'published',0,'2024-09-18 03:10:53','2024-09-18 03:10:53',NULL),(16,NULL,'Toyota',NULL,'Aut voluptatem est minima voluptatem earum. Veniam officia nemo sed excepturi. Repellendus distinctio eaque ut unde labore et.','<p class=\"text-muted\"> Objectively pursue diverse catalysts for change for interoperable meta-services. Distinctively re-engineer\n                revolutionary meta-services and premium architectures. Intrinsically incubate intuitive opportunities and\n                real-time potentialities. Appropriately communicate one-to-one technology.</p>\n\n            <p class=\"text-muted\">Intrinsically incubate intuitive opportunities and real-time potentialities Appropriately communicate\n                one-to-one technology.</p>\n\n            <p class=\"text-muted\"> Exercitation photo booth stumptown tote bag Banksy, elit small batch freegan sed. Craft beer elit\n                seitan exercitation, photo booth et 8-bit kale chips proident chillwave deep v laborum. Aliquip veniam delectus, Marfa\n                eiusmod Pinterest in do umami readymade swag.</p>','https://www.toyota.com/','companies/5.png','42.972177','-74.902862','89959 Anderson Ports Suite 026\nSouth Garrisonborough, VA 25982',1,1,1,NULL,'+19305472755',1987,'John Doe',3,'9','3M',NULL,NULL,NULL,NULL,NULL,0,'published',0,'2024-09-18 03:10:53','2024-09-18 03:10:53',NULL),(17,NULL,'Lexus',NULL,'Reprehenderit enim quos unde nemo quia ad. Repellat asperiores aut deleniti doloribus maxime sed quia velit. Rerum eos sed officia voluptas. Tempora sunt commodi rem voluptatem.','<p class=\"text-muted\"> Objectively pursue diverse catalysts for change for interoperable meta-services. Distinctively re-engineer\n                revolutionary meta-services and premium architectures. Intrinsically incubate intuitive opportunities and\n                real-time potentialities. Appropriately communicate one-to-one technology.</p>\n\n            <p class=\"text-muted\">Intrinsically incubate intuitive opportunities and real-time potentialities Appropriately communicate\n                one-to-one technology.</p>\n\n            <p class=\"text-muted\"> Exercitation photo booth stumptown tote bag Banksy, elit small batch freegan sed. Craft beer elit\n                seitan exercitation, photo booth et 8-bit kale chips proident chillwave deep v laborum. Aliquip veniam delectus, Marfa\n                eiusmod Pinterest in do umami readymade swag.</p>','https://www.pscp.tv/','companies/3.png','43.606947','-74.913781','8282 Fausto Gardens Apt. 061\nBreanamouth, SC 97898-8950',1,1,1,NULL,'+14245144475',2022,'John Doe',4,'1','6M',NULL,NULL,NULL,NULL,NULL,0,'published',0,'2024-09-18 03:10:54','2024-09-18 03:10:54',NULL),(18,NULL,'Ondo',NULL,'Et quia a magni inventore libero. Aperiam quia possimus dolor. Ipsa ipsa sint non sunt repudiandae iusto blanditiis rerum.','<p class=\"text-muted\"> Objectively pursue diverse catalysts for change for interoperable meta-services. Distinctively re-engineer\n                revolutionary meta-services and premium architectures. Intrinsically incubate intuitive opportunities and\n                real-time potentialities. Appropriately communicate one-to-one technology.</p>\n\n            <p class=\"text-muted\">Intrinsically incubate intuitive opportunities and real-time potentialities Appropriately communicate\n                one-to-one technology.</p>\n\n            <p class=\"text-muted\"> Exercitation photo booth stumptown tote bag Banksy, elit small batch freegan sed. Craft beer elit\n                seitan exercitation, photo booth et 8-bit kale chips proident chillwave deep v laborum. Aliquip veniam delectus, Marfa\n                eiusmod Pinterest in do umami readymade swag.</p>','https://ondo.mn/','companies/6.png','43.997965','-76.588899','136 Duane Meadows\nNorth Janessaside, OR 97650',5,5,5,NULL,'+13609154212',1995,'John Doe',4,'9','3M',NULL,NULL,NULL,NULL,NULL,0,'published',0,'2024-09-18 03:10:54','2024-09-18 03:10:54',NULL),(19,NULL,'Square',NULL,'Dolor blanditiis corporis eveniet est perspiciatis sapiente. Rerum tempore et assumenda esse. Omnis quasi nemo ullam et inventore at totam.','<p class=\"text-muted\"> Objectively pursue diverse catalysts for change for interoperable meta-services. Distinctively re-engineer\n                revolutionary meta-services and premium architectures. Intrinsically incubate intuitive opportunities and\n                real-time potentialities. Appropriately communicate one-to-one technology.</p>\n\n            <p class=\"text-muted\">Intrinsically incubate intuitive opportunities and real-time potentialities Appropriately communicate\n                one-to-one technology.</p>\n\n            <p class=\"text-muted\"> Exercitation photo booth stumptown tote bag Banksy, elit small batch freegan sed. Craft beer elit\n                seitan exercitation, photo booth et 8-bit kale chips proident chillwave deep v laborum. Aliquip veniam delectus, Marfa\n                eiusmod Pinterest in do umami readymade swag.</p>','https://squareup.com/','companies/2.png','43.059014','-74.845283','405 Dustin Villages\nWest Mellie, RI 58735-6289',4,4,4,NULL,'+16462378761',1983,'John Doe',1,'9','7M',NULL,NULL,NULL,NULL,NULL,0,'published',0,'2024-09-18 03:10:54','2024-09-18 03:10:54',NULL),(20,NULL,'Visa',NULL,'Nisi maiores aut eum enim excepturi dolorum. Minus nulla laborum dolorem quis. Non odit nam reprehenderit repudiandae dolores rerum. Mollitia ad corrupti pariatur sunt fugit explicabo cum.','<p class=\"text-muted\"> Objectively pursue diverse catalysts for change for interoperable meta-services. Distinctively re-engineer\n                revolutionary meta-services and premium architectures. Intrinsically incubate intuitive opportunities and\n                real-time potentialities. Appropriately communicate one-to-one technology.</p>\n\n            <p class=\"text-muted\">Intrinsically incubate intuitive opportunities and real-time potentialities Appropriately communicate\n                one-to-one technology.</p>\n\n            <p class=\"text-muted\"> Exercitation photo booth stumptown tote bag Banksy, elit small batch freegan sed. Craft beer elit\n                seitan exercitation, photo booth et 8-bit kale chips proident chillwave deep v laborum. Aliquip veniam delectus, Marfa\n                eiusmod Pinterest in do umami readymade swag.</p>','https://visa.com/','companies/8.png','43.56113','-76.650544','66957 Herzog Course\nKarolannside, GA 82215',6,6,6,NULL,'+12199326455',2013,'John Doe',1,'5','8M',NULL,NULL,NULL,NULL,NULL,0,'published',0,'2024-09-18 03:10:54','2024-09-18 03:10:54',NULL);

--
-- Table structure for table `jb_companies_accounts`
--

CREATE TABLE `jb_companies_accounts` (
  `company_id` bigint unsigned NOT NULL,
  `account_id` bigint unsigned NOT NULL
) ENGINE=InnoDB DEFAULT CHARSET=utf8mb4 COLLATE=utf8mb4_unicode_ci;

--
-- Dumping data for table `jb_companies_accounts`
--

INSERT INTO `jb_companies_accounts` VALUES (1,1),(1,4),(2,1),(2,4),(3,1),(3,4),(4,1),(4,4),(5,1),(5,4),(6,1),(6,4),(7,1),(7,4),(8,1),(8,4),(9,1),(9,4),(10,1),(10,4),(11,1),(11,4),(12,1),(12,4),(13,1),(13,4),(14,1),(14,4),(15,1),(15,4),(16,1),(16,4),(17,1),(17,4),(18,1),(18,4),(19,1),(19,4),(20,1),(20,4);

--
-- Table structure for table `jb_coupons`
--

CREATE TABLE `jb_coupons` (
  `id` bigint unsigned NOT NULL AUTO_INCREMENT,
  `type` varchar(191) COLLATE utf8mb4_unicode_ci NOT NULL,
  `code` varchar(20) COLLATE utf8mb4_unicode_ci NOT NULL,
  `value` decimal(8,2) NOT NULL,
  `quantity` int DEFAULT NULL,
  `total_used` int unsigned NOT NULL DEFAULT '0',
  `expires_date` datetime DEFAULT NULL,
  `created_at` timestamp NULL DEFAULT NULL,
  `updated_at` timestamp NULL DEFAULT NULL,
  PRIMARY KEY (`id`),
  UNIQUE KEY `jb_coupons_code_unique` (`code`)
) ENGINE=InnoDB DEFAULT CHARSET=utf8mb4 COLLATE=utf8mb4_unicode_ci;

--
-- Dumping data for table `jb_coupons`
--


--
-- Table structure for table `jb_currencies`
--

CREATE TABLE `jb_currencies` (
  `id` bigint unsigned NOT NULL AUTO_INCREMENT,
  `title` varchar(60) COLLATE utf8mb4_unicode_ci NOT NULL,
  `symbol` varchar(10) COLLATE utf8mb4_unicode_ci NOT NULL,
  `is_prefix_symbol` tinyint unsigned NOT NULL DEFAULT '0',
  `decimals` tinyint unsigned NOT NULL DEFAULT '0',
  `order` int unsigned NOT NULL DEFAULT '0',
  `is_default` tinyint NOT NULL DEFAULT '0',
  `exchange_rate` double NOT NULL DEFAULT '1',
  `created_at` timestamp NULL DEFAULT NULL,
  `updated_at` timestamp NULL DEFAULT NULL,
  PRIMARY KEY (`id`)
) ENGINE=InnoDB AUTO_INCREMENT=4 DEFAULT CHARSET=utf8mb4 COLLATE=utf8mb4_unicode_ci;

--
-- Dumping data for table `jb_currencies`
--

INSERT INTO `jb_currencies` VALUES (1,'USD','$',1,2,0,1,1,'2024-09-18 03:10:55','2024-09-18 03:10:55'),(2,'EUR','€',0,2,1,0,0.91,'2024-09-18 03:10:55','2024-09-18 03:10:55'),(3,'VND','₫',0,0,2,0,23717.5,'2024-09-18 03:10:55','2024-09-18 03:10:55');

--
-- Table structure for table `jb_custom_field_options`
--

CREATE TABLE `jb_custom_field_options` (
  `id` bigint unsigned NOT NULL AUTO_INCREMENT,
  `custom_field_id` bigint unsigned NOT NULL,
  `label` varchar(191) COLLATE utf8mb4_unicode_ci DEFAULT NULL,
  `value` varchar(191) COLLATE utf8mb4_unicode_ci NOT NULL,
  `order` int NOT NULL DEFAULT '999',
  `created_at` timestamp NULL DEFAULT NULL,
  `updated_at` timestamp NULL DEFAULT NULL,
  PRIMARY KEY (`id`)
) ENGINE=InnoDB DEFAULT CHARSET=utf8mb4 COLLATE=utf8mb4_unicode_ci;

--
-- Dumping data for table `jb_custom_field_options`
--


--
-- Table structure for table `jb_custom_field_options_translations`
--

CREATE TABLE `jb_custom_field_options_translations` (
  `lang_code` varchar(191) COLLATE utf8mb4_unicode_ci NOT NULL,
  `jb_custom_field_options_id` bigint unsigned NOT NULL,
  `label` varchar(191) COLLATE utf8mb4_unicode_ci DEFAULT NULL,
  `value` varchar(191) COLLATE utf8mb4_unicode_ci DEFAULT NULL,
  PRIMARY KEY (`lang_code`,`jb_custom_field_options_id`)
) ENGINE=InnoDB DEFAULT CHARSET=utf8mb4 COLLATE=utf8mb4_unicode_ci;

--
-- Dumping data for table `jb_custom_field_options_translations`
--


--
-- Table structure for table `jb_custom_field_values`
--

CREATE TABLE `jb_custom_field_values` (
  `id` bigint unsigned NOT NULL AUTO_INCREMENT,
  `name` varchar(191) COLLATE utf8mb4_unicode_ci DEFAULT NULL,
  `value` varchar(191) COLLATE utf8mb4_unicode_ci DEFAULT NULL,
  `reference_type` varchar(191) COLLATE utf8mb4_unicode_ci NOT NULL,
  `reference_id` bigint unsigned NOT NULL,
  `custom_field_id` bigint unsigned DEFAULT NULL,
  `created_at` timestamp NULL DEFAULT NULL,
  `updated_at` timestamp NULL DEFAULT NULL,
  PRIMARY KEY (`id`),
  KEY `jb_custom_field_values_reference_type_reference_id_index` (`reference_type`,`reference_id`)
) ENGINE=InnoDB DEFAULT CHARSET=utf8mb4 COLLATE=utf8mb4_unicode_ci;

--
-- Dumping data for table `jb_custom_field_values`
--


--
-- Table structure for table `jb_custom_field_values_translations`
--

CREATE TABLE `jb_custom_field_values_translations` (
  `lang_code` varchar(191) COLLATE utf8mb4_unicode_ci NOT NULL,
  `jb_custom_field_values_id` bigint unsigned NOT NULL,
  `name` varchar(191) COLLATE utf8mb4_unicode_ci DEFAULT NULL,
  `value` varchar(191) COLLATE utf8mb4_unicode_ci DEFAULT NULL,
  PRIMARY KEY (`lang_code`,`jb_custom_field_values_id`)
) ENGINE=InnoDB DEFAULT CHARSET=utf8mb4 COLLATE=utf8mb4_unicode_ci;

--
-- Dumping data for table `jb_custom_field_values_translations`
--


--
-- Table structure for table `jb_custom_fields`
--

CREATE TABLE `jb_custom_fields` (
  `id` bigint unsigned NOT NULL AUTO_INCREMENT,
  `name` varchar(191) COLLATE utf8mb4_unicode_ci NOT NULL,
  `type` varchar(191) COLLATE utf8mb4_unicode_ci NOT NULL,
  `order` int NOT NULL DEFAULT '999',
  `is_global` tinyint(1) NOT NULL DEFAULT '0',
  `authorable_type` varchar(191) COLLATE utf8mb4_unicode_ci DEFAULT NULL,
  `authorable_id` bigint unsigned DEFAULT NULL,
  `created_at` timestamp NULL DEFAULT NULL,
  `updated_at` timestamp NULL DEFAULT NULL,
  PRIMARY KEY (`id`),
  KEY `jb_custom_fields_authorable_type_authorable_id_index` (`authorable_type`,`authorable_id`)
) ENGINE=InnoDB DEFAULT CHARSET=utf8mb4 COLLATE=utf8mb4_unicode_ci;

--
-- Dumping data for table `jb_custom_fields`
--


--
-- Table structure for table `jb_custom_fields_translations`
--

CREATE TABLE `jb_custom_fields_translations` (
  `lang_code` varchar(191) COLLATE utf8mb4_unicode_ci NOT NULL,
  `jb_custom_fields_id` bigint unsigned NOT NULL,
  `name` varchar(191) COLLATE utf8mb4_unicode_ci DEFAULT NULL,
  `type` varchar(60) COLLATE utf8mb4_unicode_ci DEFAULT NULL,
  PRIMARY KEY (`lang_code`,`jb_custom_fields_id`)
) ENGINE=InnoDB DEFAULT CHARSET=utf8mb4 COLLATE=utf8mb4_unicode_ci;

--
-- Dumping data for table `jb_custom_fields_translations`
--


--
-- Table structure for table `jb_degree_levels`
--

CREATE TABLE `jb_degree_levels` (
  `id` bigint unsigned NOT NULL AUTO_INCREMENT,
  `name` varchar(120) COLLATE utf8mb4_unicode_ci NOT NULL,
  `order` tinyint NOT NULL DEFAULT '0',
  `is_default` tinyint unsigned NOT NULL DEFAULT '0',
  `status` varchar(60) COLLATE utf8mb4_unicode_ci NOT NULL DEFAULT 'published',
  `created_at` timestamp NULL DEFAULT NULL,
  `updated_at` timestamp NULL DEFAULT NULL,
  PRIMARY KEY (`id`)
) ENGINE=InnoDB AUTO_INCREMENT=11 DEFAULT CHARSET=utf8mb4 COLLATE=utf8mb4_unicode_ci;

--
-- Dumping data for table `jb_degree_levels`
--

INSERT INTO `jb_degree_levels` VALUES (1,'Non-Matriculation',0,0,'published','2024-09-18 03:10:50','2024-09-18 03:10:50'),(2,'Matriculation/O-Level',0,0,'published','2024-09-18 03:10:50','2024-09-18 03:10:50'),(3,'Intermediate/A-Level',0,0,'published','2024-09-18 03:10:50','2024-09-18 03:10:50'),(4,'Bachelors',0,0,'published','2024-09-18 03:10:50','2024-09-18 03:10:50'),(5,'Masters',0,0,'published','2024-09-18 03:10:50','2024-09-18 03:10:50'),(6,'MPhil/MS',0,0,'published','2024-09-18 03:10:50','2024-09-18 03:10:50'),(7,'PHD/Doctorate',0,0,'published','2024-09-18 03:10:50','2024-09-18 03:10:50'),(8,'Certification',0,0,'published','2024-09-18 03:10:50','2024-09-18 03:10:50'),(9,'Diploma',0,0,'published','2024-09-18 03:10:50','2024-09-18 03:10:50'),(10,'Short Course',0,0,'published','2024-09-18 03:10:50','2024-09-18 03:10:50');

--
-- Table structure for table `jb_degree_levels_translations`
--

CREATE TABLE `jb_degree_levels_translations` (
  `lang_code` varchar(191) COLLATE utf8mb4_unicode_ci NOT NULL,
  `jb_degree_levels_id` bigint unsigned NOT NULL,
  `name` varchar(191) COLLATE utf8mb4_unicode_ci DEFAULT NULL,
  PRIMARY KEY (`lang_code`,`jb_degree_levels_id`)
) ENGINE=InnoDB DEFAULT CHARSET=utf8mb4 COLLATE=utf8mb4_unicode_ci;

--
-- Dumping data for table `jb_degree_levels_translations`
--


--
-- Table structure for table `jb_degree_types`
--

CREATE TABLE `jb_degree_types` (
  `id` bigint unsigned NOT NULL AUTO_INCREMENT,
  `name` varchar(120) COLLATE utf8mb4_unicode_ci NOT NULL,
  `degree_level_id` bigint unsigned NOT NULL,
  `order` tinyint NOT NULL DEFAULT '0',
  `is_default` tinyint unsigned NOT NULL DEFAULT '0',
  `status` varchar(60) COLLATE utf8mb4_unicode_ci NOT NULL DEFAULT 'published',
  `created_at` timestamp NULL DEFAULT NULL,
  `updated_at` timestamp NULL DEFAULT NULL,
  PRIMARY KEY (`id`)
) ENGINE=InnoDB AUTO_INCREMENT=34 DEFAULT CHARSET=utf8mb4 COLLATE=utf8mb4_unicode_ci;

--
-- Dumping data for table `jb_degree_types`
--

INSERT INTO `jb_degree_types` VALUES (1,'Matric in Arts',2,0,0,'published','2024-09-18 03:10:50','2024-09-18 03:10:50'),(2,'Matric in Science',2,0,0,'published','2024-09-18 03:10:50','2024-09-18 03:10:50'),(3,'O-Levels',2,0,0,'published','2024-09-18 03:10:50','2024-09-18 03:10:50'),(4,'A-Levels',3,0,0,'published','2024-09-18 03:10:50','2024-09-18 03:10:50'),(5,'Faculty of Arts',3,0,0,'published','2024-09-18 03:10:50','2024-09-18 03:10:50'),(6,'Faculty of Science (Pre-medical)',3,0,0,'published','2024-09-18 03:10:50','2024-09-18 03:10:50'),(7,'Faculty of Science (Pre-Engineering)',3,0,0,'published','2024-09-18 03:10:50','2024-09-18 03:10:50'),(8,'Intermediate in Computer Science',3,0,0,'published','2024-09-18 03:10:50','2024-09-18 03:10:50'),(9,'Intermediate in Commerce',3,0,0,'published','2024-09-18 03:10:50','2024-09-18 03:10:50'),(10,'Intermediate in General Science',3,0,0,'published','2024-09-18 03:10:50','2024-09-18 03:10:50'),(11,'Bachelors in Arts',4,0,0,'published','2024-09-18 03:10:50','2024-09-18 03:10:50'),(12,'Bachelors in Architecture',4,0,0,'published','2024-09-18 03:10:50','2024-09-18 03:10:50'),(13,'Bachelors in Business Administration',4,0,0,'published','2024-09-18 03:10:50','2024-09-18 03:10:50'),(14,'Bachelors in Commerce',4,0,0,'published','2024-09-18 03:10:50','2024-09-18 03:10:50'),(15,'Bachelors of Dental Surgery',4,0,0,'published','2024-09-18 03:10:50','2024-09-18 03:10:50'),(16,'Bachelors of Education',4,0,0,'published','2024-09-18 03:10:50','2024-09-18 03:10:50'),(17,'Bachelors in Engineering',4,0,0,'published','2024-09-18 03:10:50','2024-09-18 03:10:50'),(18,'Bachelors in Pharmacy',4,0,0,'published','2024-09-18 03:10:50','2024-09-18 03:10:50'),(19,'Bachelors in Science',4,0,0,'published','2024-09-18 03:10:50','2024-09-18 03:10:50'),(20,'Bachelors of Science in Nursing (Registered Nursing)',4,0,0,'published','2024-09-18 03:10:50','2024-09-18 03:10:50'),(21,'Bachelors in Law',4,0,0,'published','2024-09-18 03:10:50','2024-09-18 03:10:50'),(22,'Bachelors in Technology',4,0,0,'published','2024-09-18 03:10:50','2024-09-18 03:10:50'),(23,'BCS/BS',4,0,0,'published','2024-09-18 03:10:50','2024-09-18 03:10:50'),(24,'Doctor of Veterinary Medicine',4,0,0,'published','2024-09-18 03:10:50','2024-09-18 03:10:50'),(25,'MBBS',4,0,0,'published','2024-09-18 03:10:50','2024-09-18 03:10:50'),(26,'Post Registered Nursing B.S.',4,0,0,'published','2024-09-18 03:10:50','2024-09-18 03:10:50'),(27,'Masters in Arts',5,0,0,'published','2024-09-18 03:10:50','2024-09-18 03:10:50'),(28,'Masters in Business Administration',5,0,0,'published','2024-09-18 03:10:50','2024-09-18 03:10:50'),(29,'Masters in Commerce',5,0,0,'published','2024-09-18 03:10:50','2024-09-18 03:10:50'),(30,'Masters of Education',5,0,0,'published','2024-09-18 03:10:50','2024-09-18 03:10:50'),(31,'Masters in Law',5,0,0,'published','2024-09-18 03:10:50','2024-09-18 03:10:50'),(32,'Masters in Science',5,0,0,'published','2024-09-18 03:10:50','2024-09-18 03:10:50'),(33,'Executive Masters in Business Administration',5,0,0,'published','2024-09-18 03:10:50','2024-09-18 03:10:50');

--
-- Table structure for table `jb_degree_types_translations`
--

CREATE TABLE `jb_degree_types_translations` (
  `lang_code` varchar(191) COLLATE utf8mb4_unicode_ci NOT NULL,
  `jb_degree_types_id` bigint unsigned NOT NULL,
  `name` varchar(191) COLLATE utf8mb4_unicode_ci DEFAULT NULL,
  PRIMARY KEY (`lang_code`,`jb_degree_types_id`)
) ENGINE=InnoDB DEFAULT CHARSET=utf8mb4 COLLATE=utf8mb4_unicode_ci;

--
-- Dumping data for table `jb_degree_types_translations`
--


--
-- Table structure for table `jb_functional_areas`
--

CREATE TABLE `jb_functional_areas` (
  `id` bigint unsigned NOT NULL AUTO_INCREMENT,
  `name` varchar(120) COLLATE utf8mb4_unicode_ci NOT NULL,
  `order` tinyint NOT NULL DEFAULT '0',
  `is_default` tinyint unsigned NOT NULL DEFAULT '0',
  `status` varchar(60) COLLATE utf8mb4_unicode_ci NOT NULL DEFAULT 'published',
  `created_at` timestamp NULL DEFAULT NULL,
  `updated_at` timestamp NULL DEFAULT NULL,
  PRIMARY KEY (`id`)
) ENGINE=InnoDB AUTO_INCREMENT=157 DEFAULT CHARSET=utf8mb4 COLLATE=utf8mb4_unicode_ci;

--
-- Dumping data for table `jb_functional_areas`
--

INSERT INTO `jb_functional_areas` VALUES (1,'Accountant',0,0,'published','2024-09-18 03:10:50','2024-09-18 03:10:50'),(2,'Accounts, Finance &amp; Financial Services',0,0,'published','2024-09-18 03:10:50','2024-09-18 03:10:50'),(3,'Admin',0,0,'published','2024-09-18 03:10:50','2024-09-18 03:10:50'),(4,'Admin Operation',0,0,'published','2024-09-18 03:10:50','2024-09-18 03:10:50'),(5,'Administration',0,0,'published','2024-09-18 03:10:50','2024-09-18 03:10:50'),(6,'Administration Clerical',0,0,'published','2024-09-18 03:10:50','2024-09-18 03:10:50'),(7,'Advertising',0,0,'published','2024-09-18 03:10:50','2024-09-18 03:10:50'),(8,'Advertising',0,0,'published','2024-09-18 03:10:50','2024-09-18 03:10:50'),(9,'Advertisement',0,0,'published','2024-09-18 03:10:50','2024-09-18 03:10:50'),(10,'Architects &amp; Construction',0,0,'published','2024-09-18 03:10:50','2024-09-18 03:10:50'),(11,'Architecture',0,0,'published','2024-09-18 03:10:50','2024-09-18 03:10:50'),(12,'Bank Operation',0,0,'published','2024-09-18 03:10:50','2024-09-18 03:10:50'),(13,'Business Development',0,0,'published','2024-09-18 03:10:50','2024-09-18 03:10:50'),(14,'Business Management',0,0,'published','2024-09-18 03:10:50','2024-09-18 03:10:50'),(15,'Business Systems Analyst',0,0,'published','2024-09-18 03:10:50','2024-09-18 03:10:50'),(16,'Clerical',0,0,'published','2024-09-18 03:10:50','2024-09-18 03:10:50'),(17,'Client Services &amp; Customer Support',0,0,'published','2024-09-18 03:10:50','2024-09-18 03:10:50'),(18,'Computer Hardware',0,0,'published','2024-09-18 03:10:50','2024-09-18 03:10:50'),(19,'Computer Networking',0,0,'published','2024-09-18 03:10:50','2024-09-18 03:10:50'),(20,'Consultant',0,0,'published','2024-09-18 03:10:50','2024-09-18 03:10:50'),(21,'Content Writer',0,0,'published','2024-09-18 03:10:50','2024-09-18 03:10:50'),(22,'Corporate Affairs',0,0,'published','2024-09-18 03:10:50','2024-09-18 03:10:50'),(23,'Creative Design',0,0,'published','2024-09-18 03:10:50','2024-09-18 03:10:50'),(24,'Creative Writer',0,0,'published','2024-09-18 03:10:50','2024-09-18 03:10:50'),(25,'Customer Support',0,0,'published','2024-09-18 03:10:50','2024-09-18 03:10:50'),(26,'Data Entry',0,0,'published','2024-09-18 03:10:50','2024-09-18 03:10:50'),(27,'Data Entry Operator',0,0,'published','2024-09-18 03:10:50','2024-09-18 03:10:50'),(28,'Database Administration (DBA)',0,0,'published','2024-09-18 03:10:50','2024-09-18 03:10:50'),(29,'Development',0,0,'published','2024-09-18 03:10:50','2024-09-18 03:10:50'),(30,'Distribution &amp; Logistics',0,0,'published','2024-09-18 03:10:50','2024-09-18 03:10:50'),(31,'Education &amp; Training',0,0,'published','2024-09-18 03:10:50','2024-09-18 03:10:50'),(32,'Electronics Technician',0,0,'published','2024-09-18 03:10:50','2024-09-18 03:10:50'),(33,'Engineering',0,0,'published','2024-09-18 03:10:50','2024-09-18 03:10:50'),(34,'Engineering Construction',0,0,'published','2024-09-18 03:10:50','2024-09-18 03:10:50'),(35,'Executive Management',0,0,'published','2024-09-18 03:10:50','2024-09-18 03:10:50'),(36,'Executive Secretary',0,0,'published','2024-09-18 03:10:50','2024-09-18 03:10:50'),(37,'Field Operations',0,0,'published','2024-09-18 03:10:50','2024-09-18 03:10:50'),(38,'Front Desk Clerk',0,0,'published','2024-09-18 03:10:50','2024-09-18 03:10:50'),(39,'Front Desk Officer',0,0,'published','2024-09-18 03:10:50','2024-09-18 03:10:50'),(40,'Graphic Design',0,0,'published','2024-09-18 03:10:50','2024-09-18 03:10:50'),(41,'Hardware',0,0,'published','2024-09-18 03:10:50','2024-09-18 03:10:50'),(42,'Health &amp; Medicine',0,0,'published','2024-09-18 03:10:50','2024-09-18 03:10:50'),(43,'Health &amp; Safety',0,0,'published','2024-09-18 03:10:50','2024-09-18 03:10:50'),(44,'Health Care',0,0,'published','2024-09-18 03:10:50','2024-09-18 03:10:50'),(45,'Health Related',0,0,'published','2024-09-18 03:10:50','2024-09-18 03:10:50'),(46,'Hotel Management',0,0,'published','2024-09-18 03:10:50','2024-09-18 03:10:50'),(47,'Hotel/Restaurant Management',0,0,'published','2024-09-18 03:10:50','2024-09-18 03:10:50'),(48,'HR',0,0,'published','2024-09-18 03:10:50','2024-09-18 03:10:50'),(49,'Human Resources',0,0,'published','2024-09-18 03:10:50','2024-09-18 03:10:50'),(50,'Import &amp; Export',0,0,'published','2024-09-18 03:10:50','2024-09-18 03:10:50'),(51,'Industrial Production',0,0,'published','2024-09-18 03:10:50','2024-09-18 03:10:50'),(52,'Installation &amp; Repair',0,0,'published','2024-09-18 03:10:50','2024-09-18 03:10:50'),(53,'Interior Designers &amp; Architects',0,0,'published','2024-09-18 03:10:50','2024-09-18 03:10:50'),(54,'Intern',0,0,'published','2024-09-18 03:10:50','2024-09-18 03:10:50'),(55,'Internship',0,0,'published','2024-09-18 03:10:50','2024-09-18 03:10:50'),(56,'Investment Operations',0,0,'published','2024-09-18 03:10:50','2024-09-18 03:10:50'),(57,'IT Security',0,0,'published','2024-09-18 03:10:50','2024-09-18 03:10:50'),(58,'IT Systems Analyst',0,0,'published','2024-09-18 03:10:50','2024-09-18 03:10:50'),(59,'Legal &amp; Corporate Affairs',0,0,'published','2024-09-18 03:10:50','2024-09-18 03:10:50'),(60,'Legal Affairs',0,0,'published','2024-09-18 03:10:50','2024-09-18 03:10:50'),(61,'Legal Research',0,0,'published','2024-09-18 03:10:50','2024-09-18 03:10:50'),(62,'Logistics &amp; Warehousing',0,0,'published','2024-09-18 03:10:50','2024-09-18 03:10:50'),(63,'Maintenance/Repair',0,0,'published','2024-09-18 03:10:50','2024-09-18 03:10:50'),(64,'Management Consulting',0,0,'published','2024-09-18 03:10:50','2024-09-18 03:10:50'),(65,'Management Information System (MIS)',0,0,'published','2024-09-18 03:10:50','2024-09-18 03:10:50'),(66,'Managerial',0,0,'published','2024-09-18 03:10:50','2024-09-18 03:10:50'),(67,'Manufacturing',0,0,'published','2024-09-18 03:10:50','2024-09-18 03:10:50'),(68,'Manufacturing &amp; Operations',0,0,'published','2024-09-18 03:10:50','2024-09-18 03:10:50'),(69,'Marketing',0,0,'published','2024-09-18 03:10:50','2024-09-18 03:10:50'),(70,'Marketing',0,0,'published','2024-09-18 03:10:50','2024-09-18 03:10:50'),(71,'Media - Print &amp; Electronic',0,0,'published','2024-09-18 03:10:50','2024-09-18 03:10:50'),(72,'Media &amp; Advertising',0,0,'published','2024-09-18 03:10:50','2024-09-18 03:10:50'),(73,'Medical',0,0,'published','2024-09-18 03:10:50','2024-09-18 03:10:50'),(74,'Medicine',0,0,'published','2024-09-18 03:10:50','2024-09-18 03:10:50'),(75,'Merchandising',0,0,'published','2024-09-18 03:10:50','2024-09-18 03:10:50'),(76,'Merchandising &amp; Product Management',0,0,'published','2024-09-18 03:10:50','2024-09-18 03:10:50'),(77,'Monitoring &amp; Evaluation (M&amp;E)',0,0,'published','2024-09-18 03:10:50','2024-09-18 03:10:50'),(78,'Network Administration',0,0,'published','2024-09-18 03:10:50','2024-09-18 03:10:50'),(79,'Network Operation',0,0,'published','2024-09-18 03:10:50','2024-09-18 03:10:50'),(80,'Online Advertising',0,0,'published','2024-09-18 03:10:50','2024-09-18 03:10:50'),(81,'Online Marketing',0,0,'published','2024-09-18 03:10:50','2024-09-18 03:10:50'),(82,'Operations',0,0,'published','2024-09-18 03:10:50','2024-09-18 03:10:50'),(83,'Planning',0,0,'published','2024-09-18 03:10:50','2024-09-18 03:10:50'),(84,'Planning &amp; Development',0,0,'published','2024-09-18 03:10:50','2024-09-18 03:10:50'),(85,'PR',0,0,'published','2024-09-18 03:10:50','2024-09-18 03:10:50'),(86,'Print Media',0,0,'published','2024-09-18 03:10:50','2024-09-18 03:10:50'),(87,'Printing',0,0,'published','2024-09-18 03:10:50','2024-09-18 03:10:50'),(88,'Procurement',0,0,'published','2024-09-18 03:10:50','2024-09-18 03:10:50'),(89,'Product Developer',0,0,'published','2024-09-18 03:10:50','2024-09-18 03:10:50'),(90,'Product Development',0,0,'published','2024-09-18 03:10:50','2024-09-18 03:10:50'),(91,'Product Development',0,0,'published','2024-09-18 03:10:50','2024-09-18 03:10:50'),(92,'Product Management',0,0,'published','2024-09-18 03:10:50','2024-09-18 03:10:50'),(93,'Production',0,0,'published','2024-09-18 03:10:50','2024-09-18 03:10:50'),(94,'Production &amp; Quality Control',0,0,'published','2024-09-18 03:10:50','2024-09-18 03:10:50'),(95,'Project Management',0,0,'published','2024-09-18 03:10:50','2024-09-18 03:10:50'),(96,'Project Management Consultant',0,0,'published','2024-09-18 03:10:50','2024-09-18 03:10:50'),(97,'Public Relations',0,0,'published','2024-09-18 03:10:50','2024-09-18 03:10:50'),(98,'QA',0,0,'published','2024-09-18 03:10:50','2024-09-18 03:10:50'),(99,'QC',0,0,'published','2024-09-18 03:10:50','2024-09-18 03:10:50'),(100,'Qualitative Research',0,0,'published','2024-09-18 03:10:50','2024-09-18 03:10:50'),(101,'Quality Assurance (QA)',0,0,'published','2024-09-18 03:10:50','2024-09-18 03:10:50'),(102,'Quality Control',0,0,'published','2024-09-18 03:10:50','2024-09-18 03:10:50'),(103,'Quality Inspection',0,0,'published','2024-09-18 03:10:50','2024-09-18 03:10:50'),(104,'Recruiting',0,0,'published','2024-09-18 03:10:50','2024-09-18 03:10:50'),(105,'Recruitment',0,0,'published','2024-09-18 03:10:50','2024-09-18 03:10:50'),(106,'Repair &amp; Overhaul',0,0,'published','2024-09-18 03:10:50','2024-09-18 03:10:50'),(107,'Research &amp; Development (R&amp;D)',0,0,'published','2024-09-18 03:10:50','2024-09-18 03:10:50'),(108,'Research &amp; Evaluation',0,0,'published','2024-09-18 03:10:50','2024-09-18 03:10:50'),(109,'Research &amp; Fellowships',0,0,'published','2024-09-18 03:10:50','2024-09-18 03:10:50'),(110,'Researcher',0,0,'published','2024-09-18 03:10:50','2024-09-18 03:10:50'),(111,'Restaurant Management',0,0,'published','2024-09-18 03:10:50','2024-09-18 03:10:50'),(112,'Retail',0,0,'published','2024-09-18 03:10:50','2024-09-18 03:10:50'),(113,'Retail &amp; Wholesale',0,0,'published','2024-09-18 03:10:50','2024-09-18 03:10:50'),(114,'Retail Buyer',0,0,'published','2024-09-18 03:10:50','2024-09-18 03:10:50'),(115,'Retail Buying',0,0,'published','2024-09-18 03:10:50','2024-09-18 03:10:50'),(116,'Retail Merchandising',0,0,'published','2024-09-18 03:10:50','2024-09-18 03:10:50'),(117,'Safety &amp; Environment',0,0,'published','2024-09-18 03:10:50','2024-09-18 03:10:50'),(118,'Sales',0,0,'published','2024-09-18 03:10:50','2024-09-18 03:10:50'),(119,'Sales &amp; Business Development',0,0,'published','2024-09-18 03:10:50','2024-09-18 03:10:50'),(120,'Sales Support',0,0,'published','2024-09-18 03:10:50','2024-09-18 03:10:50'),(121,'Search Engine Optimization (SEO)',0,0,'published','2024-09-18 03:10:50','2024-09-18 03:10:50'),(122,'Secretarial, Clerical &amp; Front Office',0,0,'published','2024-09-18 03:10:50','2024-09-18 03:10:50'),(123,'Security',0,0,'published','2024-09-18 03:10:50','2024-09-18 03:10:50'),(124,'Security &amp; Environment',0,0,'published','2024-09-18 03:10:50','2024-09-18 03:10:50'),(125,'Security Guard',0,0,'published','2024-09-18 03:10:50','2024-09-18 03:10:50'),(126,'SEM',0,0,'published','2024-09-18 03:10:50','2024-09-18 03:10:50'),(127,'SMO',0,0,'published','2024-09-18 03:10:50','2024-09-18 03:10:50'),(128,'Software &amp; Web Development',0,0,'published','2024-09-18 03:10:50','2024-09-18 03:10:50'),(129,'Software Engineer',0,0,'published','2024-09-18 03:10:50','2024-09-18 03:10:50'),(130,'Software Testing',0,0,'published','2024-09-18 03:10:50','2024-09-18 03:10:50'),(131,'Stores &amp; Warehousing',0,0,'published','2024-09-18 03:10:50','2024-09-18 03:10:50'),(132,'Supply Chain',0,0,'published','2024-09-18 03:10:50','2024-09-18 03:10:50'),(133,'Supply Chain Management',0,0,'published','2024-09-18 03:10:50','2024-09-18 03:10:50'),(134,'Systems Analyst',0,0,'published','2024-09-18 03:10:50','2024-09-18 03:10:50'),(135,'Teachers/Education, Training &amp; Development',0,0,'published','2024-09-18 03:10:50','2024-09-18 03:10:50'),(136,'Technical Writer',0,0,'published','2024-09-18 03:10:50','2024-09-18 03:10:50'),(137,'Tele Sale Representative',0,0,'published','2024-09-18 03:10:50','2024-09-18 03:10:50'),(138,'Telemarketing',0,0,'published','2024-09-18 03:10:50','2024-09-18 03:10:50'),(139,'Training &amp; Development',0,0,'published','2024-09-18 03:10:50','2024-09-18 03:10:50'),(140,'Transportation &amp; Warehousing',0,0,'published','2024-09-18 03:10:50','2024-09-18 03:10:50'),(141,'TSR',0,0,'published','2024-09-18 03:10:50','2024-09-18 03:10:50'),(142,'Typing',0,0,'published','2024-09-18 03:10:50','2024-09-18 03:10:50'),(143,'Warehousing',0,0,'published','2024-09-18 03:10:50','2024-09-18 03:10:50'),(144,'Web Developer',0,0,'published','2024-09-18 03:10:50','2024-09-18 03:10:50'),(145,'Web Marketing',0,0,'published','2024-09-18 03:10:50','2024-09-18 03:10:50'),(146,'Writer',0,0,'published','2024-09-18 03:10:50','2024-09-18 03:10:50'),(147,'PR',0,0,'published','2024-09-18 03:10:50','2024-09-18 03:10:50'),(148,'QA',0,0,'published','2024-09-18 03:10:50','2024-09-18 03:10:50'),(149,'QC',0,0,'published','2024-09-18 03:10:50','2024-09-18 03:10:50'),(150,'SEM',0,0,'published','2024-09-18 03:10:50','2024-09-18 03:10:50'),(151,'SMO',0,0,'published','2024-09-18 03:10:50','2024-09-18 03:10:50'),(152,'TSR',0,0,'published','2024-09-18 03:10:50','2024-09-18 03:10:50'),(153,'HR',0,0,'published','2024-09-18 03:10:50','2024-09-18 03:10:50'),(154,'QA',0,0,'published','2024-09-18 03:10:50','2024-09-18 03:10:50'),(155,'QC',0,0,'published','2024-09-18 03:10:50','2024-09-18 03:10:50'),(156,'SEM',0,0,'published','2024-09-18 03:10:50','2024-09-18 03:10:50');

--
-- Table structure for table `jb_functional_areas_translations`
--

CREATE TABLE `jb_functional_areas_translations` (
  `lang_code` varchar(191) COLLATE utf8mb4_unicode_ci NOT NULL,
  `jb_functional_areas_id` bigint unsigned NOT NULL,
  `name` varchar(191) COLLATE utf8mb4_unicode_ci DEFAULT NULL,
  PRIMARY KEY (`lang_code`,`jb_functional_areas_id`)
) ENGINE=InnoDB DEFAULT CHARSET=utf8mb4 COLLATE=utf8mb4_unicode_ci;

--
-- Dumping data for table `jb_functional_areas_translations`
--


--
-- Table structure for table `jb_invoice_items`
--

CREATE TABLE `jb_invoice_items` (
  `id` bigint unsigned NOT NULL AUTO_INCREMENT,
  `invoice_id` bigint unsigned NOT NULL,
  `reference_type` varchar(191) COLLATE utf8mb4_unicode_ci NOT NULL,
  `reference_id` bigint unsigned NOT NULL,
  `name` varchar(191) COLLATE utf8mb4_unicode_ci NOT NULL,
  `description` varchar(400) COLLATE utf8mb4_unicode_ci DEFAULT NULL,
  `image` varchar(191) COLLATE utf8mb4_unicode_ci DEFAULT NULL,
  `qty` int unsigned NOT NULL,
  `sub_total` decimal(15,2) unsigned NOT NULL,
  `tax_amount` decimal(15,2) unsigned NOT NULL DEFAULT '0.00',
  `discount_amount` decimal(15,2) unsigned NOT NULL DEFAULT '0.00',
  `amount` decimal(15,2) unsigned NOT NULL,
  `metadata` text COLLATE utf8mb4_unicode_ci,
  `created_at` timestamp NULL DEFAULT NULL,
  `updated_at` timestamp NULL DEFAULT NULL,
  PRIMARY KEY (`id`),
  KEY `jb_invoice_items_reference_type_reference_id_index` (`reference_type`,`reference_id`)
) ENGINE=InnoDB DEFAULT CHARSET=utf8mb4 COLLATE=utf8mb4_unicode_ci;

--
-- Dumping data for table `jb_invoice_items`
--


--
-- Table structure for table `jb_invoices`
--

CREATE TABLE `jb_invoices` (
  `id` bigint unsigned NOT NULL AUTO_INCREMENT,
  `reference_type` varchar(191) COLLATE utf8mb4_unicode_ci NOT NULL,
  `reference_id` bigint unsigned NOT NULL,
  `code` varchar(191) COLLATE utf8mb4_unicode_ci NOT NULL,
  `customer_name` varchar(191) COLLATE utf8mb4_unicode_ci NOT NULL,
  `company_name` varchar(191) COLLATE utf8mb4_unicode_ci DEFAULT NULL,
  `company_logo` varchar(191) COLLATE utf8mb4_unicode_ci DEFAULT NULL,
  `customer_email` varchar(191) COLLATE utf8mb4_unicode_ci NOT NULL,
  `customer_phone` varchar(191) COLLATE utf8mb4_unicode_ci DEFAULT NULL,
  `customer_address` varchar(191) COLLATE utf8mb4_unicode_ci DEFAULT NULL,
  `tax_id` varchar(191) COLLATE utf8mb4_unicode_ci DEFAULT NULL,
  `sub_total` decimal(15,2) unsigned NOT NULL,
  `tax_amount` decimal(15,2) unsigned NOT NULL DEFAULT '0.00',
  `shipping_amount` decimal(15,2) unsigned NOT NULL DEFAULT '0.00',
  `discount_amount` decimal(15,2) unsigned NOT NULL DEFAULT '0.00',
  `coupon_code` varchar(191) COLLATE utf8mb4_unicode_ci DEFAULT NULL,
  `amount` decimal(15,2) unsigned NOT NULL,
  `payment_id` int unsigned DEFAULT NULL,
  `status` varchar(191) COLLATE utf8mb4_unicode_ci NOT NULL DEFAULT 'pending',
  `paid_at` timestamp NULL DEFAULT NULL,
  `created_at` timestamp NULL DEFAULT NULL,
  `updated_at` timestamp NULL DEFAULT NULL,
  PRIMARY KEY (`id`),
  UNIQUE KEY `jb_invoices_code_unique` (`code`),
  KEY `jb_invoices_reference_type_reference_id_index` (`reference_type`,`reference_id`),
  KEY `jb_invoices_payment_id_index` (`payment_id`),
  KEY `jb_invoices_status_index` (`status`)
) ENGINE=InnoDB DEFAULT CHARSET=utf8mb4 COLLATE=utf8mb4_unicode_ci;

--
-- Dumping data for table `jb_invoices`
--


--
-- Table structure for table `jb_job_experiences`
--

CREATE TABLE `jb_job_experiences` (
  `id` bigint unsigned NOT NULL AUTO_INCREMENT,
  `name` varchar(120) COLLATE utf8mb4_unicode_ci NOT NULL,
  `order` tinyint NOT NULL DEFAULT '0',
  `is_default` tinyint unsigned NOT NULL DEFAULT '0',
  `status` varchar(60) COLLATE utf8mb4_unicode_ci NOT NULL DEFAULT 'published',
  `created_at` timestamp NULL DEFAULT NULL,
  `updated_at` timestamp NULL DEFAULT NULL,
  PRIMARY KEY (`id`)
) ENGINE=InnoDB AUTO_INCREMENT=13 DEFAULT CHARSET=utf8mb4 COLLATE=utf8mb4_unicode_ci;

--
-- Dumping data for table `jb_job_experiences`
--

INSERT INTO `jb_job_experiences` VALUES (1,'Fresh',0,0,'published','2024-09-18 03:10:52','2024-09-18 03:10:52'),(2,'Less Than 1 Year',1,0,'published','2024-09-18 03:10:52','2024-09-18 03:10:52'),(3,'1 Year',2,0,'published','2024-09-18 03:10:52','2024-09-18 03:10:52'),(4,'2 Year',3,0,'published','2024-09-18 03:10:52','2024-09-18 03:10:52'),(5,'3 Year',4,0,'published','2024-09-18 03:10:52','2024-09-18 03:10:52'),(6,'4 Year',5,0,'published','2024-09-18 03:10:52','2024-09-18 03:10:52'),(7,'5 Year',6,0,'published','2024-09-18 03:10:52','2024-09-18 03:10:52'),(8,'6 Year',7,0,'published','2024-09-18 03:10:52','2024-09-18 03:10:52'),(9,'7 Year',8,0,'published','2024-09-18 03:10:52','2024-09-18 03:10:52'),(10,'8 Year',9,0,'published','2024-09-18 03:10:52','2024-09-18 03:10:52'),(11,'9 Year',10,0,'published','2024-09-18 03:10:52','2024-09-18 03:10:52'),(12,'10 Year',11,0,'published','2024-09-18 03:10:52','2024-09-18 03:10:52');

--
-- Table structure for table `jb_job_experiences_translations`
--

CREATE TABLE `jb_job_experiences_translations` (
  `lang_code` varchar(191) COLLATE utf8mb4_unicode_ci NOT NULL,
  `jb_job_experiences_id` bigint unsigned NOT NULL,
  `name` varchar(191) COLLATE utf8mb4_unicode_ci DEFAULT NULL,
  PRIMARY KEY (`lang_code`,`jb_job_experiences_id`)
) ENGINE=InnoDB DEFAULT CHARSET=utf8mb4 COLLATE=utf8mb4_unicode_ci;

--
-- Dumping data for table `jb_job_experiences_translations`
--


--
-- Table structure for table `jb_job_shifts`
--

CREATE TABLE `jb_job_shifts` (
  `id` bigint unsigned NOT NULL AUTO_INCREMENT,
  `name` varchar(120) COLLATE utf8mb4_unicode_ci NOT NULL,
  `order` tinyint NOT NULL DEFAULT '0',
  `is_default` tinyint unsigned NOT NULL DEFAULT '0',
  `status` varchar(60) COLLATE utf8mb4_unicode_ci NOT NULL DEFAULT 'published',
  `created_at` timestamp NULL DEFAULT NULL,
  `updated_at` timestamp NULL DEFAULT NULL,
  PRIMARY KEY (`id`)
) ENGINE=InnoDB AUTO_INCREMENT=5 DEFAULT CHARSET=utf8mb4 COLLATE=utf8mb4_unicode_ci;

--
-- Dumping data for table `jb_job_shifts`
--

INSERT INTO `jb_job_shifts` VALUES (1,'First Shift (Day)',0,0,'published','2024-09-18 03:10:52','2024-09-18 03:10:52'),(2,'Second Shift (Afternoon)',0,0,'published','2024-09-18 03:10:52','2024-09-18 03:10:52'),(3,'Third Shift (Night)',0,0,'published','2024-09-18 03:10:52','2024-09-18 03:10:52'),(4,'Rotating',0,0,'published','2024-09-18 03:10:52','2024-09-18 03:10:52');

--
-- Table structure for table `jb_job_shifts_translations`
--

CREATE TABLE `jb_job_shifts_translations` (
  `lang_code` varchar(191) COLLATE utf8mb4_unicode_ci NOT NULL,
  `jb_job_shifts_id` bigint unsigned NOT NULL,
  `name` varchar(191) COLLATE utf8mb4_unicode_ci DEFAULT NULL,
  PRIMARY KEY (`lang_code`,`jb_job_shifts_id`)
) ENGINE=InnoDB DEFAULT CHARSET=utf8mb4 COLLATE=utf8mb4_unicode_ci;

--
-- Dumping data for table `jb_job_shifts_translations`
--


--
-- Table structure for table `jb_job_skills`
--

CREATE TABLE `jb_job_skills` (
  `id` bigint unsigned NOT NULL AUTO_INCREMENT,
  `name` varchar(120) COLLATE utf8mb4_unicode_ci NOT NULL,
  `order` tinyint NOT NULL DEFAULT '0',
  `is_default` tinyint unsigned NOT NULL DEFAULT '0',
  `status` varchar(60) COLLATE utf8mb4_unicode_ci NOT NULL DEFAULT 'published',
  `created_at` timestamp NULL DEFAULT NULL,
  `updated_at` timestamp NULL DEFAULT NULL,
  PRIMARY KEY (`id`)
) ENGINE=InnoDB AUTO_INCREMENT=10 DEFAULT CHARSET=utf8mb4 COLLATE=utf8mb4_unicode_ci;

--
-- Dumping data for table `jb_job_skills`
--

INSERT INTO `jb_job_skills` VALUES (1,'JavaScript',0,0,'published','2024-09-18 03:10:52','2024-09-18 03:10:52'),(2,'PHP',0,0,'published','2024-09-18 03:10:52','2024-09-18 03:10:52'),(3,'Python',0,0,'published','2024-09-18 03:10:52','2024-09-18 03:10:52'),(4,'Laravel',0,0,'published','2024-09-18 03:10:52','2024-09-18 03:10:52'),(5,'CakePHP',0,0,'published','2024-09-18 03:10:52','2024-09-18 03:10:52'),(6,'WordPress',0,0,'published','2024-09-18 03:10:52','2024-09-18 03:10:52'),(7,'Flutter',0,0,'published','2024-09-18 03:10:52','2024-09-18 03:10:52'),(8,'FilamentPHP',0,0,'published','2024-09-18 03:10:52','2024-09-18 03:10:52'),(9,'React.js',0,0,'published','2024-09-18 03:10:52','2024-09-18 03:10:52');

--
-- Table structure for table `jb_job_skills_translations`
--

CREATE TABLE `jb_job_skills_translations` (
  `lang_code` varchar(191) COLLATE utf8mb4_unicode_ci NOT NULL,
  `jb_job_skills_id` bigint unsigned NOT NULL,
  `name` varchar(191) COLLATE utf8mb4_unicode_ci DEFAULT NULL,
  PRIMARY KEY (`lang_code`,`jb_job_skills_id`)
) ENGINE=InnoDB DEFAULT CHARSET=utf8mb4 COLLATE=utf8mb4_unicode_ci;

--
-- Dumping data for table `jb_job_skills_translations`
--


--
-- Table structure for table `jb_job_types`
--

CREATE TABLE `jb_job_types` (
  `id` bigint unsigned NOT NULL AUTO_INCREMENT,
  `name` varchar(120) COLLATE utf8mb4_unicode_ci NOT NULL,
  `order` tinyint NOT NULL DEFAULT '0',
  `is_default` tinyint unsigned NOT NULL DEFAULT '0',
  `status` varchar(60) COLLATE utf8mb4_unicode_ci NOT NULL DEFAULT 'published',
  `created_at` timestamp NULL DEFAULT NULL,
  `updated_at` timestamp NULL DEFAULT NULL,
  PRIMARY KEY (`id`)
) ENGINE=InnoDB AUTO_INCREMENT=6 DEFAULT CHARSET=utf8mb4 COLLATE=utf8mb4_unicode_ci;

--
-- Dumping data for table `jb_job_types`
--

INSERT INTO `jb_job_types` VALUES (1,'Contract',0,0,'published','2024-09-18 03:10:53','2024-09-18 03:10:53'),(2,'Freelance',0,0,'published','2024-09-18 03:10:53','2024-09-18 03:10:53'),(3,'Full Time',0,1,'published','2024-09-18 03:10:53','2024-09-18 03:10:53'),(4,'Internship',0,0,'published','2024-09-18 03:10:53','2024-09-18 03:10:53'),(5,'Part Time',0,0,'published','2024-09-18 03:10:53','2024-09-18 03:10:53');

--
-- Table structure for table `jb_job_types_translations`
--

CREATE TABLE `jb_job_types_translations` (
  `lang_code` varchar(191) COLLATE utf8mb4_unicode_ci NOT NULL,
  `jb_job_types_id` bigint unsigned NOT NULL,
  `name` varchar(191) COLLATE utf8mb4_unicode_ci DEFAULT NULL,
  PRIMARY KEY (`lang_code`,`jb_job_types_id`)
) ENGINE=InnoDB DEFAULT CHARSET=utf8mb4 COLLATE=utf8mb4_unicode_ci;

--
-- Dumping data for table `jb_job_types_translations`
--


--
-- Table structure for table `jb_jobs`
--

CREATE TABLE `jb_jobs` (
  `id` bigint unsigned NOT NULL AUTO_INCREMENT,
  `name` varchar(120) COLLATE utf8mb4_unicode_ci NOT NULL,
  `description` text COLLATE utf8mb4_unicode_ci,
  `content` text COLLATE utf8mb4_unicode_ci,
  `apply_url` varchar(191) COLLATE utf8mb4_unicode_ci DEFAULT NULL,
  `company_id` bigint unsigned DEFAULT NULL,
  `address` varchar(191) COLLATE utf8mb4_unicode_ci DEFAULT NULL,
  `country_id` bigint unsigned DEFAULT '1',
  `state_id` bigint unsigned DEFAULT NULL,
  `city_id` bigint unsigned DEFAULT NULL,
  `is_freelance` tinyint unsigned NOT NULL DEFAULT '0',
  `career_level_id` bigint unsigned DEFAULT NULL,
  `salary_from` decimal(15,2) unsigned DEFAULT NULL,
  `salary_to` decimal(15,2) unsigned DEFAULT NULL,
  `salary_range` varchar(30) COLLATE utf8mb4_unicode_ci NOT NULL DEFAULT 'hour',
  `currency_id` bigint unsigned DEFAULT NULL,
  `degree_level_id` bigint unsigned DEFAULT NULL,
  `job_shift_id` bigint unsigned DEFAULT NULL,
  `job_experience_id` bigint unsigned DEFAULT NULL,
  `functional_area_id` bigint unsigned DEFAULT NULL,
  `hide_salary` tinyint(1) NOT NULL DEFAULT '0',
  `number_of_positions` int unsigned NOT NULL DEFAULT '1',
  `expire_date` date DEFAULT NULL,
  `author_id` bigint unsigned DEFAULT NULL,
  `author_type` varchar(191) COLLATE utf8mb4_unicode_ci NOT NULL DEFAULT 'Botble\\ACL\\Models\\User',
  `views` int unsigned NOT NULL DEFAULT '0',
  `number_of_applied` int unsigned NOT NULL DEFAULT '0',
  `hide_company` tinyint(1) NOT NULL DEFAULT '0',
  `latitude` varchar(25) COLLATE utf8mb4_unicode_ci DEFAULT NULL,
  `longitude` varchar(25) COLLATE utf8mb4_unicode_ci DEFAULT NULL,
  `auto_renew` tinyint(1) NOT NULL DEFAULT '0',
  `external_apply_clicks` int unsigned NOT NULL DEFAULT '0',
  `never_expired` tinyint(1) NOT NULL DEFAULT '0',
  `is_featured` tinyint NOT NULL DEFAULT '0',
  `status` varchar(60) COLLATE utf8mb4_unicode_ci NOT NULL DEFAULT 'published',
  `moderation_status` varchar(60) COLLATE utf8mb4_unicode_ci NOT NULL DEFAULT 'pending',
  `created_at` timestamp NULL DEFAULT NULL,
  `updated_at` timestamp NULL DEFAULT NULL,
  `employer_colleagues` text COLLATE utf8mb4_unicode_ci,
  `start_date` date DEFAULT NULL,
  `application_closing_date` date DEFAULT NULL,
  `zip_code` varchar(20) COLLATE utf8mb4_unicode_ci DEFAULT NULL,
  PRIMARY KEY (`id`)
) ENGINE=InnoDB AUTO_INCREMENT=52 DEFAULT CHARSET=utf8mb4 COLLATE=utf8mb4_unicode_ci;

--
-- Dumping data for table `jb_jobs`
--

INSERT INTO `jb_jobs` VALUES (1,'UI / UX Designer full-time','Consequatur at sit assumenda. Maxime voluptatibus quaerat ipsum libero. Et est minima accusamus et amet. Eaque velit et nihil placeat odit eos. Et inventore dolores voluptas repudiandae.','<h5>Responsibilities</h5>\n                <div>\n                    <p>As a Product Designer, you will work within a Product Delivery Team fused with UX, engineering, product and data talent.</p>\n                    <ul>\n                        <li>Have sound knowledge of commercial activities.</li>\n                        <li>Build next-generation web applications with a focus on the client side</li>\n                        <li>Work on multiple projects at once, and consistently meet draft deadlines</li>\n                        <li>have already graduated or are currently in any year of study</li>\n                        <li>Revise the work of previous designers to create a unified aesthetic for our brand materials</li>\n                    </ul>\n                </div>\n                <h5>Qualification </h5>\n                <div>\n                    <ul>\n                        <li>B.C.A / M.C.A under National University course complete.</li>\n                        <li>3 or more years of professional design experience</li>\n                        <li>have already graduated or are currently in any year of study</li>\n                        <li>Advanced degree or equivalent experience in graphic and web design</li>\n                    </ul>\n                </div>','',17,NULL,1,1,1,0,2,6800.00,13900.00,'monthly',1,8,1,5,36,0,5,'2024-11-07',1,'Botble\\JobBoard\\Models\\Account',0,0,0,'43.606947','-74.913781',0,0,0,1,'published','approved','2024-07-19 21:20:26','2024-09-18 03:10:54',NULL,NULL,NULL,NULL),(2,'Full Stack Engineer','Omnis officiis quaerat rem corrupti autem labore. Dolorem libero autem saepe et. Aliquam a quasi est sapiente voluptatem.','<h5>Responsibilities</h5>\n                <div>\n                    <p>As a Product Designer, you will work within a Product Delivery Team fused with UX, engineering, product and data talent.</p>\n                    <ul>\n                        <li>Have sound knowledge of commercial activities.</li>\n                        <li>Build next-generation web applications with a focus on the client side</li>\n                        <li>Work on multiple projects at once, and consistently meet draft deadlines</li>\n                        <li>have already graduated or are currently in any year of study</li>\n                        <li>Revise the work of previous designers to create a unified aesthetic for our brand materials</li>\n                    </ul>\n                </div>\n                <h5>Qualification </h5>\n                <div>\n                    <ul>\n                        <li>B.C.A / M.C.A under National University course complete.</li>\n                        <li>3 or more years of professional design experience</li>\n                        <li>have already graduated or are currently in any year of study</li>\n                        <li>Advanced degree or equivalent experience in graphic and web design</li>\n                    </ul>\n                </div>','https://google.com',17,NULL,1,1,1,0,5,5400.00,11500.00,'yearly',1,8,1,4,32,0,2,'2024-11-03',1,'Botble\\JobBoard\\Models\\Account',0,0,0,'43.606947','-74.913781',0,0,0,0,'published','approved','2024-08-01 20:19:16','2024-09-18 03:10:54',NULL,NULL,NULL,NULL),(3,'Java Software Engineer','Cum vel qui maxime non. Non omnis pariatur cupiditate minima. Commodi nihil est vitae numquam nam sit velit quod.','<h5>Responsibilities</h5>\n                <div>\n                    <p>As a Product Designer, you will work within a Product Delivery Team fused with UX, engineering, product and data talent.</p>\n                    <ul>\n                        <li>Have sound knowledge of commercial activities.</li>\n                        <li>Build next-generation web applications with a focus on the client side</li>\n                        <li>Work on multiple projects at once, and consistently meet draft deadlines</li>\n                        <li>have already graduated or are currently in any year of study</li>\n                        <li>Revise the work of previous designers to create a unified aesthetic for our brand materials</li>\n                    </ul>\n                </div>\n                <h5>Qualification </h5>\n                <div>\n                    <ul>\n                        <li>B.C.A / M.C.A under National University course complete.</li>\n                        <li>3 or more years of professional design experience</li>\n                        <li>have already graduated or are currently in any year of study</li>\n                        <li>Advanced degree or equivalent experience in graphic and web design</li>\n                    </ul>\n                </div>','',20,NULL,6,6,6,0,5,3100.00,8100.00,'monthly',0,4,4,4,155,0,4,'2024-11-07',1,'Botble\\JobBoard\\Models\\Account',0,0,0,'43.56113','-76.650544',0,0,1,0,'published','approved','2024-08-22 06:40:13','2024-09-18 03:10:54',NULL,NULL,NULL,NULL),(4,'Digital Marketing Manager','Pariatur autem consequatur magni et. Suscipit doloribus vel explicabo praesentium.','<h5>Responsibilities</h5>\n                <div>\n                    <p>As a Product Designer, you will work within a Product Delivery Team fused with UX, engineering, product and data talent.</p>\n                    <ul>\n                        <li>Have sound knowledge of commercial activities.</li>\n                        <li>Build next-generation web applications with a focus on the client side</li>\n                        <li>Work on multiple projects at once, and consistently meet draft deadlines</li>\n                        <li>have already graduated or are currently in any year of study</li>\n                        <li>Revise the work of previous designers to create a unified aesthetic for our brand materials</li>\n                    </ul>\n                </div>\n                <h5>Qualification </h5>\n                <div>\n                    <ul>\n                        <li>B.C.A / M.C.A under National University course complete.</li>\n                        <li>3 or more years of professional design experience</li>\n                        <li>have already graduated or are currently in any year of study</li>\n                        <li>Advanced degree or equivalent experience in graphic and web design</li>\n                    </ul>\n                </div>','',3,NULL,6,6,6,0,2,1700.00,4600.00,'hourly',1,3,3,5,23,0,6,'2024-10-06',1,'Botble\\JobBoard\\Models\\Account',0,0,0,'42.759915','-75.193975',0,0,0,1,'published','approved','2024-08-02 14:34:59','2024-09-18 03:10:54',NULL,NULL,NULL,NULL),(5,'Frontend Developer','Dolores magnam praesentium et eum sed. Sunt corrupti et enim doloremque aperiam tenetur explicabo.','<h5>Responsibilities</h5>\n                <div>\n                    <p>As a Product Designer, you will work within a Product Delivery Team fused with UX, engineering, product and data talent.</p>\n                    <ul>\n                        <li>Have sound knowledge of commercial activities.</li>\n                        <li>Build next-generation web applications with a focus on the client side</li>\n                        <li>Work on multiple projects at once, and consistently meet draft deadlines</li>\n                        <li>have already graduated or are currently in any year of study</li>\n                        <li>Revise the work of previous designers to create a unified aesthetic for our brand materials</li>\n                    </ul>\n                </div>\n                <h5>Qualification </h5>\n                <div>\n                    <ul>\n                        <li>B.C.A / M.C.A under National University course complete.</li>\n                        <li>3 or more years of professional design experience</li>\n                        <li>have already graduated or are currently in any year of study</li>\n                        <li>Advanced degree or equivalent experience in graphic and web design</li>\n                    </ul>\n                </div>','',9,NULL,2,2,2,0,5,5700.00,11400.00,'monthly',1,3,2,3,36,0,9,'2024-09-29',1,'Botble\\JobBoard\\Models\\Account',0,0,0,'42.744949','-74.791156',0,0,0,0,'published','approved','2024-08-29 22:19:32','2024-09-18 03:10:54',NULL,NULL,NULL,NULL),(6,'React Native Web Developer','Suscipit sed ducimus consequatur. Ut ad inventore aperiam cumque perferendis non. Praesentium rerum ipsa alias vel ut ullam culpa. Aut fuga commodi iusto numquam incidunt.','<h5>Responsibilities</h5>\n                <div>\n                    <p>As a Product Designer, you will work within a Product Delivery Team fused with UX, engineering, product and data talent.</p>\n                    <ul>\n                        <li>Have sound knowledge of commercial activities.</li>\n                        <li>Build next-generation web applications with a focus on the client side</li>\n                        <li>Work on multiple projects at once, and consistently meet draft deadlines</li>\n                        <li>have already graduated or are currently in any year of study</li>\n                        <li>Revise the work of previous designers to create a unified aesthetic for our brand materials</li>\n                    </ul>\n                </div>\n                <h5>Qualification </h5>\n                <div>\n                    <ul>\n                        <li>B.C.A / M.C.A under National University course complete.</li>\n                        <li>3 or more years of professional design experience</li>\n                        <li>have already graduated or are currently in any year of study</li>\n                        <li>Advanced degree or equivalent experience in graphic and web design</li>\n                    </ul>\n                </div>','',18,NULL,5,5,5,0,5,9400.00,11500.00,'monthly',0,10,4,5,12,0,7,'2024-10-14',1,'Botble\\JobBoard\\Models\\Account',0,0,0,'43.997965','-76.588899',0,0,1,1,'published','approved','2024-07-20 15:26:32','2024-09-18 03:10:54',NULL,NULL,NULL,NULL),(7,'Senior System Engineer','Fugit occaecati id error blanditiis non necessitatibus. Harum et harum deleniti ex et et ut. Reiciendis aut repudiandae reiciendis commodi.','<h5>Responsibilities</h5>\n                <div>\n                    <p>As a Product Designer, you will work within a Product Delivery Team fused with UX, engineering, product and data talent.</p>\n                    <ul>\n                        <li>Have sound knowledge of commercial activities.</li>\n                        <li>Build next-generation web applications with a focus on the client side</li>\n                        <li>Work on multiple projects at once, and consistently meet draft deadlines</li>\n                        <li>have already graduated or are currently in any year of study</li>\n                        <li>Revise the work of previous designers to create a unified aesthetic for our brand materials</li>\n                    </ul>\n                </div>\n                <h5>Qualification </h5>\n                <div>\n                    <ul>\n                        <li>B.C.A / M.C.A under National University course complete.</li>\n                        <li>3 or more years of professional design experience</li>\n                        <li>have already graduated or are currently in any year of study</li>\n                        <li>Advanced degree or equivalent experience in graphic and web design</li>\n                    </ul>\n                </div>','',3,NULL,6,6,6,0,3,4700.00,5600.00,'yearly',1,8,4,1,12,0,9,'2024-09-29',1,'Botble\\JobBoard\\Models\\Account',0,0,0,'42.759915','-75.193975',0,0,1,1,'published','approved','2024-08-09 05:07:08','2024-09-18 03:10:54',NULL,NULL,NULL,NULL),(8,'Products Manager','Enim voluptas iusto dignissimos nemo amet. Commodi eaque quis quis possimus. Repudiandae asperiores aliquam ea repudiandae qui suscipit voluptatum doloribus. Eos expedita ut eum voluptatem.','<h5>Responsibilities</h5>\n                <div>\n                    <p>As a Product Designer, you will work within a Product Delivery Team fused with UX, engineering, product and data talent.</p>\n                    <ul>\n                        <li>Have sound knowledge of commercial activities.</li>\n                        <li>Build next-generation web applications with a focus on the client side</li>\n                        <li>Work on multiple projects at once, and consistently meet draft deadlines</li>\n                        <li>have already graduated or are currently in any year of study</li>\n                        <li>Revise the work of previous designers to create a unified aesthetic for our brand materials</li>\n                    </ul>\n                </div>\n                <h5>Qualification </h5>\n                <div>\n                    <ul>\n                        <li>B.C.A / M.C.A under National University course complete.</li>\n                        <li>3 or more years of professional design experience</li>\n                        <li>have already graduated or are currently in any year of study</li>\n                        <li>Advanced degree or equivalent experience in graphic and web design</li>\n                    </ul>\n                </div>','',20,NULL,6,6,6,0,3,4000.00,6100.00,'weekly',1,4,3,1,22,0,2,'2024-10-16',1,'Botble\\JobBoard\\Models\\Account',0,0,0,'43.56113','-76.650544',0,0,1,1,'published','approved','2024-08-26 17:15:15','2024-09-18 03:10:54',NULL,NULL,NULL,NULL),(9,'Lead Quality Control QA','Sit et optio similique quas. Consequuntur et vel rem aut. Omnis eum molestias et est voluptas voluptatibus dolores eos.','<h5>Responsibilities</h5>\n                <div>\n                    <p>As a Product Designer, you will work within a Product Delivery Team fused with UX, engineering, product and data talent.</p>\n                    <ul>\n                        <li>Have sound knowledge of commercial activities.</li>\n                        <li>Build next-generation web applications with a focus on the client side</li>\n                        <li>Work on multiple projects at once, and consistently meet draft deadlines</li>\n                        <li>have already graduated or are currently in any year of study</li>\n                        <li>Revise the work of previous designers to create a unified aesthetic for our brand materials</li>\n                    </ul>\n                </div>\n                <h5>Qualification </h5>\n                <div>\n                    <ul>\n                        <li>B.C.A / M.C.A under National University course complete.</li>\n                        <li>3 or more years of professional design experience</li>\n                        <li>have already graduated or are currently in any year of study</li>\n                        <li>Advanced degree or equivalent experience in graphic and web design</li>\n                    </ul>\n                </div>','',14,NULL,3,3,3,0,2,1200.00,7200.00,'weekly',0,5,4,4,147,0,6,'2024-10-14',1,'Botble\\JobBoard\\Models\\Account',0,0,0,'43.698995','-75.442132',0,0,1,0,'published','approved','2024-07-20 04:16:32','2024-09-18 03:10:54',NULL,NULL,NULL,NULL),(10,'Principal Designer, Design Systems','Quo rerum quam et officia et. Et dolor fugit architecto non. Et aut eos officiis eveniet consequatur aspernatur.','<h5>Responsibilities</h5>\n                <div>\n                    <p>As a Product Designer, you will work within a Product Delivery Team fused with UX, engineering, product and data talent.</p>\n                    <ul>\n                        <li>Have sound knowledge of commercial activities.</li>\n                        <li>Build next-generation web applications with a focus on the client side</li>\n                        <li>Work on multiple projects at once, and consistently meet draft deadlines</li>\n                        <li>have already graduated or are currently in any year of study</li>\n                        <li>Revise the work of previous designers to create a unified aesthetic for our brand materials</li>\n                    </ul>\n                </div>\n                <h5>Qualification </h5>\n                <div>\n                    <ul>\n                        <li>B.C.A / M.C.A under National University course complete.</li>\n                        <li>3 or more years of professional design experience</li>\n                        <li>have already graduated or are currently in any year of study</li>\n                        <li>Advanced degree or equivalent experience in graphic and web design</li>\n                    </ul>\n                </div>','',15,NULL,4,4,4,0,1,9300.00,13700.00,'hourly',1,2,1,2,97,0,8,'2024-11-14',1,'Botble\\JobBoard\\Models\\Account',0,0,0,'42.786341','-75.655764',0,0,1,1,'published','approved','2024-08-21 08:54:55','2024-09-18 03:10:54',NULL,NULL,NULL,NULL),(11,'DevOps Architect','Animi deserunt quas dolorem quidem neque ab non. Harum qui error ullam ut. Quo expedita culpa non numquam quaerat numquam aliquam. Et tempora ducimus aspernatur quae.','<h5>Responsibilities</h5>\n                <div>\n                    <p>As a Product Designer, you will work within a Product Delivery Team fused with UX, engineering, product and data talent.</p>\n                    <ul>\n                        <li>Have sound knowledge of commercial activities.</li>\n                        <li>Build next-generation web applications with a focus on the client side</li>\n                        <li>Work on multiple projects at once, and consistently meet draft deadlines</li>\n                        <li>have already graduated or are currently in any year of study</li>\n                        <li>Revise the work of previous designers to create a unified aesthetic for our brand materials</li>\n                    </ul>\n                </div>\n                <h5>Qualification </h5>\n                <div>\n                    <ul>\n                        <li>B.C.A / M.C.A under National University course complete.</li>\n                        <li>3 or more years of professional design experience</li>\n                        <li>have already graduated or are currently in any year of study</li>\n                        <li>Advanced degree or equivalent experience in graphic and web design</li>\n                    </ul>\n                </div>','',18,NULL,5,5,5,0,3,5200.00,11200.00,'daily',1,3,3,3,114,0,3,'2024-10-16',1,'Botble\\JobBoard\\Models\\Account',0,0,0,'43.997965','-76.588899',0,0,1,1,'published','approved','2024-08-30 10:01:38','2024-09-18 03:10:54',NULL,NULL,NULL,NULL),(12,'Senior Software Engineer, npm CLI','Rem reprehenderit accusantium ducimus vel. Dolor et similique iste cumque omnis itaque praesentium. Enim ullam quisquam consequatur quis repellat dolores. Est eligendi hic doloremque.','<h5>Responsibilities</h5>\n                <div>\n                    <p>As a Product Designer, you will work within a Product Delivery Team fused with UX, engineering, product and data talent.</p>\n                    <ul>\n                        <li>Have sound knowledge of commercial activities.</li>\n                        <li>Build next-generation web applications with a focus on the client side</li>\n                        <li>Work on multiple projects at once, and consistently meet draft deadlines</li>\n                        <li>have already graduated or are currently in any year of study</li>\n                        <li>Revise the work of previous designers to create a unified aesthetic for our brand materials</li>\n                    </ul>\n                </div>\n                <h5>Qualification </h5>\n                <div>\n                    <ul>\n                        <li>B.C.A / M.C.A under National University course complete.</li>\n                        <li>3 or more years of professional design experience</li>\n                        <li>have already graduated or are currently in any year of study</li>\n                        <li>Advanced degree or equivalent experience in graphic and web design</li>\n                    </ul>\n                </div>','',17,NULL,1,1,1,0,1,1300.00,4300.00,'yearly',0,2,3,1,53,0,9,'2024-10-30',1,'Botble\\JobBoard\\Models\\Account',0,0,0,'43.606947','-74.913781',0,0,1,1,'published','approved','2024-08-14 05:41:44','2024-09-18 03:10:54',NULL,NULL,NULL,NULL),(13,'Senior Systems Engineer','Officiis sed et aperiam odio rerum et sed. Illum velit aspernatur consequatur velit. Officiis aspernatur consequatur et temporibus.','<h5>Responsibilities</h5>\n                <div>\n                    <p>As a Product Designer, you will work within a Product Delivery Team fused with UX, engineering, product and data talent.</p>\n                    <ul>\n                        <li>Have sound knowledge of commercial activities.</li>\n                        <li>Build next-generation web applications with a focus on the client side</li>\n                        <li>Work on multiple projects at once, and consistently meet draft deadlines</li>\n                        <li>have already graduated or are currently in any year of study</li>\n                        <li>Revise the work of previous designers to create a unified aesthetic for our brand materials</li>\n                    </ul>\n                </div>\n                <h5>Qualification </h5>\n                <div>\n                    <ul>\n                        <li>B.C.A / M.C.A under National University course complete.</li>\n                        <li>3 or more years of professional design experience</li>\n                        <li>have already graduated or are currently in any year of study</li>\n                        <li>Advanced degree or equivalent experience in graphic and web design</li>\n                    </ul>\n                </div>','',4,NULL,1,1,1,0,1,4200.00,6800.00,'monthly',0,4,4,5,35,0,2,'2024-10-28',1,'Botble\\JobBoard\\Models\\Account',0,0,0,'43.383384','-75.270639',0,0,1,1,'published','approved','2024-08-22 11:47:37','2024-09-18 03:10:54',NULL,NULL,NULL,NULL),(14,'Software Engineer Actions Platform','Facere impedit vel id nobis. Aut eaque voluptatem quae et non qui et. Non eaque eos ipsum nihil. Architecto quos id et quaerat.','<h5>Responsibilities</h5>\n                <div>\n                    <p>As a Product Designer, you will work within a Product Delivery Team fused with UX, engineering, product and data talent.</p>\n                    <ul>\n                        <li>Have sound knowledge of commercial activities.</li>\n                        <li>Build next-generation web applications with a focus on the client side</li>\n                        <li>Work on multiple projects at once, and consistently meet draft deadlines</li>\n                        <li>have already graduated or are currently in any year of study</li>\n                        <li>Revise the work of previous designers to create a unified aesthetic for our brand materials</li>\n                    </ul>\n                </div>\n                <h5>Qualification </h5>\n                <div>\n                    <ul>\n                        <li>B.C.A / M.C.A under National University course complete.</li>\n                        <li>3 or more years of professional design experience</li>\n                        <li>have already graduated or are currently in any year of study</li>\n                        <li>Advanced degree or equivalent experience in graphic and web design</li>\n                    </ul>\n                </div>','',18,NULL,5,5,5,0,3,1300.00,10300.00,'monthly',0,2,1,2,117,0,4,'2024-11-16',1,'Botble\\JobBoard\\Models\\Account',0,0,0,'43.997965','-76.588899',0,0,0,0,'published','approved','2024-08-16 23:39:02','2024-09-18 03:10:54',NULL,NULL,NULL,NULL),(15,'Staff Engineering Manager, Actions','Adipisci voluptatem pariatur est non et. A qui sint iure voluptas aut molestiae velit. Animi at vitae illum hic voluptas aut voluptate.','<h5>Responsibilities</h5>\n                <div>\n                    <p>As a Product Designer, you will work within a Product Delivery Team fused with UX, engineering, product and data talent.</p>\n                    <ul>\n                        <li>Have sound knowledge of commercial activities.</li>\n                        <li>Build next-generation web applications with a focus on the client side</li>\n                        <li>Work on multiple projects at once, and consistently meet draft deadlines</li>\n                        <li>have already graduated or are currently in any year of study</li>\n                        <li>Revise the work of previous designers to create a unified aesthetic for our brand materials</li>\n                    </ul>\n                </div>\n                <h5>Qualification </h5>\n                <div>\n                    <ul>\n                        <li>B.C.A / M.C.A under National University course complete.</li>\n                        <li>3 or more years of professional design experience</li>\n                        <li>have already graduated or are currently in any year of study</li>\n                        <li>Advanced degree or equivalent experience in graphic and web design</li>\n                    </ul>\n                </div>','',16,NULL,1,1,1,0,5,8000.00,17300.00,'monthly',0,1,3,1,60,0,4,'2024-11-13',1,'Botble\\JobBoard\\Models\\Account',0,0,0,'42.972177','-74.902862',0,0,0,1,'published','approved','2024-07-22 22:54:46','2024-09-18 03:10:54',NULL,NULL,NULL,NULL),(16,'Staff Engineering Manager: Actions Runtime','Iure quam ut et debitis ipsa. Cupiditate aperiam officiis hic molestiae doloremque qui. Et cupiditate non necessitatibus distinctio.','<h5>Responsibilities</h5>\n                <div>\n                    <p>As a Product Designer, you will work within a Product Delivery Team fused with UX, engineering, product and data talent.</p>\n                    <ul>\n                        <li>Have sound knowledge of commercial activities.</li>\n                        <li>Build next-generation web applications with a focus on the client side</li>\n                        <li>Work on multiple projects at once, and consistently meet draft deadlines</li>\n                        <li>have already graduated or are currently in any year of study</li>\n                        <li>Revise the work of previous designers to create a unified aesthetic for our brand materials</li>\n                    </ul>\n                </div>\n                <h5>Qualification </h5>\n                <div>\n                    <ul>\n                        <li>B.C.A / M.C.A under National University course complete.</li>\n                        <li>3 or more years of professional design experience</li>\n                        <li>have already graduated or are currently in any year of study</li>\n                        <li>Advanced degree or equivalent experience in graphic and web design</li>\n                    </ul>\n                </div>','',19,NULL,4,4,4,0,4,8700.00,16900.00,'monthly',1,7,2,2,83,0,2,'2024-10-16',1,'Botble\\JobBoard\\Models\\Account',0,0,0,'43.059014','-74.845283',0,0,1,1,'published','approved','2024-09-16 14:31:38','2024-09-18 03:10:54',NULL,NULL,NULL,NULL),(17,'Staff Engineering Manager, Packages','Sint et et qui. Eligendi repudiandae est quas dolor. Ut laudantium tempore nihil cum rerum mollitia. Officia quis ipsa occaecati sit adipisci repellendus voluptas.','<h5>Responsibilities</h5>\n                <div>\n                    <p>As a Product Designer, you will work within a Product Delivery Team fused with UX, engineering, product and data talent.</p>\n                    <ul>\n                        <li>Have sound knowledge of commercial activities.</li>\n                        <li>Build next-generation web applications with a focus on the client side</li>\n                        <li>Work on multiple projects at once, and consistently meet draft deadlines</li>\n                        <li>have already graduated or are currently in any year of study</li>\n                        <li>Revise the work of previous designers to create a unified aesthetic for our brand materials</li>\n                    </ul>\n                </div>\n                <h5>Qualification </h5>\n                <div>\n                    <ul>\n                        <li>B.C.A / M.C.A under National University course complete.</li>\n                        <li>3 or more years of professional design experience</li>\n                        <li>have already graduated or are currently in any year of study</li>\n                        <li>Advanced degree or equivalent experience in graphic and web design</li>\n                    </ul>\n                </div>','',17,NULL,1,1,1,0,5,5700.00,7300.00,'yearly',0,7,3,1,113,0,7,'2024-10-28',1,'Botble\\JobBoard\\Models\\Account',0,0,0,'43.606947','-74.913781',0,0,0,1,'published','approved','2024-08-11 00:46:48','2024-09-18 03:10:55',NULL,NULL,NULL,NULL),(18,'Staff Software Engineer','Quia sed eos rerum veritatis omnis non. Deserunt quod et dolor sequi. Non provident quibusdam officiis voluptatem dignissimos dignissimos. Et recusandae qui iusto eum libero.','<h5>Responsibilities</h5>\n                <div>\n                    <p>As a Product Designer, you will work within a Product Delivery Team fused with UX, engineering, product and data talent.</p>\n                    <ul>\n                        <li>Have sound knowledge of commercial activities.</li>\n                        <li>Build next-generation web applications with a focus on the client side</li>\n                        <li>Work on multiple projects at once, and consistently meet draft deadlines</li>\n                        <li>have already graduated or are currently in any year of study</li>\n                        <li>Revise the work of previous designers to create a unified aesthetic for our brand materials</li>\n                    </ul>\n                </div>\n                <h5>Qualification </h5>\n                <div>\n                    <ul>\n                        <li>B.C.A / M.C.A under National University course complete.</li>\n                        <li>3 or more years of professional design experience</li>\n                        <li>have already graduated or are currently in any year of study</li>\n                        <li>Advanced degree or equivalent experience in graphic and web design</li>\n                    </ul>\n                </div>','',1,NULL,1,1,1,0,3,7400.00,14400.00,'daily',0,10,4,2,39,0,10,'2024-11-13',1,'Botble\\JobBoard\\Models\\Account',0,0,0,'43.82477','-75.640194',0,0,0,0,'published','approved','2024-09-06 17:29:17','2024-09-18 03:10:55',NULL,NULL,NULL,NULL),(19,'Systems Software Engineer','Vel error modi earum fuga temporibus voluptatem. Rerum velit ipsam asperiores placeat culpa voluptatibus.','<h5>Responsibilities</h5>\n                <div>\n                    <p>As a Product Designer, you will work within a Product Delivery Team fused with UX, engineering, product and data talent.</p>\n                    <ul>\n                        <li>Have sound knowledge of commercial activities.</li>\n                        <li>Build next-generation web applications with a focus on the client side</li>\n                        <li>Work on multiple projects at once, and consistently meet draft deadlines</li>\n                        <li>have already graduated or are currently in any year of study</li>\n                        <li>Revise the work of previous designers to create a unified aesthetic for our brand materials</li>\n                    </ul>\n                </div>\n                <h5>Qualification </h5>\n                <div>\n                    <ul>\n                        <li>B.C.A / M.C.A under National University course complete.</li>\n                        <li>3 or more years of professional design experience</li>\n                        <li>have already graduated or are currently in any year of study</li>\n                        <li>Advanced degree or equivalent experience in graphic and web design</li>\n                    </ul>\n                </div>','',17,NULL,1,1,1,0,5,4100.00,7400.00,'hourly',1,1,2,2,117,0,5,'2024-10-18',1,'Botble\\JobBoard\\Models\\Account',0,0,0,'43.606947','-74.913781',0,0,1,0,'published','approved','2024-08-25 18:52:04','2024-09-18 03:10:55',NULL,NULL,NULL,NULL),(20,'Senior Compensation Analyst','Reiciendis quia illo illo quam ratione asperiores aliquid. Minus vitae est iusto voluptatem porro alias. Reprehenderit laboriosam ab nulla. Sint eum rem dolorem.','<h5>Responsibilities</h5>\n                <div>\n                    <p>As a Product Designer, you will work within a Product Delivery Team fused with UX, engineering, product and data talent.</p>\n                    <ul>\n                        <li>Have sound knowledge of commercial activities.</li>\n                        <li>Build next-generation web applications with a focus on the client side</li>\n                        <li>Work on multiple projects at once, and consistently meet draft deadlines</li>\n                        <li>have already graduated or are currently in any year of study</li>\n                        <li>Revise the work of previous designers to create a unified aesthetic for our brand materials</li>\n                    </ul>\n                </div>\n                <h5>Qualification </h5>\n                <div>\n                    <ul>\n                        <li>B.C.A / M.C.A under National University course complete.</li>\n                        <li>3 or more years of professional design experience</li>\n                        <li>have already graduated or are currently in any year of study</li>\n                        <li>Advanced degree or equivalent experience in graphic and web design</li>\n                    </ul>\n                </div>','',19,NULL,4,4,4,0,3,9300.00,15300.00,'yearly',0,10,3,4,141,0,6,'2024-09-28',1,'Botble\\JobBoard\\Models\\Account',0,0,0,'43.059014','-74.845283',0,0,0,1,'published','approved','2024-08-22 23:54:04','2024-09-18 03:10:55',NULL,NULL,NULL,NULL),(21,'Senior Accessibility Program Manager','Unde temporibus omnis saepe enim maiores labore. Eveniet at doloribus itaque sed explicabo ex. Ut placeat quia quis quisquam quia. Sunt amet et maiores excepturi.','<h5>Responsibilities</h5>\n                <div>\n                    <p>As a Product Designer, you will work within a Product Delivery Team fused with UX, engineering, product and data talent.</p>\n                    <ul>\n                        <li>Have sound knowledge of commercial activities.</li>\n                        <li>Build next-generation web applications with a focus on the client side</li>\n                        <li>Work on multiple projects at once, and consistently meet draft deadlines</li>\n                        <li>have already graduated or are currently in any year of study</li>\n                        <li>Revise the work of previous designers to create a unified aesthetic for our brand materials</li>\n                    </ul>\n                </div>\n                <h5>Qualification </h5>\n                <div>\n                    <ul>\n                        <li>B.C.A / M.C.A under National University course complete.</li>\n                        <li>3 or more years of professional design experience</li>\n                        <li>have already graduated or are currently in any year of study</li>\n                        <li>Advanced degree or equivalent experience in graphic and web design</li>\n                    </ul>\n                </div>','',14,NULL,3,3,3,0,3,10000.00,11600.00,'monthly',1,1,1,5,51,0,5,'2024-10-08',1,'Botble\\JobBoard\\Models\\Account',0,0,0,'43.698995','-75.442132',0,0,0,0,'published','approved','2024-08-27 14:05:45','2024-09-18 03:10:55',NULL,NULL,NULL,NULL),(22,'Analyst Relations Manager, Application Security','Vel eius modi similique dolorem. Perferendis vel voluptates qui voluptatem.','<h5>Responsibilities</h5>\n                <div>\n                    <p>As a Product Designer, you will work within a Product Delivery Team fused with UX, engineering, product and data talent.</p>\n                    <ul>\n                        <li>Have sound knowledge of commercial activities.</li>\n                        <li>Build next-generation web applications with a focus on the client side</li>\n                        <li>Work on multiple projects at once, and consistently meet draft deadlines</li>\n                        <li>have already graduated or are currently in any year of study</li>\n                        <li>Revise the work of previous designers to create a unified aesthetic for our brand materials</li>\n                    </ul>\n                </div>\n                <h5>Qualification </h5>\n                <div>\n                    <ul>\n                        <li>B.C.A / M.C.A under National University course complete.</li>\n                        <li>3 or more years of professional design experience</li>\n                        <li>have already graduated or are currently in any year of study</li>\n                        <li>Advanced degree or equivalent experience in graphic and web design</li>\n                    </ul>\n                </div>','',4,NULL,1,1,1,0,5,5400.00,12400.00,'daily',1,9,1,2,25,0,6,'2024-10-01',1,'Botble\\JobBoard\\Models\\Account',0,0,0,'43.383384','-75.270639',0,0,0,1,'published','approved','2024-09-12 02:25:58','2024-09-18 03:10:55',NULL,NULL,NULL,NULL),(23,'Senior Enterprise Advocate, EMEA','Qui molestiae accusamus perferendis vero alias et autem. Pariatur reprehenderit non doloremque blanditiis molestiae est earum ea. Aliquid recusandae eveniet dolor enim ut.','<h5>Responsibilities</h5>\n                <div>\n                    <p>As a Product Designer, you will work within a Product Delivery Team fused with UX, engineering, product and data talent.</p>\n                    <ul>\n                        <li>Have sound knowledge of commercial activities.</li>\n                        <li>Build next-generation web applications with a focus on the client side</li>\n                        <li>Work on multiple projects at once, and consistently meet draft deadlines</li>\n                        <li>have already graduated or are currently in any year of study</li>\n                        <li>Revise the work of previous designers to create a unified aesthetic for our brand materials</li>\n                    </ul>\n                </div>\n                <h5>Qualification </h5>\n                <div>\n                    <ul>\n                        <li>B.C.A / M.C.A under National University course complete.</li>\n                        <li>3 or more years of professional design experience</li>\n                        <li>have already graduated or are currently in any year of study</li>\n                        <li>Advanced degree or equivalent experience in graphic and web design</li>\n                    </ul>\n                </div>','',9,NULL,2,2,2,0,5,1600.00,10400.00,'weekly',1,4,3,2,28,0,4,'2024-09-25',1,'Botble\\JobBoard\\Models\\Account',0,0,0,'42.744949','-74.791156',0,0,0,1,'published','approved','2024-09-14 14:13:52','2024-09-18 03:10:55',NULL,NULL,NULL,NULL),(24,'Deal Desk Manager','Illo eos blanditiis aut. Consequatur incidunt quisquam odit quo dolores. Deleniti sed quasi magni nesciunt assumenda.','<h5>Responsibilities</h5>\n                <div>\n                    <p>As a Product Designer, you will work within a Product Delivery Team fused with UX, engineering, product and data talent.</p>\n                    <ul>\n                        <li>Have sound knowledge of commercial activities.</li>\n                        <li>Build next-generation web applications with a focus on the client side</li>\n                        <li>Work on multiple projects at once, and consistently meet draft deadlines</li>\n                        <li>have already graduated or are currently in any year of study</li>\n                        <li>Revise the work of previous designers to create a unified aesthetic for our brand materials</li>\n                    </ul>\n                </div>\n                <h5>Qualification </h5>\n                <div>\n                    <ul>\n                        <li>B.C.A / M.C.A under National University course complete.</li>\n                        <li>3 or more years of professional design experience</li>\n                        <li>have already graduated or are currently in any year of study</li>\n                        <li>Advanced degree or equivalent experience in graphic and web design</li>\n                    </ul>\n                </div>','',18,NULL,5,5,5,0,2,5200.00,11000.00,'weekly',1,8,3,1,88,0,3,'2024-10-22',1,'Botble\\JobBoard\\Models\\Account',0,0,0,'43.997965','-76.588899',0,0,1,1,'published','approved','2024-08-24 13:16:22','2024-09-18 03:10:55',NULL,NULL,NULL,NULL),(25,'Director, Revenue Compensation','Neque autem quos non amet animi iusto et inventore. Accusantium labore ea tenetur et. Repellendus et consequuntur laborum saepe saepe ut.','<h5>Responsibilities</h5>\n                <div>\n                    <p>As a Product Designer, you will work within a Product Delivery Team fused with UX, engineering, product and data talent.</p>\n                    <ul>\n                        <li>Have sound knowledge of commercial activities.</li>\n                        <li>Build next-generation web applications with a focus on the client side</li>\n                        <li>Work on multiple projects at once, and consistently meet draft deadlines</li>\n                        <li>have already graduated or are currently in any year of study</li>\n                        <li>Revise the work of previous designers to create a unified aesthetic for our brand materials</li>\n                    </ul>\n                </div>\n                <h5>Qualification </h5>\n                <div>\n                    <ul>\n                        <li>B.C.A / M.C.A under National University course complete.</li>\n                        <li>3 or more years of professional design experience</li>\n                        <li>have already graduated or are currently in any year of study</li>\n                        <li>Advanced degree or equivalent experience in graphic and web design</li>\n                    </ul>\n                </div>','',18,NULL,5,5,5,0,4,3100.00,8400.00,'weekly',0,1,3,3,143,0,7,'2024-10-04',1,'Botble\\JobBoard\\Models\\Account',0,0,0,'43.997965','-76.588899',0,0,0,0,'published','approved','2024-07-26 13:39:25','2024-09-18 03:10:55',NULL,NULL,NULL,NULL),(26,'Program Manager','Est dolorem ducimus sit animi. Delectus alias quod quod repellendus laboriosam dolores. Libero ut reiciendis tempore odit consequuntur.','<h5>Responsibilities</h5>\n                <div>\n                    <p>As a Product Designer, you will work within a Product Delivery Team fused with UX, engineering, product and data talent.</p>\n                    <ul>\n                        <li>Have sound knowledge of commercial activities.</li>\n                        <li>Build next-generation web applications with a focus on the client side</li>\n                        <li>Work on multiple projects at once, and consistently meet draft deadlines</li>\n                        <li>have already graduated or are currently in any year of study</li>\n                        <li>Revise the work of previous designers to create a unified aesthetic for our brand materials</li>\n                    </ul>\n                </div>\n                <h5>Qualification </h5>\n                <div>\n                    <ul>\n                        <li>B.C.A / M.C.A under National University course complete.</li>\n                        <li>3 or more years of professional design experience</li>\n                        <li>have already graduated or are currently in any year of study</li>\n                        <li>Advanced degree or equivalent experience in graphic and web design</li>\n                    </ul>\n                </div>','',16,NULL,1,1,1,0,4,8100.00,9200.00,'monthly',0,3,3,5,78,0,10,'2024-10-24',1,'Botble\\JobBoard\\Models\\Account',0,0,0,'42.972177','-74.902862',0,0,0,0,'published','approved','2024-07-19 10:15:41','2024-09-18 03:10:55',NULL,NULL,NULL,NULL),(27,'Sr. Manager, Deal Desk - INTL','Voluptas et et molestias sapiente. Porro similique voluptatibus amet impedit et. Sed consectetur aut et doloremque dolor cupiditate sed est. Beatae nemo ad qui ut aperiam quo aut.','<h5>Responsibilities</h5>\n                <div>\n                    <p>As a Product Designer, you will work within a Product Delivery Team fused with UX, engineering, product and data talent.</p>\n                    <ul>\n                        <li>Have sound knowledge of commercial activities.</li>\n                        <li>Build next-generation web applications with a focus on the client side</li>\n                        <li>Work on multiple projects at once, and consistently meet draft deadlines</li>\n                        <li>have already graduated or are currently in any year of study</li>\n                        <li>Revise the work of previous designers to create a unified aesthetic for our brand materials</li>\n                    </ul>\n                </div>\n                <h5>Qualification </h5>\n                <div>\n                    <ul>\n                        <li>B.C.A / M.C.A under National University course complete.</li>\n                        <li>3 or more years of professional design experience</li>\n                        <li>have already graduated or are currently in any year of study</li>\n                        <li>Advanced degree or equivalent experience in graphic and web design</li>\n                    </ul>\n                </div>','',11,NULL,2,2,2,0,2,700.00,6900.00,'hourly',1,6,1,3,13,0,4,'2024-10-29',1,'Botble\\JobBoard\\Models\\Account',0,0,0,'43.337652','-75.912986',0,0,0,0,'published','approved','2024-07-30 01:47:40','2024-09-18 03:10:55',NULL,NULL,NULL,NULL),(28,'Senior Director, Product Management, Actions Runners and Compute Services','Quae est quaerat quos quia est hic. Eos maxime dolorem et ad atque soluta et quia. Ut voluptatem quod non consectetur error.','<h5>Responsibilities</h5>\n                <div>\n                    <p>As a Product Designer, you will work within a Product Delivery Team fused with UX, engineering, product and data talent.</p>\n                    <ul>\n                        <li>Have sound knowledge of commercial activities.</li>\n                        <li>Build next-generation web applications with a focus on the client side</li>\n                        <li>Work on multiple projects at once, and consistently meet draft deadlines</li>\n                        <li>have already graduated or are currently in any year of study</li>\n                        <li>Revise the work of previous designers to create a unified aesthetic for our brand materials</li>\n                    </ul>\n                </div>\n                <h5>Qualification </h5>\n                <div>\n                    <ul>\n                        <li>B.C.A / M.C.A under National University course complete.</li>\n                        <li>3 or more years of professional design experience</li>\n                        <li>have already graduated or are currently in any year of study</li>\n                        <li>Advanced degree or equivalent experience in graphic and web design</li>\n                    </ul>\n                </div>','',8,NULL,1,1,1,0,1,1400.00,10800.00,'hourly',1,7,3,1,128,0,6,'2024-10-16',1,'Botble\\JobBoard\\Models\\Account',0,0,0,'43.874498','-74.773932',0,0,1,0,'published','approved','2024-08-28 15:57:11','2024-09-18 03:10:55',NULL,NULL,NULL,NULL),(29,'Alliances Director','Sed animi sint eaque sed quo et. Dolores qui aut nulla nihil fugit tempora blanditiis. Soluta est dolor nesciunt quia. Quia dolorem iusto veniam ut unde perspiciatis doloremque explicabo.','<h5>Responsibilities</h5>\n                <div>\n                    <p>As a Product Designer, you will work within a Product Delivery Team fused with UX, engineering, product and data talent.</p>\n                    <ul>\n                        <li>Have sound knowledge of commercial activities.</li>\n                        <li>Build next-generation web applications with a focus on the client side</li>\n                        <li>Work on multiple projects at once, and consistently meet draft deadlines</li>\n                        <li>have already graduated or are currently in any year of study</li>\n                        <li>Revise the work of previous designers to create a unified aesthetic for our brand materials</li>\n                    </ul>\n                </div>\n                <h5>Qualification </h5>\n                <div>\n                    <ul>\n                        <li>B.C.A / M.C.A under National University course complete.</li>\n                        <li>3 or more years of professional design experience</li>\n                        <li>have already graduated or are currently in any year of study</li>\n                        <li>Advanced degree or equivalent experience in graphic and web design</li>\n                    </ul>\n                </div>','',17,NULL,1,1,1,0,2,9500.00,19100.00,'monthly',1,7,2,1,4,0,6,'2024-09-27',1,'Botble\\JobBoard\\Models\\Account',0,0,0,'43.606947','-74.913781',0,0,0,1,'published','approved','2024-08-01 21:29:03','2024-09-18 03:10:55',NULL,NULL,NULL,NULL),(30,'Corporate Sales Representative','Aut blanditiis quis asperiores debitis. Sed quisquam nam architecto sit. Velit et in impedit et. Repellendus ex qui pariatur accusamus.','<h5>Responsibilities</h5>\n                <div>\n                    <p>As a Product Designer, you will work within a Product Delivery Team fused with UX, engineering, product and data talent.</p>\n                    <ul>\n                        <li>Have sound knowledge of commercial activities.</li>\n                        <li>Build next-generation web applications with a focus on the client side</li>\n                        <li>Work on multiple projects at once, and consistently meet draft deadlines</li>\n                        <li>have already graduated or are currently in any year of study</li>\n                        <li>Revise the work of previous designers to create a unified aesthetic for our brand materials</li>\n                    </ul>\n                </div>\n                <h5>Qualification </h5>\n                <div>\n                    <ul>\n                        <li>B.C.A / M.C.A under National University course complete.</li>\n                        <li>3 or more years of professional design experience</li>\n                        <li>have already graduated or are currently in any year of study</li>\n                        <li>Advanced degree or equivalent experience in graphic and web design</li>\n                    </ul>\n                </div>','',1,NULL,1,1,1,0,2,2200.00,8700.00,'yearly',0,9,4,3,19,0,7,'2024-10-22',1,'Botble\\JobBoard\\Models\\Account',0,0,0,'43.82477','-75.640194',0,0,1,1,'published','approved','2024-07-28 09:57:31','2024-09-18 03:10:55',NULL,NULL,NULL,NULL),(31,'Country Leader','Blanditiis odio ut consequuntur optio labore voluptatem consequatur vero. Consequatur aut aut incidunt id ut dicta quia illum. Tempora voluptas eos et molestiae.','<h5>Responsibilities</h5>\n                <div>\n                    <p>As a Product Designer, you will work within a Product Delivery Team fused with UX, engineering, product and data talent.</p>\n                    <ul>\n                        <li>Have sound knowledge of commercial activities.</li>\n                        <li>Build next-generation web applications with a focus on the client side</li>\n                        <li>Work on multiple projects at once, and consistently meet draft deadlines</li>\n                        <li>have already graduated or are currently in any year of study</li>\n                        <li>Revise the work of previous designers to create a unified aesthetic for our brand materials</li>\n                    </ul>\n                </div>\n                <h5>Qualification </h5>\n                <div>\n                    <ul>\n                        <li>B.C.A / M.C.A under National University course complete.</li>\n                        <li>3 or more years of professional design experience</li>\n                        <li>have already graduated or are currently in any year of study</li>\n                        <li>Advanced degree or equivalent experience in graphic and web design</li>\n                    </ul>\n                </div>','',11,NULL,2,2,2,0,2,6800.00,16600.00,'hourly',0,9,1,3,92,0,3,'2024-10-31',1,'Botble\\JobBoard\\Models\\Account',0,0,0,'43.337652','-75.912986',0,0,1,0,'published','approved','2024-07-27 03:42:54','2024-09-18 03:10:55',NULL,NULL,NULL,NULL),(32,'Customer Success Architect','Quis doloribus molestiae dolor distinctio aut in. Sed ut omnis vero ullam eos. Culpa blanditiis qui nesciunt nisi distinctio animi non.','<h5>Responsibilities</h5>\n                <div>\n                    <p>As a Product Designer, you will work within a Product Delivery Team fused with UX, engineering, product and data talent.</p>\n                    <ul>\n                        <li>Have sound knowledge of commercial activities.</li>\n                        <li>Build next-generation web applications with a focus on the client side</li>\n                        <li>Work on multiple projects at once, and consistently meet draft deadlines</li>\n                        <li>have already graduated or are currently in any year of study</li>\n                        <li>Revise the work of previous designers to create a unified aesthetic for our brand materials</li>\n                    </ul>\n                </div>\n                <h5>Qualification </h5>\n                <div>\n                    <ul>\n                        <li>B.C.A / M.C.A under National University course complete.</li>\n                        <li>3 or more years of professional design experience</li>\n                        <li>have already graduated or are currently in any year of study</li>\n                        <li>Advanced degree or equivalent experience in graphic and web design</li>\n                    </ul>\n                </div>','',20,NULL,6,6,6,0,4,700.00,8000.00,'hourly',1,2,3,4,50,0,8,'2024-10-19',1,'Botble\\JobBoard\\Models\\Account',0,0,0,'43.56113','-76.650544',0,0,1,1,'published','approved','2024-09-01 00:24:15','2024-09-18 03:10:55',NULL,NULL,NULL,NULL),(33,'DevOps Account Executive - US Public Sector','Tempore doloremque ab harum et numquam non eligendi. Animi mollitia reiciendis nesciunt ullam quibusdam. Est placeat esse nam vero.','<h5>Responsibilities</h5>\n                <div>\n                    <p>As a Product Designer, you will work within a Product Delivery Team fused with UX, engineering, product and data talent.</p>\n                    <ul>\n                        <li>Have sound knowledge of commercial activities.</li>\n                        <li>Build next-generation web applications with a focus on the client side</li>\n                        <li>Work on multiple projects at once, and consistently meet draft deadlines</li>\n                        <li>have already graduated or are currently in any year of study</li>\n                        <li>Revise the work of previous designers to create a unified aesthetic for our brand materials</li>\n                    </ul>\n                </div>\n                <h5>Qualification </h5>\n                <div>\n                    <ul>\n                        <li>B.C.A / M.C.A under National University course complete.</li>\n                        <li>3 or more years of professional design experience</li>\n                        <li>have already graduated or are currently in any year of study</li>\n                        <li>Advanced degree or equivalent experience in graphic and web design</li>\n                    </ul>\n                </div>','',20,NULL,6,6,6,0,1,7600.00,10300.00,'daily',1,7,2,2,74,0,6,'2024-11-15',1,'Botble\\JobBoard\\Models\\Account',0,0,0,'43.56113','-76.650544',0,0,0,1,'published','approved','2024-07-25 21:37:16','2024-09-18 03:10:55',NULL,NULL,NULL,NULL),(34,'Enterprise Account Executive','Animi quidem et molestiae facilis et odit sed. Nam vel corporis qui dolores odio consequatur. Earum ut explicabo voluptas nemo voluptas non. Quo voluptas debitis labore consequatur.','<h5>Responsibilities</h5>\n                <div>\n                    <p>As a Product Designer, you will work within a Product Delivery Team fused with UX, engineering, product and data talent.</p>\n                    <ul>\n                        <li>Have sound knowledge of commercial activities.</li>\n                        <li>Build next-generation web applications with a focus on the client side</li>\n                        <li>Work on multiple projects at once, and consistently meet draft deadlines</li>\n                        <li>have already graduated or are currently in any year of study</li>\n                        <li>Revise the work of previous designers to create a unified aesthetic for our brand materials</li>\n                    </ul>\n                </div>\n                <h5>Qualification </h5>\n                <div>\n                    <ul>\n                        <li>B.C.A / M.C.A under National University course complete.</li>\n                        <li>3 or more years of professional design experience</li>\n                        <li>have already graduated or are currently in any year of study</li>\n                        <li>Advanced degree or equivalent experience in graphic and web design</li>\n                    </ul>\n                </div>','',12,NULL,5,5,5,0,3,3700.00,8600.00,'daily',1,10,3,1,19,0,10,'2024-10-02',1,'Botble\\JobBoard\\Models\\Account',0,0,0,'43.177589','-75.609921',0,0,1,1,'published','approved','2024-07-18 18:07:49','2024-09-18 03:10:55',NULL,NULL,NULL,NULL),(35,'Senior Engineering Manager, Product Security Engineering - Paved Paths','Commodi voluptatem rerum repudiandae modi. Molestiae adipisci incidunt est est magni qui vel. Et voluptatem fugiat excepturi labore repudiandae et aut.','<h5>Responsibilities</h5>\n                <div>\n                    <p>As a Product Designer, you will work within a Product Delivery Team fused with UX, engineering, product and data talent.</p>\n                    <ul>\n                        <li>Have sound knowledge of commercial activities.</li>\n                        <li>Build next-generation web applications with a focus on the client side</li>\n                        <li>Work on multiple projects at once, and consistently meet draft deadlines</li>\n                        <li>have already graduated or are currently in any year of study</li>\n                        <li>Revise the work of previous designers to create a unified aesthetic for our brand materials</li>\n                    </ul>\n                </div>\n                <h5>Qualification </h5>\n                <div>\n                    <ul>\n                        <li>B.C.A / M.C.A under National University course complete.</li>\n                        <li>3 or more years of professional design experience</li>\n                        <li>have already graduated or are currently in any year of study</li>\n                        <li>Advanced degree or equivalent experience in graphic and web design</li>\n                    </ul>\n                </div>','',1,NULL,1,1,1,0,4,6900.00,14800.00,'monthly',1,7,3,2,130,0,6,'2024-11-15',1,'Botble\\JobBoard\\Models\\Account',0,0,0,'43.82477','-75.640194',0,0,0,0,'published','approved','2024-08-12 12:18:10','2024-09-18 03:10:55',NULL,NULL,NULL,NULL),(36,'Customer Reliability Engineer III','Sunt cumque inventore dolorum natus. Autem unde ut non sint dolor temporibus neque. Provident ut ex quis hic rerum. Quis animi sit nisi aut quae possimus dolores.','<h5>Responsibilities</h5>\n                <div>\n                    <p>As a Product Designer, you will work within a Product Delivery Team fused with UX, engineering, product and data talent.</p>\n                    <ul>\n                        <li>Have sound knowledge of commercial activities.</li>\n                        <li>Build next-generation web applications with a focus on the client side</li>\n                        <li>Work on multiple projects at once, and consistently meet draft deadlines</li>\n                        <li>have already graduated or are currently in any year of study</li>\n                        <li>Revise the work of previous designers to create a unified aesthetic for our brand materials</li>\n                    </ul>\n                </div>\n                <h5>Qualification </h5>\n                <div>\n                    <ul>\n                        <li>B.C.A / M.C.A under National University course complete.</li>\n                        <li>3 or more years of professional design experience</li>\n                        <li>have already graduated or are currently in any year of study</li>\n                        <li>Advanced degree or equivalent experience in graphic and web design</li>\n                    </ul>\n                </div>','',18,NULL,5,5,5,0,4,9400.00,19100.00,'weekly',0,3,3,2,62,0,7,'2024-10-01',1,'Botble\\JobBoard\\Models\\Account',0,0,0,'43.997965','-76.588899',0,0,1,1,'published','approved','2024-07-18 18:21:40','2024-09-18 03:10:55',NULL,NULL,NULL,NULL),(37,'Support Engineer (Enterprise Support Japanese)','Ea rerum molestiae et aliquid ut saepe fugit. Corrupti adipisci sequi officia ipsa saepe totam dolor.','<h5>Responsibilities</h5>\n                <div>\n                    <p>As a Product Designer, you will work within a Product Delivery Team fused with UX, engineering, product and data talent.</p>\n                    <ul>\n                        <li>Have sound knowledge of commercial activities.</li>\n                        <li>Build next-generation web applications with a focus on the client side</li>\n                        <li>Work on multiple projects at once, and consistently meet draft deadlines</li>\n                        <li>have already graduated or are currently in any year of study</li>\n                        <li>Revise the work of previous designers to create a unified aesthetic for our brand materials</li>\n                    </ul>\n                </div>\n                <h5>Qualification </h5>\n                <div>\n                    <ul>\n                        <li>B.C.A / M.C.A under National University course complete.</li>\n                        <li>3 or more years of professional design experience</li>\n                        <li>have already graduated or are currently in any year of study</li>\n                        <li>Advanced degree or equivalent experience in graphic and web design</li>\n                    </ul>\n                </div>','',12,NULL,5,5,5,0,1,3800.00,5400.00,'weekly',1,6,3,3,129,0,2,'2024-09-28',1,'Botble\\JobBoard\\Models\\Account',0,0,0,'43.177589','-75.609921',0,0,0,0,'published','approved','2024-07-19 06:41:12','2024-09-18 03:10:55',NULL,NULL,NULL,NULL),(38,'Technical Partner Manager','Odit fugiat adipisci quis eos qui. Omnis modi incidunt sint voluptatum a. Cum esse cupiditate nobis quo inventore nostrum aspernatur. Labore aut maiores soluta amet pariatur.','<h5>Responsibilities</h5>\n                <div>\n                    <p>As a Product Designer, you will work within a Product Delivery Team fused with UX, engineering, product and data talent.</p>\n                    <ul>\n                        <li>Have sound knowledge of commercial activities.</li>\n                        <li>Build next-generation web applications with a focus on the client side</li>\n                        <li>Work on multiple projects at once, and consistently meet draft deadlines</li>\n                        <li>have already graduated or are currently in any year of study</li>\n                        <li>Revise the work of previous designers to create a unified aesthetic for our brand materials</li>\n                    </ul>\n                </div>\n                <h5>Qualification </h5>\n                <div>\n                    <ul>\n                        <li>B.C.A / M.C.A under National University course complete.</li>\n                        <li>3 or more years of professional design experience</li>\n                        <li>have already graduated or are currently in any year of study</li>\n                        <li>Advanced degree or equivalent experience in graphic and web design</li>\n                    </ul>\n                </div>','',7,NULL,3,3,3,0,1,3100.00,7300.00,'weekly',1,2,2,2,3,0,2,'2024-11-09',1,'Botble\\JobBoard\\Models\\Account',0,0,0,'43.283549','-75.349081',0,0,1,0,'published','approved','2024-09-01 16:31:10','2024-09-18 03:10:55',NULL,NULL,NULL,NULL),(39,'Sr Manager, Inside Account Management','Debitis harum voluptates nulla assumenda qui. Qui aliquid fuga assumenda facere consectetur voluptas. Accusantium explicabo facere quisquam rerum doloremque ut. Asperiores ut dolores qui voluptatum.','<h5>Responsibilities</h5>\n                <div>\n                    <p>As a Product Designer, you will work within a Product Delivery Team fused with UX, engineering, product and data talent.</p>\n                    <ul>\n                        <li>Have sound knowledge of commercial activities.</li>\n                        <li>Build next-generation web applications with a focus on the client side</li>\n                        <li>Work on multiple projects at once, and consistently meet draft deadlines</li>\n                        <li>have already graduated or are currently in any year of study</li>\n                        <li>Revise the work of previous designers to create a unified aesthetic for our brand materials</li>\n                    </ul>\n                </div>\n                <h5>Qualification </h5>\n                <div>\n                    <ul>\n                        <li>B.C.A / M.C.A under National University course complete.</li>\n                        <li>3 or more years of professional design experience</li>\n                        <li>have already graduated or are currently in any year of study</li>\n                        <li>Advanced degree or equivalent experience in graphic and web design</li>\n                    </ul>\n                </div>','',12,NULL,5,5,5,0,2,1300.00,8300.00,'hourly',0,1,3,2,57,0,9,'2024-10-27',1,'Botble\\JobBoard\\Models\\Account',0,0,0,'43.177589','-75.609921',0,0,1,1,'published','approved','2024-07-31 22:23:10','2024-09-18 03:10:55',NULL,NULL,NULL,NULL),(40,'Services Sales Representative','Inventore omnis architecto iste sequi ipsam. Aut ea et at. At a sunt necessitatibus et dignissimos et et vel. Labore ut quos voluptatibus.','<h5>Responsibilities</h5>\n                <div>\n                    <p>As a Product Designer, you will work within a Product Delivery Team fused with UX, engineering, product and data talent.</p>\n                    <ul>\n                        <li>Have sound knowledge of commercial activities.</li>\n                        <li>Build next-generation web applications with a focus on the client side</li>\n                        <li>Work on multiple projects at once, and consistently meet draft deadlines</li>\n                        <li>have already graduated or are currently in any year of study</li>\n                        <li>Revise the work of previous designers to create a unified aesthetic for our brand materials</li>\n                    </ul>\n                </div>\n                <h5>Qualification </h5>\n                <div>\n                    <ul>\n                        <li>B.C.A / M.C.A under National University course complete.</li>\n                        <li>3 or more years of professional design experience</li>\n                        <li>have already graduated or are currently in any year of study</li>\n                        <li>Advanced degree or equivalent experience in graphic and web design</li>\n                    </ul>\n                </div>','',1,NULL,1,1,1,0,2,4200.00,11800.00,'hourly',0,6,4,2,123,0,2,'2024-10-10',1,'Botble\\JobBoard\\Models\\Account',0,0,0,'43.82477','-75.640194',0,0,0,0,'published','approved','2024-09-03 23:21:10','2024-09-18 03:10:55',NULL,NULL,NULL,NULL),(41,'Services Delivery Manager','Quos reprehenderit quo enim quisquam quae inventore reprehenderit quia. Repellendus ab est iure eligendi. Ut fuga eligendi occaecati nemo aut et.','<h5>Responsibilities</h5>\n                <div>\n                    <p>As a Product Designer, you will work within a Product Delivery Team fused with UX, engineering, product and data talent.</p>\n                    <ul>\n                        <li>Have sound knowledge of commercial activities.</li>\n                        <li>Build next-generation web applications with a focus on the client side</li>\n                        <li>Work on multiple projects at once, and consistently meet draft deadlines</li>\n                        <li>have already graduated or are currently in any year of study</li>\n                        <li>Revise the work of previous designers to create a unified aesthetic for our brand materials</li>\n                    </ul>\n                </div>\n                <h5>Qualification </h5>\n                <div>\n                    <ul>\n                        <li>B.C.A / M.C.A under National University course complete.</li>\n                        <li>3 or more years of professional design experience</li>\n                        <li>have already graduated or are currently in any year of study</li>\n                        <li>Advanced degree or equivalent experience in graphic and web design</li>\n                    </ul>\n                </div>','',9,NULL,2,2,2,0,5,3000.00,7200.00,'hourly',1,1,2,4,78,0,7,'2024-09-30',1,'Botble\\JobBoard\\Models\\Account',0,0,0,'42.744949','-74.791156',0,0,1,0,'published','approved','2024-07-25 23:48:42','2024-09-18 03:10:55',NULL,NULL,NULL,NULL),(42,'Senior Solutions Engineer','Voluptas et sint sed enim minima maxime voluptas. Consectetur velit nostrum praesentium nihil.','<h5>Responsibilities</h5>\n                <div>\n                    <p>As a Product Designer, you will work within a Product Delivery Team fused with UX, engineering, product and data talent.</p>\n                    <ul>\n                        <li>Have sound knowledge of commercial activities.</li>\n                        <li>Build next-generation web applications with a focus on the client side</li>\n                        <li>Work on multiple projects at once, and consistently meet draft deadlines</li>\n                        <li>have already graduated or are currently in any year of study</li>\n                        <li>Revise the work of previous designers to create a unified aesthetic for our brand materials</li>\n                    </ul>\n                </div>\n                <h5>Qualification </h5>\n                <div>\n                    <ul>\n                        <li>B.C.A / M.C.A under National University course complete.</li>\n                        <li>3 or more years of professional design experience</li>\n                        <li>have already graduated or are currently in any year of study</li>\n                        <li>Advanced degree or equivalent experience in graphic and web design</li>\n                    </ul>\n                </div>','',16,NULL,1,1,1,0,3,8300.00,14800.00,'daily',0,8,2,5,111,0,5,'2024-10-14',1,'Botble\\JobBoard\\Models\\Account',0,0,0,'42.972177','-74.902862',0,0,0,0,'published','approved','2024-09-03 14:14:31','2024-09-18 03:10:55',NULL,NULL,NULL,NULL),(43,'Senior Service Delivery Engineer','Rerum est cupiditate omnis sunt quo. Ad sit autem blanditiis sit illum. Enim officia veritatis unde quia qui cum in. Est vitae earum quam quia dolorem ut.','<h5>Responsibilities</h5>\n                <div>\n                    <p>As a Product Designer, you will work within a Product Delivery Team fused with UX, engineering, product and data talent.</p>\n                    <ul>\n                        <li>Have sound knowledge of commercial activities.</li>\n                        <li>Build next-generation web applications with a focus on the client side</li>\n                        <li>Work on multiple projects at once, and consistently meet draft deadlines</li>\n                        <li>have already graduated or are currently in any year of study</li>\n                        <li>Revise the work of previous designers to create a unified aesthetic for our brand materials</li>\n                    </ul>\n                </div>\n                <h5>Qualification </h5>\n                <div>\n                    <ul>\n                        <li>B.C.A / M.C.A under National University course complete.</li>\n                        <li>3 or more years of professional design experience</li>\n                        <li>have already graduated or are currently in any year of study</li>\n                        <li>Advanced degree or equivalent experience in graphic and web design</li>\n                    </ul>\n                </div>','',10,NULL,1,1,1,0,5,4800.00,9400.00,'daily',0,1,1,3,127,0,3,'2024-10-29',1,'Botble\\JobBoard\\Models\\Account',0,0,0,'42.610888','-75.269014',0,0,0,0,'published','approved','2024-08-31 19:50:19','2024-09-18 03:10:55',NULL,NULL,NULL,NULL),(44,'Senior Director, Global Sales Development','Eveniet sit quibusdam animi et totam cupiditate. Eos non veritatis sunt aspernatur aliquid ut nam. Laudantium fugit alias sint eligendi exercitationem doloremque.','<h5>Responsibilities</h5>\n                <div>\n                    <p>As a Product Designer, you will work within a Product Delivery Team fused with UX, engineering, product and data talent.</p>\n                    <ul>\n                        <li>Have sound knowledge of commercial activities.</li>\n                        <li>Build next-generation web applications with a focus on the client side</li>\n                        <li>Work on multiple projects at once, and consistently meet draft deadlines</li>\n                        <li>have already graduated or are currently in any year of study</li>\n                        <li>Revise the work of previous designers to create a unified aesthetic for our brand materials</li>\n                    </ul>\n                </div>\n                <h5>Qualification </h5>\n                <div>\n                    <ul>\n                        <li>B.C.A / M.C.A under National University course complete.</li>\n                        <li>3 or more years of professional design experience</li>\n                        <li>have already graduated or are currently in any year of study</li>\n                        <li>Advanced degree or equivalent experience in graphic and web design</li>\n                    </ul>\n                </div>','',4,NULL,1,1,1,0,3,3900.00,4800.00,'monthly',1,6,1,4,67,0,8,'2024-09-25',1,'Botble\\JobBoard\\Models\\Account',0,0,0,'43.383384','-75.270639',0,0,1,0,'published','approved','2024-09-13 08:47:06','2024-09-18 03:10:55',NULL,NULL,NULL,NULL),(45,'Partner Program Manager','Atque nemo voluptatem consectetur harum. Qui omnis dolorem aut minima nulla amet voluptates aut. Eos in non sint modi odit sint dolorem.','<h5>Responsibilities</h5>\n                <div>\n                    <p>As a Product Designer, you will work within a Product Delivery Team fused with UX, engineering, product and data talent.</p>\n                    <ul>\n                        <li>Have sound knowledge of commercial activities.</li>\n                        <li>Build next-generation web applications with a focus on the client side</li>\n                        <li>Work on multiple projects at once, and consistently meet draft deadlines</li>\n                        <li>have already graduated or are currently in any year of study</li>\n                        <li>Revise the work of previous designers to create a unified aesthetic for our brand materials</li>\n                    </ul>\n                </div>\n                <h5>Qualification </h5>\n                <div>\n                    <ul>\n                        <li>B.C.A / M.C.A under National University course complete.</li>\n                        <li>3 or more years of professional design experience</li>\n                        <li>have already graduated or are currently in any year of study</li>\n                        <li>Advanced degree or equivalent experience in graphic and web design</li>\n                    </ul>\n                </div>','',9,NULL,2,2,2,0,4,2300.00,7700.00,'monthly',0,3,3,4,46,0,9,'2024-10-19',1,'Botble\\JobBoard\\Models\\Account',0,0,0,'42.744949','-74.791156',0,0,0,1,'published','approved','2024-07-31 20:00:56','2024-09-18 03:10:55',NULL,NULL,NULL,NULL),(46,'Principal Cloud Solutions Engineer','Sit iusto nobis et alias architecto. Itaque laudantium id consequatur impedit qui.','<h5>Responsibilities</h5>\n                <div>\n                    <p>As a Product Designer, you will work within a Product Delivery Team fused with UX, engineering, product and data talent.</p>\n                    <ul>\n                        <li>Have sound knowledge of commercial activities.</li>\n                        <li>Build next-generation web applications with a focus on the client side</li>\n                        <li>Work on multiple projects at once, and consistently meet draft deadlines</li>\n                        <li>have already graduated or are currently in any year of study</li>\n                        <li>Revise the work of previous designers to create a unified aesthetic for our brand materials</li>\n                    </ul>\n                </div>\n                <h5>Qualification </h5>\n                <div>\n                    <ul>\n                        <li>B.C.A / M.C.A under National University course complete.</li>\n                        <li>3 or more years of professional design experience</li>\n                        <li>have already graduated or are currently in any year of study</li>\n                        <li>Advanced degree or equivalent experience in graphic and web design</li>\n                    </ul>\n                </div>','',10,NULL,1,1,1,0,3,1200.00,8100.00,'daily',1,10,2,3,93,0,3,'2024-10-25',1,'Botble\\JobBoard\\Models\\Account',0,0,0,'42.610888','-75.269014',0,0,0,0,'published','approved','2024-08-04 23:13:59','2024-09-18 03:10:55',NULL,NULL,NULL,NULL),(47,'Senior Cloud Solutions Engineer','Molestiae officiis et id. Et reprehenderit qui nihil enim qui sed et. Ipsam magnam ab est minima saepe et velit. Qui et dolorem occaecati nisi.','<h5>Responsibilities</h5>\n                <div>\n                    <p>As a Product Designer, you will work within a Product Delivery Team fused with UX, engineering, product and data talent.</p>\n                    <ul>\n                        <li>Have sound knowledge of commercial activities.</li>\n                        <li>Build next-generation web applications with a focus on the client side</li>\n                        <li>Work on multiple projects at once, and consistently meet draft deadlines</li>\n                        <li>have already graduated or are currently in any year of study</li>\n                        <li>Revise the work of previous designers to create a unified aesthetic for our brand materials</li>\n                    </ul>\n                </div>\n                <h5>Qualification </h5>\n                <div>\n                    <ul>\n                        <li>B.C.A / M.C.A under National University course complete.</li>\n                        <li>3 or more years of professional design experience</li>\n                        <li>have already graduated or are currently in any year of study</li>\n                        <li>Advanced degree or equivalent experience in graphic and web design</li>\n                    </ul>\n                </div>','',11,NULL,2,2,2,0,3,2100.00,3500.00,'hourly',1,6,2,3,85,0,4,'2024-10-07',1,'Botble\\JobBoard\\Models\\Account',0,0,0,'43.337652','-75.912986',0,0,0,1,'published','approved','2024-07-29 11:31:09','2024-09-18 03:10:55',NULL,NULL,NULL,NULL),(48,'Senior Customer Success Manager','Ut tenetur ut consequatur dolorem est facere reiciendis. Esse blanditiis eum quos harum rerum. Exercitationem molestiae eaque neque vel qui.','<h5>Responsibilities</h5>\n                <div>\n                    <p>As a Product Designer, you will work within a Product Delivery Team fused with UX, engineering, product and data talent.</p>\n                    <ul>\n                        <li>Have sound knowledge of commercial activities.</li>\n                        <li>Build next-generation web applications with a focus on the client side</li>\n                        <li>Work on multiple projects at once, and consistently meet draft deadlines</li>\n                        <li>have already graduated or are currently in any year of study</li>\n                        <li>Revise the work of previous designers to create a unified aesthetic for our brand materials</li>\n                    </ul>\n                </div>\n                <h5>Qualification </h5>\n                <div>\n                    <ul>\n                        <li>B.C.A / M.C.A under National University course complete.</li>\n                        <li>3 or more years of professional design experience</li>\n                        <li>have already graduated or are currently in any year of study</li>\n                        <li>Advanced degree or equivalent experience in graphic and web design</li>\n                    </ul>\n                </div>','',18,NULL,5,5,5,0,5,2600.00,5100.00,'monthly',1,10,4,2,99,0,9,'2024-10-29',1,'Botble\\JobBoard\\Models\\Account',0,0,0,'43.997965','-76.588899',0,0,1,1,'published','approved','2024-08-11 15:36:05','2024-09-18 03:10:55',NULL,NULL,NULL,NULL),(49,'Inside Account Manager','Vel amet commodi corporis delectus aut voluptatem. Et fugit illum eum ducimus labore repellat quia. Voluptas est sed quae cupiditate dolorum debitis. Sit beatae sed et ut mollitia.','<h5>Responsibilities</h5>\n                <div>\n                    <p>As a Product Designer, you will work within a Product Delivery Team fused with UX, engineering, product and data talent.</p>\n                    <ul>\n                        <li>Have sound knowledge of commercial activities.</li>\n                        <li>Build next-generation web applications with a focus on the client side</li>\n                        <li>Work on multiple projects at once, and consistently meet draft deadlines</li>\n                        <li>have already graduated or are currently in any year of study</li>\n                        <li>Revise the work of previous designers to create a unified aesthetic for our brand materials</li>\n                    </ul>\n                </div>\n                <h5>Qualification </h5>\n                <div>\n                    <ul>\n                        <li>B.C.A / M.C.A under National University course complete.</li>\n                        <li>3 or more years of professional design experience</li>\n                        <li>have already graduated or are currently in any year of study</li>\n                        <li>Advanced degree or equivalent experience in graphic and web design</li>\n                    </ul>\n                </div>','',15,NULL,4,4,4,0,2,9500.00,16300.00,'yearly',1,6,4,2,62,0,7,'2024-10-03',1,'Botble\\JobBoard\\Models\\Account',0,0,0,'42.786341','-75.655764',0,0,0,0,'published','approved','2024-08-18 05:49:19','2024-09-18 03:10:55',NULL,NULL,NULL,NULL),(50,'UX Jobs Board','Minima itaque veniam officia at accusamus illum. Consequatur veniam in sed est fugit nihil. Magni et voluptates a cumque dolore modi dolorem.','<h5>Responsibilities</h5>\n                <div>\n                    <p>As a Product Designer, you will work within a Product Delivery Team fused with UX, engineering, product and data talent.</p>\n                    <ul>\n                        <li>Have sound knowledge of commercial activities.</li>\n                        <li>Build next-generation web applications with a focus on the client side</li>\n                        <li>Work on multiple projects at once, and consistently meet draft deadlines</li>\n                        <li>have already graduated or are currently in any year of study</li>\n                        <li>Revise the work of previous designers to create a unified aesthetic for our brand materials</li>\n                    </ul>\n                </div>\n                <h5>Qualification </h5>\n                <div>\n                    <ul>\n                        <li>B.C.A / M.C.A under National University course complete.</li>\n                        <li>3 or more years of professional design experience</li>\n                        <li>have already graduated or are currently in any year of study</li>\n                        <li>Advanced degree or equivalent experience in graphic and web design</li>\n                    </ul>\n                </div>','',5,NULL,1,1,1,0,1,6500.00,12100.00,'yearly',0,2,1,2,36,0,2,'2024-11-01',1,'Botble\\JobBoard\\Models\\Account',0,0,0,'42.942028','-76.133938',0,0,0,1,'published','approved','2024-08-09 18:36:57','2024-09-18 03:10:55',NULL,NULL,NULL,NULL),(51,'Senior Laravel Developer (TALL Stack)','Voluptas alias corrupti fugit quasi aliquam ut. Et maiores nostrum accusantium nesciunt. Voluptates odio distinctio blanditiis voluptas. Dignissimos excepturi magni earum harum.','<h5>Responsibilities</h5>\n                <div>\n                    <p>As a Product Designer, you will work within a Product Delivery Team fused with UX, engineering, product and data talent.</p>\n                    <ul>\n                        <li>Have sound knowledge of commercial activities.</li>\n                        <li>Build next-generation web applications with a focus on the client side</li>\n                        <li>Work on multiple projects at once, and consistently meet draft deadlines</li>\n                        <li>have already graduated or are currently in any year of study</li>\n                        <li>Revise the work of previous designers to create a unified aesthetic for our brand materials</li>\n                    </ul>\n                </div>\n                <h5>Qualification </h5>\n                <div>\n                    <ul>\n                        <li>B.C.A / M.C.A under National University course complete.</li>\n                        <li>3 or more years of professional design experience</li>\n                        <li>have already graduated or are currently in any year of study</li>\n                        <li>Advanced degree or equivalent experience in graphic and web design</li>\n                    </ul>\n                </div>','',11,NULL,2,2,2,0,4,1600.00,2600.00,'monthly',0,3,1,5,57,0,9,'2024-11-06',1,'Botble\\JobBoard\\Models\\Account',0,0,0,'43.337652','-75.912986',0,0,1,1,'published','approved','2024-08-17 22:48:43','2024-09-18 03:10:55',NULL,NULL,NULL,NULL);

--
